{"id":41202,"date":"2026-03-17T10:14:24","date_gmt":"2026-03-17T09:14:24","guid":{"rendered":"https:\/\/wpe-encheres.com\/site\/produit\/videoprojecteur-de-marque-epson-modele-eb-2255u-37-unites-vendu-a-lunite-avec-faculte-de-reunion-localisation-6eme-etage-salle-601-salle-602-5eme-etage-salle-501-salle-502-salle-503-s\/"},"modified":"2026-03-17T10:14:27","modified_gmt":"2026-03-17T09:14:27","slug":"videoprojecteur-de-marque-epson-modele-eb-2255u-37-unites-vendu-a-lunite-avec-faculte-de-reunion-localisation-6eme-etage-salle-601-salle-602-5eme-etage-salle-501-salle-502-salle-503-s","status":"publish","type":"product","link":"https:\/\/wpe-encheres.com\/site\/produit\/videoprojecteur-de-marque-epson-modele-eb-2255u-37-unites-vendu-a-lunite-avec-faculte-de-reunion-localisation-6eme-etage-salle-601-salle-602-5eme-etage-salle-501-salle-502-salle-503-s\/","title":{"rendered":"Vid\u00e9oprojecteur de marque Epson mod\u00e8le EB-2255U. 37 unit\u00e9s. Vendu \u00e0 l&rsquo;unit\u00e9 avec facult\u00e9 de r\u00e9union. Localisation: 6\u00e8me \u00e9tage (salle 601 \/ salle 602), 5\u00e8me \u00e9tage (salle 501 \/ salle 502 \/ salle 503 \/ salle 504), 4\u00e8me \u00e9tage (salle 401 \/ salle 402 \/ salle 403 \/ salle 409 \/ salle ? \/ salle 410 \/ salle zone bleue), 3\u00e8me \u00e9tage (salle 302 \/ salle 305\/ +1 fond zone rouge\/ salle 304\/ salle 309 \/ zone vert bureau manager), 2\u00e8me \u00e9tage (salle 201 \/ salle 202\/ salle 203 \/ salle 204 \/ salle 205 \/ salle 206 \/ salle 207 \/ salle formation), 1er \u00e9tage (salle 101 \/ salle 102 \/ salle 103 \/ salle 104), Entresol (salle Am\u00e9rique  \/ Afrique  \/ caf\u00e9 codir \/ salle centre de ressource \/ bureau M. Caracalla, Auditorium"},"content":{"rendered":"<p>Vid\u00e9oprojecteur de marque Epson mod\u00e8le EB-2255U. 37 unit\u00e9s. Vendu \u00e0 l&rsquo;unit\u00e9 avec facult\u00e9 de r\u00e9union. Localisation: 6\u00e8me \u00e9tage (salle 601 \/ salle 602), 5\u00e8me \u00e9tage (salle 501 \/ salle 502 \/ salle 503 \/ salle 504), 4\u00e8me \u00e9tage (salle 401 \/ salle 402 \/ salle 403 \/ salle 409 \/ salle ? \/ salle 410 \/ salle zone bleue), 3\u00e8me \u00e9tage (salle 302 \/ salle 305\/ +1 fond zone rouge\/ salle 304\/ salle 309 \/ zone vert bureau manager), 2\u00e8me \u00e9tage (salle 201 \/ salle 202\/ salle 203 \/ salle 204 \/ salle 205 \/ salle 206 \/ salle 207 \/ salle formation), 1er \u00e9tage (salle 101 \/ salle 102 \/ salle 103 \/ salle 104), Entresol (salle Am\u00e9rique  \/ Afrique  \/ caf\u00e9 codir \/ salle centre de ressource \/ bureau M. Caracalla, Auditorium<\/p>\n","protected":false},"excerpt":{"rendered":"<p>Vid\u00e9oprojecteur de marque Epson mod\u00e8le EB-2255U. 37 unit\u00e9s. Vendu \u00e0 l&rsquo;unit\u00e9 avec facult\u00e9 de r\u00e9union. Localisation: 6\u00e8me \u00e9tage (salle 601 \/ salle 602), 5\u00e8me \u00e9tage (salle 501 \/ salle 502 \/ salle 503 \/ salle 504), 4\u00e8me \u00e9tage (salle 401 \/ salle 402 \/ salle&#8230;<\/p>\n","protected":false},"featured_media":39078,"template":"","meta":{"_acf_changed":false},"product_brand":[],"product_cat":[28],"product_tag":[74],"class_list":{"0":"post-41202","1":"product","2":"type-product","3":"status-publish","4":"has-post-thumbnail","6":"product_cat-electronique-informatique-image-son-et-telephonie","7":"product_tag-vente-05-mai-2026","9":"first","10":"instock","11":"product-type-simple"},"acf":[],"yoast_head":"<!-- This site is optimized with the Yoast SEO plugin v27.3 - https:\/\/yoast.com\/product\/yoast-seo-wordpress\/ -->\n<title>Vid\u00e9oprojecteur de marque Epson mod\u00e8le EB-2255U. 37 unit\u00e9s. Vendu \u00e0 l&#039;unit\u00e9 avec facult\u00e9 de r\u00e9union. Localisation: 6\u00e8me \u00e9tage (salle 601 \/ salle 602), 5\u00e8me \u00e9tage (salle 501 \/ salle 502 \/ salle 503 \/ salle 504), 4\u00e8me \u00e9tage (salle 401 \/ salle 402 \/ salle 403 \/ salle 409 \/ salle ? \/ salle 410 \/ salle zone bleue), 3\u00e8me \u00e9tage (salle 302 \/ salle 305\/ +1 fond zone rouge\/ salle 304\/ salle 309 \/ zone vert bureau manager), 2\u00e8me \u00e9tage (salle 201 \/ salle 202\/ salle 203 \/ salle 204 \/ salle 205 \/ salle 206 \/ salle 207 \/ salle formation), 1er \u00e9tage (salle 101 \/ salle 102 \/ salle 103 \/ salle 104), Entresol (salle Am\u00e9rique \/ Afrique \/ caf\u00e9 codir \/ salle centre de ressource \/ bureau M. Caracalla, Auditorium - wpe-encheres<\/title>\n<meta name=\"robots\" content=\"index, follow, max-snippet:-1, max-image-preview:large, max-video-preview:-1\" \/>\n<link rel=\"canonical\" href=\"https:\/\/wpe-encheres.com\/site\/produit\/videoprojecteur-de-marque-epson-modele-eb-2255u-37-unites-vendu-a-lunite-avec-faculte-de-reunion-localisation-6eme-etage-salle-601-salle-602-5eme-etage-salle-501-salle-502-salle-503-s\/\" \/>\n<meta property=\"og:locale\" content=\"fr_FR\" \/>\n<meta property=\"og:type\" content=\"article\" \/>\n<meta property=\"og:title\" content=\"Vid\u00e9oprojecteur de marque Epson mod\u00e8le EB-2255U. 37 unit\u00e9s. Vendu \u00e0 l&#039;unit\u00e9 avec facult\u00e9 de r\u00e9union. Localisation: 6\u00e8me \u00e9tage (salle 601 \/ salle 602), 5\u00e8me \u00e9tage (salle 501 \/ salle 502 \/ salle 503 \/ salle 504), 4\u00e8me \u00e9tage (salle 401 \/ salle 402 \/ salle 403 \/ salle 409 \/ salle ? \/ salle 410 \/ salle zone bleue), 3\u00e8me \u00e9tage (salle 302 \/ salle 305\/ +1 fond zone rouge\/ salle 304\/ salle 309 \/ zone vert bureau manager), 2\u00e8me \u00e9tage (salle 201 \/ salle 202\/ salle 203 \/ salle 204 \/ salle 205 \/ salle 206 \/ salle 207 \/ salle formation), 1er \u00e9tage (salle 101 \/ salle 102 \/ salle 103 \/ salle 104), Entresol (salle Am\u00e9rique \/ Afrique \/ caf\u00e9 codir \/ salle centre de ressource \/ bureau M. Caracalla, Auditorium - wpe-encheres\" \/>\n<meta property=\"og:description\" content=\"Vid\u00e9oprojecteur de marque Epson mod\u00e8le EB-2255U. 37 unit\u00e9s. Vendu \u00e0 l&rsquo;unit\u00e9 avec facult\u00e9 de r\u00e9union. Localisation: 6\u00e8me \u00e9tage (salle 601 \/ salle 602), 5\u00e8me \u00e9tage (salle 501 \/ salle 502 \/ salle 503 \/ salle 504), 4\u00e8me \u00e9tage (salle 401 \/ salle 402 \/ salle...\" \/>\n<meta property=\"og:url\" content=\"https:\/\/wpe-encheres.com\/site\/produit\/videoprojecteur-de-marque-epson-modele-eb-2255u-37-unites-vendu-a-lunite-avec-faculte-de-reunion-localisation-6eme-etage-salle-601-salle-602-5eme-etage-salle-501-salle-502-salle-503-s\/\" \/>\n<meta property=\"og:site_name\" content=\"wpe-encheres\" \/>\n<meta property=\"article:modified_time\" content=\"2026-03-17T09:14:27+00:00\" \/>\n<meta property=\"og:image\" content=\"https:\/\/wpe-encheres.com\/site\/wp-content\/uploads\/2026\/02\/6985fdc119718.jpg\" \/>\n\t<meta property=\"og:image:width\" content=\"616\" \/>\n\t<meta property=\"og:image:height\" content=\"464\" \/>\n\t<meta property=\"og:image:type\" content=\"image\/jpeg\" \/>\n<meta name=\"twitter:card\" content=\"summary_large_image\" \/>\n<script type=\"application\/ld+json\" class=\"yoast-schema-graph\">{\"@context\":\"https:\\\/\\\/schema.org\",\"@graph\":[{\"@type\":\"WebPage\",\"@id\":\"https:\\\/\\\/wpe-encheres.com\\\/site\\\/produit\\\/videoprojecteur-de-marque-epson-modele-eb-2255u-37-unites-vendu-a-lunite-avec-faculte-de-reunion-localisation-6eme-etage-salle-601-salle-602-5eme-etage-salle-501-salle-502-salle-503-s\\\/\",\"url\":\"https:\\\/\\\/wpe-encheres.com\\\/site\\\/produit\\\/videoprojecteur-de-marque-epson-modele-eb-2255u-37-unites-vendu-a-lunite-avec-faculte-de-reunion-localisation-6eme-etage-salle-601-salle-602-5eme-etage-salle-501-salle-502-salle-503-s\\\/\",\"name\":\"Vid\u00e9oprojecteur de marque Epson mod\u00e8le EB-2255U. 37 unit\u00e9s. Vendu \u00e0 l'unit\u00e9 avec facult\u00e9 de r\u00e9union. Localisation: 6\u00e8me \u00e9tage (salle 601 \\\/ salle 602), 5\u00e8me \u00e9tage (salle 501 \\\/ salle 502 \\\/ salle 503 \\\/ salle 504), 4\u00e8me \u00e9tage (salle 401 \\\/ salle 402 \\\/ salle 403 \\\/ salle 409 \\\/ salle ? \\\/ salle 410 \\\/ salle zone bleue), 3\u00e8me \u00e9tage (salle 302 \\\/ salle 305\\\/ +1 fond zone rouge\\\/ salle 304\\\/ salle 309 \\\/ zone vert bureau manager), 2\u00e8me \u00e9tage (salle 201 \\\/ salle 202\\\/ salle 203 \\\/ salle 204 \\\/ salle 205 \\\/ salle 206 \\\/ salle 207 \\\/ salle formation), 1er \u00e9tage (salle 101 \\\/ salle 102 \\\/ salle 103 \\\/ salle 104), Entresol (salle Am\u00e9rique \\\/ Afrique \\\/ caf\u00e9 codir \\\/ salle centre de ressource \\\/ bureau M. Caracalla, Auditorium - wpe-encheres\",\"isPartOf\":{\"@id\":\"https:\\\/\\\/wpe-encheres.com\\\/site\\\/#website\"},\"primaryImageOfPage\":{\"@id\":\"https:\\\/\\\/wpe-encheres.com\\\/site\\\/produit\\\/videoprojecteur-de-marque-epson-modele-eb-2255u-37-unites-vendu-a-lunite-avec-faculte-de-reunion-localisation-6eme-etage-salle-601-salle-602-5eme-etage-salle-501-salle-502-salle-503-s\\\/#primaryimage\"},\"image\":{\"@id\":\"https:\\\/\\\/wpe-encheres.com\\\/site\\\/produit\\\/videoprojecteur-de-marque-epson-modele-eb-2255u-37-unites-vendu-a-lunite-avec-faculte-de-reunion-localisation-6eme-etage-salle-601-salle-602-5eme-etage-salle-501-salle-502-salle-503-s\\\/#primaryimage\"},\"thumbnailUrl\":\"https:\\\/\\\/wpe-encheres.com\\\/site\\\/wp-content\\\/uploads\\\/2026\\\/02\\\/6985fdc119718.jpg\",\"datePublished\":\"2026-03-17T09:14:24+00:00\",\"dateModified\":\"2026-03-17T09:14:27+00:00\",\"breadcrumb\":{\"@id\":\"https:\\\/\\\/wpe-encheres.com\\\/site\\\/produit\\\/videoprojecteur-de-marque-epson-modele-eb-2255u-37-unites-vendu-a-lunite-avec-faculte-de-reunion-localisation-6eme-etage-salle-601-salle-602-5eme-etage-salle-501-salle-502-salle-503-s\\\/#breadcrumb\"},\"inLanguage\":\"fr-FR\",\"potentialAction\":[{\"@type\":\"ReadAction\",\"target\":[\"https:\\\/\\\/wpe-encheres.com\\\/site\\\/produit\\\/videoprojecteur-de-marque-epson-modele-eb-2255u-37-unites-vendu-a-lunite-avec-faculte-de-reunion-localisation-6eme-etage-salle-601-salle-602-5eme-etage-salle-501-salle-502-salle-503-s\\\/\"]}]},{\"@type\":\"ImageObject\",\"inLanguage\":\"fr-FR\",\"@id\":\"https:\\\/\\\/wpe-encheres.com\\\/site\\\/produit\\\/videoprojecteur-de-marque-epson-modele-eb-2255u-37-unites-vendu-a-lunite-avec-faculte-de-reunion-localisation-6eme-etage-salle-601-salle-602-5eme-etage-salle-501-salle-502-salle-503-s\\\/#primaryimage\",\"url\":\"https:\\\/\\\/wpe-encheres.com\\\/site\\\/wp-content\\\/uploads\\\/2026\\\/02\\\/6985fdc119718.jpg\",\"contentUrl\":\"https:\\\/\\\/wpe-encheres.com\\\/site\\\/wp-content\\\/uploads\\\/2026\\\/02\\\/6985fdc119718.jpg\",\"width\":616,\"height\":464},{\"@type\":\"BreadcrumbList\",\"@id\":\"https:\\\/\\\/wpe-encheres.com\\\/site\\\/produit\\\/videoprojecteur-de-marque-epson-modele-eb-2255u-37-unites-vendu-a-lunite-avec-faculte-de-reunion-localisation-6eme-etage-salle-601-salle-602-5eme-etage-salle-501-salle-502-salle-503-s\\\/#breadcrumb\",\"itemListElement\":[{\"@type\":\"ListItem\",\"position\":1,\"name\":\"Accueil\",\"item\":\"https:\\\/\\\/wpe-encheres.com\\\/site\\\/\"},{\"@type\":\"ListItem\",\"position\":2,\"name\":\"Boutique\",\"item\":\"https:\\\/\\\/wpe-encheres.com\\\/site\\\/?page_id=22765\"},{\"@type\":\"ListItem\",\"position\":3,\"name\":\"Vid\u00e9oprojecteur de marque Epson mod\u00e8le EB-2255U. 37 unit\u00e9s. Vendu \u00e0 l&rsquo;unit\u00e9 avec facult\u00e9 de r\u00e9union. Localisation: 6\u00e8me \u00e9tage (salle 601 \\\/ salle 602), 5\u00e8me \u00e9tage (salle 501 \\\/ salle 502 \\\/ salle 503 \\\/ salle 504), 4\u00e8me \u00e9tage (salle 401 \\\/ salle 402 \\\/ salle 403 \\\/ salle 409 \\\/ salle ? \\\/ salle 410 \\\/ salle zone bleue), 3\u00e8me \u00e9tage (salle 302 \\\/ salle 305\\\/ +1 fond zone rouge\\\/ salle 304\\\/ salle 309 \\\/ zone vert bureau manager), 2\u00e8me \u00e9tage (salle 201 \\\/ salle 202\\\/ salle 203 \\\/ salle 204 \\\/ salle 205 \\\/ salle 206 \\\/ salle 207 \\\/ salle formation), 1er \u00e9tage (salle 101 \\\/ salle 102 \\\/ salle 103 \\\/ salle 104), Entresol (salle Am\u00e9rique \\\/ Afrique \\\/ caf\u00e9 codir \\\/ salle centre de ressource \\\/ bureau M. Caracalla, Auditorium\"}]},{\"@type\":\"WebSite\",\"@id\":\"https:\\\/\\\/wpe-encheres.com\\\/site\\\/#website\",\"url\":\"https:\\\/\\\/wpe-encheres.com\\\/site\\\/\",\"name\":\"wpe-encheres\",\"description\":\"\",\"publisher\":{\"@id\":\"https:\\\/\\\/wpe-encheres.com\\\/site\\\/#organization\"},\"potentialAction\":[{\"@type\":\"SearchAction\",\"target\":{\"@type\":\"EntryPoint\",\"urlTemplate\":\"https:\\\/\\\/wpe-encheres.com\\\/site\\\/?s={search_term_string}\"},\"query-input\":{\"@type\":\"PropertyValueSpecification\",\"valueRequired\":true,\"valueName\":\"search_term_string\"}}],\"inLanguage\":\"fr-FR\"},{\"@type\":\"Organization\",\"@id\":\"https:\\\/\\\/wpe-encheres.com\\\/site\\\/#organization\",\"name\":\"wpe encheres\",\"url\":\"https:\\\/\\\/wpe-encheres.com\\\/site\\\/\",\"logo\":{\"@type\":\"ImageObject\",\"inLanguage\":\"fr-FR\",\"@id\":\"https:\\\/\\\/wpe-encheres.com\\\/site\\\/#\\\/schema\\\/logo\\\/image\\\/\",\"url\":\"https:\\\/\\\/wpe-encheres.com\\\/site\\\/wp-content\\\/uploads\\\/2025\\\/08\\\/wpe-encheres-logo.png\",\"contentUrl\":\"https:\\\/\\\/wpe-encheres.com\\\/site\\\/wp-content\\\/uploads\\\/2025\\\/08\\\/wpe-encheres-logo.png\",\"width\":300,\"height\":110,\"caption\":\"wpe encheres\"},\"image\":{\"@id\":\"https:\\\/\\\/wpe-encheres.com\\\/site\\\/#\\\/schema\\\/logo\\\/image\\\/\"}}]}<\/script>\n<!-- \/ Yoast SEO plugin. -->","yoast_head_json":{"title":"Vid\u00e9oprojecteur de marque Epson mod\u00e8le EB-2255U. 37 unit\u00e9s. Vendu \u00e0 l'unit\u00e9 avec facult\u00e9 de r\u00e9union. Localisation: 6\u00e8me \u00e9tage (salle 601 \/ salle 602), 5\u00e8me \u00e9tage (salle 501 \/ salle 502 \/ salle 503 \/ salle 504), 4\u00e8me \u00e9tage (salle 401 \/ salle 402 \/ salle 403 \/ salle 409 \/ salle ? \/ salle 410 \/ salle zone bleue), 3\u00e8me \u00e9tage (salle 302 \/ salle 305\/ +1 fond zone rouge\/ salle 304\/ salle 309 \/ zone vert bureau manager), 2\u00e8me \u00e9tage (salle 201 \/ salle 202\/ salle 203 \/ salle 204 \/ salle 205 \/ salle 206 \/ salle 207 \/ salle formation), 1er \u00e9tage (salle 101 \/ salle 102 \/ salle 103 \/ salle 104), Entresol (salle Am\u00e9rique \/ Afrique \/ caf\u00e9 codir \/ salle centre de ressource \/ bureau M. Caracalla, Auditorium - wpe-encheres","robots":{"index":"index","follow":"follow","max-snippet":"max-snippet:-1","max-image-preview":"max-image-preview:large","max-video-preview":"max-video-preview:-1"},"canonical":"https:\/\/wpe-encheres.com\/site\/produit\/videoprojecteur-de-marque-epson-modele-eb-2255u-37-unites-vendu-a-lunite-avec-faculte-de-reunion-localisation-6eme-etage-salle-601-salle-602-5eme-etage-salle-501-salle-502-salle-503-s\/","og_locale":"fr_FR","og_type":"article","og_title":"Vid\u00e9oprojecteur de marque Epson mod\u00e8le EB-2255U. 37 unit\u00e9s. Vendu \u00e0 l'unit\u00e9 avec facult\u00e9 de r\u00e9union. Localisation: 6\u00e8me \u00e9tage (salle 601 \/ salle 602), 5\u00e8me \u00e9tage (salle 501 \/ salle 502 \/ salle 503 \/ salle 504), 4\u00e8me \u00e9tage (salle 401 \/ salle 402 \/ salle 403 \/ salle 409 \/ salle ? \/ salle 410 \/ salle zone bleue), 3\u00e8me \u00e9tage (salle 302 \/ salle 305\/ +1 fond zone rouge\/ salle 304\/ salle 309 \/ zone vert bureau manager), 2\u00e8me \u00e9tage (salle 201 \/ salle 202\/ salle 203 \/ salle 204 \/ salle 205 \/ salle 206 \/ salle 207 \/ salle formation), 1er \u00e9tage (salle 101 \/ salle 102 \/ salle 103 \/ salle 104), Entresol (salle Am\u00e9rique \/ Afrique \/ caf\u00e9 codir \/ salle centre de ressource \/ bureau M. Caracalla, Auditorium - wpe-encheres","og_description":"Vid\u00e9oprojecteur de marque Epson mod\u00e8le EB-2255U. 37 unit\u00e9s. Vendu \u00e0 l&rsquo;unit\u00e9 avec facult\u00e9 de r\u00e9union. Localisation: 6\u00e8me \u00e9tage (salle 601 \/ salle 602), 5\u00e8me \u00e9tage (salle 501 \/ salle 502 \/ salle 503 \/ salle 504), 4\u00e8me \u00e9tage (salle 401 \/ salle 402 \/ salle...","og_url":"https:\/\/wpe-encheres.com\/site\/produit\/videoprojecteur-de-marque-epson-modele-eb-2255u-37-unites-vendu-a-lunite-avec-faculte-de-reunion-localisation-6eme-etage-salle-601-salle-602-5eme-etage-salle-501-salle-502-salle-503-s\/","og_site_name":"wpe-encheres","article_modified_time":"2026-03-17T09:14:27+00:00","og_image":[{"width":616,"height":464,"url":"https:\/\/wpe-encheres.com\/site\/wp-content\/uploads\/2026\/02\/6985fdc119718.jpg","type":"image\/jpeg"}],"twitter_card":"summary_large_image","schema":{"@context":"https:\/\/schema.org","@graph":[{"@type":"WebPage","@id":"https:\/\/wpe-encheres.com\/site\/produit\/videoprojecteur-de-marque-epson-modele-eb-2255u-37-unites-vendu-a-lunite-avec-faculte-de-reunion-localisation-6eme-etage-salle-601-salle-602-5eme-etage-salle-501-salle-502-salle-503-s\/","url":"https:\/\/wpe-encheres.com\/site\/produit\/videoprojecteur-de-marque-epson-modele-eb-2255u-37-unites-vendu-a-lunite-avec-faculte-de-reunion-localisation-6eme-etage-salle-601-salle-602-5eme-etage-salle-501-salle-502-salle-503-s\/","name":"Vid\u00e9oprojecteur de marque Epson mod\u00e8le EB-2255U. 37 unit\u00e9s. Vendu \u00e0 l'unit\u00e9 avec facult\u00e9 de r\u00e9union. Localisation: 6\u00e8me \u00e9tage (salle 601 \/ salle 602), 5\u00e8me \u00e9tage (salle 501 \/ salle 502 \/ salle 503 \/ salle 504), 4\u00e8me \u00e9tage (salle 401 \/ salle 402 \/ salle 403 \/ salle 409 \/ salle ? \/ salle 410 \/ salle zone bleue), 3\u00e8me \u00e9tage (salle 302 \/ salle 305\/ +1 fond zone rouge\/ salle 304\/ salle 309 \/ zone vert bureau manager), 2\u00e8me \u00e9tage (salle 201 \/ salle 202\/ salle 203 \/ salle 204 \/ salle 205 \/ salle 206 \/ salle 207 \/ salle formation), 1er \u00e9tage (salle 101 \/ salle 102 \/ salle 103 \/ salle 104), Entresol (salle Am\u00e9rique \/ Afrique \/ caf\u00e9 codir \/ salle centre de ressource \/ bureau M. Caracalla, Auditorium - wpe-encheres","isPartOf":{"@id":"https:\/\/wpe-encheres.com\/site\/#website"},"primaryImageOfPage":{"@id":"https:\/\/wpe-encheres.com\/site\/produit\/videoprojecteur-de-marque-epson-modele-eb-2255u-37-unites-vendu-a-lunite-avec-faculte-de-reunion-localisation-6eme-etage-salle-601-salle-602-5eme-etage-salle-501-salle-502-salle-503-s\/#primaryimage"},"image":{"@id":"https:\/\/wpe-encheres.com\/site\/produit\/videoprojecteur-de-marque-epson-modele-eb-2255u-37-unites-vendu-a-lunite-avec-faculte-de-reunion-localisation-6eme-etage-salle-601-salle-602-5eme-etage-salle-501-salle-502-salle-503-s\/#primaryimage"},"thumbnailUrl":"https:\/\/wpe-encheres.com\/site\/wp-content\/uploads\/2026\/02\/6985fdc119718.jpg","datePublished":"2026-03-17T09:14:24+00:00","dateModified":"2026-03-17T09:14:27+00:00","breadcrumb":{"@id":"https:\/\/wpe-encheres.com\/site\/produit\/videoprojecteur-de-marque-epson-modele-eb-2255u-37-unites-vendu-a-lunite-avec-faculte-de-reunion-localisation-6eme-etage-salle-601-salle-602-5eme-etage-salle-501-salle-502-salle-503-s\/#breadcrumb"},"inLanguage":"fr-FR","potentialAction":[{"@type":"ReadAction","target":["https:\/\/wpe-encheres.com\/site\/produit\/videoprojecteur-de-marque-epson-modele-eb-2255u-37-unites-vendu-a-lunite-avec-faculte-de-reunion-localisation-6eme-etage-salle-601-salle-602-5eme-etage-salle-501-salle-502-salle-503-s\/"]}]},{"@type":"ImageObject","inLanguage":"fr-FR","@id":"https:\/\/wpe-encheres.com\/site\/produit\/videoprojecteur-de-marque-epson-modele-eb-2255u-37-unites-vendu-a-lunite-avec-faculte-de-reunion-localisation-6eme-etage-salle-601-salle-602-5eme-etage-salle-501-salle-502-salle-503-s\/#primaryimage","url":"https:\/\/wpe-encheres.com\/site\/wp-content\/uploads\/2026\/02\/6985fdc119718.jpg","contentUrl":"https:\/\/wpe-encheres.com\/site\/wp-content\/uploads\/2026\/02\/6985fdc119718.jpg","width":616,"height":464},{"@type":"BreadcrumbList","@id":"https:\/\/wpe-encheres.com\/site\/produit\/videoprojecteur-de-marque-epson-modele-eb-2255u-37-unites-vendu-a-lunite-avec-faculte-de-reunion-localisation-6eme-etage-salle-601-salle-602-5eme-etage-salle-501-salle-502-salle-503-s\/#breadcrumb","itemListElement":[{"@type":"ListItem","position":1,"name":"Accueil","item":"https:\/\/wpe-encheres.com\/site\/"},{"@type":"ListItem","position":2,"name":"Boutique","item":"https:\/\/wpe-encheres.com\/site\/?page_id=22765"},{"@type":"ListItem","position":3,"name":"Vid\u00e9oprojecteur de marque Epson mod\u00e8le EB-2255U. 37 unit\u00e9s. Vendu \u00e0 l&rsquo;unit\u00e9 avec facult\u00e9 de r\u00e9union. Localisation: 6\u00e8me \u00e9tage (salle 601 \/ salle 602), 5\u00e8me \u00e9tage (salle 501 \/ salle 502 \/ salle 503 \/ salle 504), 4\u00e8me \u00e9tage (salle 401 \/ salle 402 \/ salle 403 \/ salle 409 \/ salle ? \/ salle 410 \/ salle zone bleue), 3\u00e8me \u00e9tage (salle 302 \/ salle 305\/ +1 fond zone rouge\/ salle 304\/ salle 309 \/ zone vert bureau manager), 2\u00e8me \u00e9tage (salle 201 \/ salle 202\/ salle 203 \/ salle 204 \/ salle 205 \/ salle 206 \/ salle 207 \/ salle formation), 1er \u00e9tage (salle 101 \/ salle 102 \/ salle 103 \/ salle 104), Entresol (salle Am\u00e9rique \/ Afrique \/ caf\u00e9 codir \/ salle centre de ressource \/ bureau M. Caracalla, Auditorium"}]},{"@type":"WebSite","@id":"https:\/\/wpe-encheres.com\/site\/#website","url":"https:\/\/wpe-encheres.com\/site\/","name":"wpe-encheres","description":"","publisher":{"@id":"https:\/\/wpe-encheres.com\/site\/#organization"},"potentialAction":[{"@type":"SearchAction","target":{"@type":"EntryPoint","urlTemplate":"https:\/\/wpe-encheres.com\/site\/?s={search_term_string}"},"query-input":{"@type":"PropertyValueSpecification","valueRequired":true,"valueName":"search_term_string"}}],"inLanguage":"fr-FR"},{"@type":"Organization","@id":"https:\/\/wpe-encheres.com\/site\/#organization","name":"wpe encheres","url":"https:\/\/wpe-encheres.com\/site\/","logo":{"@type":"ImageObject","inLanguage":"fr-FR","@id":"https:\/\/wpe-encheres.com\/site\/#\/schema\/logo\/image\/","url":"https:\/\/wpe-encheres.com\/site\/wp-content\/uploads\/2025\/08\/wpe-encheres-logo.png","contentUrl":"https:\/\/wpe-encheres.com\/site\/wp-content\/uploads\/2025\/08\/wpe-encheres-logo.png","width":300,"height":110,"caption":"wpe encheres"},"image":{"@id":"https:\/\/wpe-encheres.com\/site\/#\/schema\/logo\/image\/"}}]}},"_links":{"self":[{"href":"https:\/\/wpe-encheres.com\/site\/wp-json\/wp\/v2\/product\/41202","targetHints":{"allow":["GET"]}}],"collection":[{"href":"https:\/\/wpe-encheres.com\/site\/wp-json\/wp\/v2\/product"}],"about":[{"href":"https:\/\/wpe-encheres.com\/site\/wp-json\/wp\/v2\/types\/product"}],"wp:featuredmedia":[{"embeddable":true,"href":"https:\/\/wpe-encheres.com\/site\/wp-json\/wp\/v2\/media\/39078"}],"wp:attachment":[{"href":"https:\/\/wpe-encheres.com\/site\/wp-json\/wp\/v2\/media?parent=41202"}],"wp:term":[{"taxonomy":"product_brand","embeddable":true,"href":"https:\/\/wpe-encheres.com\/site\/wp-json\/wp\/v2\/product_brand?post=41202"},{"taxonomy":"product_cat","embeddable":true,"href":"https:\/\/wpe-encheres.com\/site\/wp-json\/wp\/v2\/product_cat?post=41202"},{"taxonomy":"product_tag","embeddable":true,"href":"https:\/\/wpe-encheres.com\/site\/wp-json\/wp\/v2\/product_tag?post=41202"}],"curies":[{"name":"wp","href":"https:\/\/api.w.org\/{rel}","templated":true}]}}