{"id":38983,"date":"2026-02-06T16:36:24","date_gmt":"2026-02-06T15:36:24","guid":{"rendered":"https:\/\/wpe-encheres.com\/site\/produit\/chaise-haute-pivotante-design-altherr-lievore-molina-modele-lottus-edition-enea-coque-en-polypropylene-gris-anthracite-pietement-oblique-en-acier-laque-gris-avec-repose-pied-en-acier-chrome-99-x-44\/"},"modified":"2026-02-10T20:27:03","modified_gmt":"2026-02-10T19:27:03","slug":"chaise-haute-pivotante-design-altherr-lievore-molina-modele-lottus-edition-enea-coque-en-polypropylene-gris-anthracite-pietement-oblique-en-acier-laque-gris-avec-repose-pied-en-acier-chrome-99-x-44","status":"publish","type":"product","link":"https:\/\/wpe-encheres.com\/site\/produit\/chaise-haute-pivotante-design-altherr-lievore-molina-modele-lottus-edition-enea-coque-en-polypropylene-gris-anthracite-pietement-oblique-en-acier-laque-gris-avec-repose-pied-en-acier-chrome-99-x-44\/","title":{"rendered":"Chaise haute pivotante design Altherr Lievore Molina mod\u00e8le Lottus \u00e9dition Enea, coque en polypropyl\u00e8ne gris anthracite, pi\u00e9tement oblique en acier laqu\u00e9 gris avec repose-pied en acier chrom\u00e9. 99 x 44 x 45 cm. 76 unit\u00e9s. Localisation: 5\u00e8me \u00e9tage (20 unit\u00e9s) \/ 4\u00e8me \u00e9tage (6 unit\u00e9s) \/ 3\u00e8me \u00e9tage (6 unit\u00e9s) \/ 2\u00e8me \u00e9tage (6 unit\u00e9s) \/ 1er cafet (33 unit\u00e9s) \/ Accueil (3 unit\u00e9s) \/ Auditorium (2 unit\u00e9s)"},"content":{"rendered":"<p>Chaise haute pivotante design Altherr Lievore Molina mod\u00e8le Lottus \u00e9dition Enea, coque en polypropyl\u00e8ne gris anthracite, pi\u00e9tement oblique en acier laqu\u00e9 gris avec repose-pied en acier chrom\u00e9. 99 x 44 x 45 cm. 76 unit\u00e9s. Localisation: 5\u00e8me \u00e9tage (20 unit\u00e9s) \/ 4\u00e8me \u00e9tage (6 unit\u00e9s) \/ 3\u00e8me \u00e9tage (6 unit\u00e9s) \/ 2\u00e8me \u00e9tage (6 unit\u00e9s) \/ 1er cafet (33 unit\u00e9s) \/ Accueil (3 unit\u00e9s) \/ Auditorium (2 unit\u00e9s)<\/p>\n","protected":false},"excerpt":{"rendered":"<p>Chaise haute pivotante design Altherr Lievore Molina mod\u00e8le Lottus \u00e9dition Enea, coque en polypropyl\u00e8ne gris anthracite, pi\u00e9tement oblique en acier laqu\u00e9 gris avec repose-pied en acier chrom\u00e9. 99 x 44 x 45 cm. 76 unit\u00e9s. Localisation: 5\u00e8me \u00e9tage (20 unit\u00e9s) \/ 4\u00e8me \u00e9tage (6 unit\u00e9s)&#8230;<\/p>\n","protected":false},"featured_media":38984,"template":"","meta":{"_acf_changed":false},"product_brand":[],"product_cat":[22],"product_tag":[70],"class_list":{"0":"post-38983","1":"product","2":"type-product","3":"status-publish","4":"has-post-thumbnail","6":"product_cat-mobilier-design-haut-de-gamme","7":"product_tag-vente-privee-fev2026","9":"first","10":"instock","11":"product-type-simple"},"acf":[],"yoast_head":"<!-- This site is optimized with the Yoast SEO plugin v27.3 - https:\/\/yoast.com\/product\/yoast-seo-wordpress\/ -->\n<title>Chaise haute pivotante design Altherr Lievore Molina mod\u00e8le Lottus \u00e9dition Enea, coque en polypropyl\u00e8ne gris anthracite, pi\u00e9tement oblique en acier laqu\u00e9 gris avec repose-pied en acier chrom\u00e9. 99 x 44 x 45 cm. 76 unit\u00e9s. Localisation: 5\u00e8me \u00e9tage (20 unit\u00e9s) \/ 4\u00e8me \u00e9tage (6 unit\u00e9s) \/ 3\u00e8me \u00e9tage (6 unit\u00e9s) \/ 2\u00e8me \u00e9tage (6 unit\u00e9s) \/ 1er cafet (33 unit\u00e9s) \/ Accueil (3 unit\u00e9s) \/ Auditorium (2 unit\u00e9s) - wpe-encheres<\/title>\n<meta name=\"robots\" content=\"index, follow, max-snippet:-1, max-image-preview:large, max-video-preview:-1\" \/>\n<link rel=\"canonical\" href=\"https:\/\/wpe-encheres.com\/site\/produit\/chaise-haute-pivotante-design-altherr-lievore-molina-modele-lottus-edition-enea-coque-en-polypropylene-gris-anthracite-pietement-oblique-en-acier-laque-gris-avec-repose-pied-en-acier-chrome-99-x-44\/\" \/>\n<meta property=\"og:locale\" content=\"fr_FR\" \/>\n<meta property=\"og:type\" content=\"article\" \/>\n<meta property=\"og:title\" content=\"Chaise haute pivotante design Altherr Lievore Molina mod\u00e8le Lottus \u00e9dition Enea, coque en polypropyl\u00e8ne gris anthracite, pi\u00e9tement oblique en acier laqu\u00e9 gris avec repose-pied en acier chrom\u00e9. 99 x 44 x 45 cm. 76 unit\u00e9s. Localisation: 5\u00e8me \u00e9tage (20 unit\u00e9s) \/ 4\u00e8me \u00e9tage (6 unit\u00e9s) \/ 3\u00e8me \u00e9tage (6 unit\u00e9s) \/ 2\u00e8me \u00e9tage (6 unit\u00e9s) \/ 1er cafet (33 unit\u00e9s) \/ Accueil (3 unit\u00e9s) \/ Auditorium (2 unit\u00e9s) - wpe-encheres\" \/>\n<meta property=\"og:description\" content=\"Chaise haute pivotante design Altherr Lievore Molina mod\u00e8le Lottus \u00e9dition Enea, coque en polypropyl\u00e8ne gris anthracite, pi\u00e9tement oblique en acier laqu\u00e9 gris avec repose-pied en acier chrom\u00e9. 99 x 44 x 45 cm. 76 unit\u00e9s. Localisation: 5\u00e8me \u00e9tage (20 unit\u00e9s) \/ 4\u00e8me \u00e9tage (6 unit\u00e9s)...\" \/>\n<meta property=\"og:url\" content=\"https:\/\/wpe-encheres.com\/site\/produit\/chaise-haute-pivotante-design-altherr-lievore-molina-modele-lottus-edition-enea-coque-en-polypropylene-gris-anthracite-pietement-oblique-en-acier-laque-gris-avec-repose-pied-en-acier-chrome-99-x-44\/\" \/>\n<meta property=\"og:site_name\" content=\"wpe-encheres\" \/>\n<meta property=\"article:modified_time\" content=\"2026-02-10T19:27:03+00:00\" \/>\n<meta property=\"og:image\" content=\"https:\/\/wpe-encheres.com\/site\/wp-content\/uploads\/2026\/02\/6985fd9a3cf8d.jpg\" \/>\n\t<meta property=\"og:image:width\" content=\"524\" \/>\n\t<meta property=\"og:image:height\" content=\"892\" \/>\n\t<meta property=\"og:image:type\" content=\"image\/jpeg\" \/>\n<meta name=\"twitter:card\" content=\"summary_large_image\" \/>\n<script type=\"application\/ld+json\" class=\"yoast-schema-graph\">{\"@context\":\"https:\\\/\\\/schema.org\",\"@graph\":[{\"@type\":\"WebPage\",\"@id\":\"https:\\\/\\\/wpe-encheres.com\\\/site\\\/produit\\\/chaise-haute-pivotante-design-altherr-lievore-molina-modele-lottus-edition-enea-coque-en-polypropylene-gris-anthracite-pietement-oblique-en-acier-laque-gris-avec-repose-pied-en-acier-chrome-99-x-44\\\/\",\"url\":\"https:\\\/\\\/wpe-encheres.com\\\/site\\\/produit\\\/chaise-haute-pivotante-design-altherr-lievore-molina-modele-lottus-edition-enea-coque-en-polypropylene-gris-anthracite-pietement-oblique-en-acier-laque-gris-avec-repose-pied-en-acier-chrome-99-x-44\\\/\",\"name\":\"Chaise haute pivotante design Altherr Lievore Molina mod\u00e8le Lottus \u00e9dition Enea, coque en polypropyl\u00e8ne gris anthracite, pi\u00e9tement oblique en acier laqu\u00e9 gris avec repose-pied en acier chrom\u00e9. 99 x 44 x 45 cm. 76 unit\u00e9s. Localisation: 5\u00e8me \u00e9tage (20 unit\u00e9s) \\\/ 4\u00e8me \u00e9tage (6 unit\u00e9s) \\\/ 3\u00e8me \u00e9tage (6 unit\u00e9s) \\\/ 2\u00e8me \u00e9tage (6 unit\u00e9s) \\\/ 1er cafet (33 unit\u00e9s) \\\/ Accueil (3 unit\u00e9s) \\\/ Auditorium (2 unit\u00e9s) - wpe-encheres\",\"isPartOf\":{\"@id\":\"https:\\\/\\\/wpe-encheres.com\\\/site\\\/#website\"},\"primaryImageOfPage\":{\"@id\":\"https:\\\/\\\/wpe-encheres.com\\\/site\\\/produit\\\/chaise-haute-pivotante-design-altherr-lievore-molina-modele-lottus-edition-enea-coque-en-polypropylene-gris-anthracite-pietement-oblique-en-acier-laque-gris-avec-repose-pied-en-acier-chrome-99-x-44\\\/#primaryimage\"},\"image\":{\"@id\":\"https:\\\/\\\/wpe-encheres.com\\\/site\\\/produit\\\/chaise-haute-pivotante-design-altherr-lievore-molina-modele-lottus-edition-enea-coque-en-polypropylene-gris-anthracite-pietement-oblique-en-acier-laque-gris-avec-repose-pied-en-acier-chrome-99-x-44\\\/#primaryimage\"},\"thumbnailUrl\":\"https:\\\/\\\/wpe-encheres.com\\\/site\\\/wp-content\\\/uploads\\\/2026\\\/02\\\/6985fd9a3cf8d.jpg\",\"datePublished\":\"2026-02-06T15:36:24+00:00\",\"dateModified\":\"2026-02-10T19:27:03+00:00\",\"breadcrumb\":{\"@id\":\"https:\\\/\\\/wpe-encheres.com\\\/site\\\/produit\\\/chaise-haute-pivotante-design-altherr-lievore-molina-modele-lottus-edition-enea-coque-en-polypropylene-gris-anthracite-pietement-oblique-en-acier-laque-gris-avec-repose-pied-en-acier-chrome-99-x-44\\\/#breadcrumb\"},\"inLanguage\":\"fr-FR\",\"potentialAction\":[{\"@type\":\"ReadAction\",\"target\":[\"https:\\\/\\\/wpe-encheres.com\\\/site\\\/produit\\\/chaise-haute-pivotante-design-altherr-lievore-molina-modele-lottus-edition-enea-coque-en-polypropylene-gris-anthracite-pietement-oblique-en-acier-laque-gris-avec-repose-pied-en-acier-chrome-99-x-44\\\/\"]}]},{\"@type\":\"ImageObject\",\"inLanguage\":\"fr-FR\",\"@id\":\"https:\\\/\\\/wpe-encheres.com\\\/site\\\/produit\\\/chaise-haute-pivotante-design-altherr-lievore-molina-modele-lottus-edition-enea-coque-en-polypropylene-gris-anthracite-pietement-oblique-en-acier-laque-gris-avec-repose-pied-en-acier-chrome-99-x-44\\\/#primaryimage\",\"url\":\"https:\\\/\\\/wpe-encheres.com\\\/site\\\/wp-content\\\/uploads\\\/2026\\\/02\\\/6985fd9a3cf8d.jpg\",\"contentUrl\":\"https:\\\/\\\/wpe-encheres.com\\\/site\\\/wp-content\\\/uploads\\\/2026\\\/02\\\/6985fd9a3cf8d.jpg\",\"width\":524,\"height\":892},{\"@type\":\"BreadcrumbList\",\"@id\":\"https:\\\/\\\/wpe-encheres.com\\\/site\\\/produit\\\/chaise-haute-pivotante-design-altherr-lievore-molina-modele-lottus-edition-enea-coque-en-polypropylene-gris-anthracite-pietement-oblique-en-acier-laque-gris-avec-repose-pied-en-acier-chrome-99-x-44\\\/#breadcrumb\",\"itemListElement\":[{\"@type\":\"ListItem\",\"position\":1,\"name\":\"Accueil\",\"item\":\"https:\\\/\\\/wpe-encheres.com\\\/site\\\/\"},{\"@type\":\"ListItem\",\"position\":2,\"name\":\"Boutique\",\"item\":\"https:\\\/\\\/wpe-encheres.com\\\/site\\\/?page_id=22765\"},{\"@type\":\"ListItem\",\"position\":3,\"name\":\"Chaise haute pivotante design Altherr Lievore Molina mod\u00e8le Lottus \u00e9dition Enea, coque en polypropyl\u00e8ne gris anthracite, pi\u00e9tement oblique en acier laqu\u00e9 gris avec repose-pied en acier chrom\u00e9. 99 x 44 x 45 cm. 76 unit\u00e9s. Localisation: 5\u00e8me \u00e9tage (20 unit\u00e9s) \\\/ 4\u00e8me \u00e9tage (6 unit\u00e9s) \\\/ 3\u00e8me \u00e9tage (6 unit\u00e9s) \\\/ 2\u00e8me \u00e9tage (6 unit\u00e9s) \\\/ 1er cafet (33 unit\u00e9s) \\\/ Accueil (3 unit\u00e9s) \\\/ Auditorium (2 unit\u00e9s)\"}]},{\"@type\":\"WebSite\",\"@id\":\"https:\\\/\\\/wpe-encheres.com\\\/site\\\/#website\",\"url\":\"https:\\\/\\\/wpe-encheres.com\\\/site\\\/\",\"name\":\"wpe-encheres\",\"description\":\"\",\"publisher\":{\"@id\":\"https:\\\/\\\/wpe-encheres.com\\\/site\\\/#organization\"},\"potentialAction\":[{\"@type\":\"SearchAction\",\"target\":{\"@type\":\"EntryPoint\",\"urlTemplate\":\"https:\\\/\\\/wpe-encheres.com\\\/site\\\/?s={search_term_string}\"},\"query-input\":{\"@type\":\"PropertyValueSpecification\",\"valueRequired\":true,\"valueName\":\"search_term_string\"}}],\"inLanguage\":\"fr-FR\"},{\"@type\":\"Organization\",\"@id\":\"https:\\\/\\\/wpe-encheres.com\\\/site\\\/#organization\",\"name\":\"wpe encheres\",\"url\":\"https:\\\/\\\/wpe-encheres.com\\\/site\\\/\",\"logo\":{\"@type\":\"ImageObject\",\"inLanguage\":\"fr-FR\",\"@id\":\"https:\\\/\\\/wpe-encheres.com\\\/site\\\/#\\\/schema\\\/logo\\\/image\\\/\",\"url\":\"https:\\\/\\\/wpe-encheres.com\\\/site\\\/wp-content\\\/uploads\\\/2025\\\/08\\\/wpe-encheres-logo.png\",\"contentUrl\":\"https:\\\/\\\/wpe-encheres.com\\\/site\\\/wp-content\\\/uploads\\\/2025\\\/08\\\/wpe-encheres-logo.png\",\"width\":300,\"height\":110,\"caption\":\"wpe encheres\"},\"image\":{\"@id\":\"https:\\\/\\\/wpe-encheres.com\\\/site\\\/#\\\/schema\\\/logo\\\/image\\\/\"}}]}<\/script>\n<!-- \/ Yoast SEO plugin. -->","yoast_head_json":{"title":"Chaise haute pivotante design Altherr Lievore Molina mod\u00e8le Lottus \u00e9dition Enea, coque en polypropyl\u00e8ne gris anthracite, pi\u00e9tement oblique en acier laqu\u00e9 gris avec repose-pied en acier chrom\u00e9. 99 x 44 x 45 cm. 76 unit\u00e9s. Localisation: 5\u00e8me \u00e9tage (20 unit\u00e9s) \/ 4\u00e8me \u00e9tage (6 unit\u00e9s) \/ 3\u00e8me \u00e9tage (6 unit\u00e9s) \/ 2\u00e8me \u00e9tage (6 unit\u00e9s) \/ 1er cafet (33 unit\u00e9s) \/ Accueil (3 unit\u00e9s) \/ Auditorium (2 unit\u00e9s) - wpe-encheres","robots":{"index":"index","follow":"follow","max-snippet":"max-snippet:-1","max-image-preview":"max-image-preview:large","max-video-preview":"max-video-preview:-1"},"canonical":"https:\/\/wpe-encheres.com\/site\/produit\/chaise-haute-pivotante-design-altherr-lievore-molina-modele-lottus-edition-enea-coque-en-polypropylene-gris-anthracite-pietement-oblique-en-acier-laque-gris-avec-repose-pied-en-acier-chrome-99-x-44\/","og_locale":"fr_FR","og_type":"article","og_title":"Chaise haute pivotante design Altherr Lievore Molina mod\u00e8le Lottus \u00e9dition Enea, coque en polypropyl\u00e8ne gris anthracite, pi\u00e9tement oblique en acier laqu\u00e9 gris avec repose-pied en acier chrom\u00e9. 99 x 44 x 45 cm. 76 unit\u00e9s. Localisation: 5\u00e8me \u00e9tage (20 unit\u00e9s) \/ 4\u00e8me \u00e9tage (6 unit\u00e9s) \/ 3\u00e8me \u00e9tage (6 unit\u00e9s) \/ 2\u00e8me \u00e9tage (6 unit\u00e9s) \/ 1er cafet (33 unit\u00e9s) \/ Accueil (3 unit\u00e9s) \/ Auditorium (2 unit\u00e9s) - wpe-encheres","og_description":"Chaise haute pivotante design Altherr Lievore Molina mod\u00e8le Lottus \u00e9dition Enea, coque en polypropyl\u00e8ne gris anthracite, pi\u00e9tement oblique en acier laqu\u00e9 gris avec repose-pied en acier chrom\u00e9. 99 x 44 x 45 cm. 76 unit\u00e9s. Localisation: 5\u00e8me \u00e9tage (20 unit\u00e9s) \/ 4\u00e8me \u00e9tage (6 unit\u00e9s)...","og_url":"https:\/\/wpe-encheres.com\/site\/produit\/chaise-haute-pivotante-design-altherr-lievore-molina-modele-lottus-edition-enea-coque-en-polypropylene-gris-anthracite-pietement-oblique-en-acier-laque-gris-avec-repose-pied-en-acier-chrome-99-x-44\/","og_site_name":"wpe-encheres","article_modified_time":"2026-02-10T19:27:03+00:00","og_image":[{"width":524,"height":892,"url":"https:\/\/wpe-encheres.com\/site\/wp-content\/uploads\/2026\/02\/6985fd9a3cf8d.jpg","type":"image\/jpeg"}],"twitter_card":"summary_large_image","schema":{"@context":"https:\/\/schema.org","@graph":[{"@type":"WebPage","@id":"https:\/\/wpe-encheres.com\/site\/produit\/chaise-haute-pivotante-design-altherr-lievore-molina-modele-lottus-edition-enea-coque-en-polypropylene-gris-anthracite-pietement-oblique-en-acier-laque-gris-avec-repose-pied-en-acier-chrome-99-x-44\/","url":"https:\/\/wpe-encheres.com\/site\/produit\/chaise-haute-pivotante-design-altherr-lievore-molina-modele-lottus-edition-enea-coque-en-polypropylene-gris-anthracite-pietement-oblique-en-acier-laque-gris-avec-repose-pied-en-acier-chrome-99-x-44\/","name":"Chaise haute pivotante design Altherr Lievore Molina mod\u00e8le Lottus \u00e9dition Enea, coque en polypropyl\u00e8ne gris anthracite, pi\u00e9tement oblique en acier laqu\u00e9 gris avec repose-pied en acier chrom\u00e9. 99 x 44 x 45 cm. 76 unit\u00e9s. Localisation: 5\u00e8me \u00e9tage (20 unit\u00e9s) \/ 4\u00e8me \u00e9tage (6 unit\u00e9s) \/ 3\u00e8me \u00e9tage (6 unit\u00e9s) \/ 2\u00e8me \u00e9tage (6 unit\u00e9s) \/ 1er cafet (33 unit\u00e9s) \/ Accueil (3 unit\u00e9s) \/ Auditorium (2 unit\u00e9s) - wpe-encheres","isPartOf":{"@id":"https:\/\/wpe-encheres.com\/site\/#website"},"primaryImageOfPage":{"@id":"https:\/\/wpe-encheres.com\/site\/produit\/chaise-haute-pivotante-design-altherr-lievore-molina-modele-lottus-edition-enea-coque-en-polypropylene-gris-anthracite-pietement-oblique-en-acier-laque-gris-avec-repose-pied-en-acier-chrome-99-x-44\/#primaryimage"},"image":{"@id":"https:\/\/wpe-encheres.com\/site\/produit\/chaise-haute-pivotante-design-altherr-lievore-molina-modele-lottus-edition-enea-coque-en-polypropylene-gris-anthracite-pietement-oblique-en-acier-laque-gris-avec-repose-pied-en-acier-chrome-99-x-44\/#primaryimage"},"thumbnailUrl":"https:\/\/wpe-encheres.com\/site\/wp-content\/uploads\/2026\/02\/6985fd9a3cf8d.jpg","datePublished":"2026-02-06T15:36:24+00:00","dateModified":"2026-02-10T19:27:03+00:00","breadcrumb":{"@id":"https:\/\/wpe-encheres.com\/site\/produit\/chaise-haute-pivotante-design-altherr-lievore-molina-modele-lottus-edition-enea-coque-en-polypropylene-gris-anthracite-pietement-oblique-en-acier-laque-gris-avec-repose-pied-en-acier-chrome-99-x-44\/#breadcrumb"},"inLanguage":"fr-FR","potentialAction":[{"@type":"ReadAction","target":["https:\/\/wpe-encheres.com\/site\/produit\/chaise-haute-pivotante-design-altherr-lievore-molina-modele-lottus-edition-enea-coque-en-polypropylene-gris-anthracite-pietement-oblique-en-acier-laque-gris-avec-repose-pied-en-acier-chrome-99-x-44\/"]}]},{"@type":"ImageObject","inLanguage":"fr-FR","@id":"https:\/\/wpe-encheres.com\/site\/produit\/chaise-haute-pivotante-design-altherr-lievore-molina-modele-lottus-edition-enea-coque-en-polypropylene-gris-anthracite-pietement-oblique-en-acier-laque-gris-avec-repose-pied-en-acier-chrome-99-x-44\/#primaryimage","url":"https:\/\/wpe-encheres.com\/site\/wp-content\/uploads\/2026\/02\/6985fd9a3cf8d.jpg","contentUrl":"https:\/\/wpe-encheres.com\/site\/wp-content\/uploads\/2026\/02\/6985fd9a3cf8d.jpg","width":524,"height":892},{"@type":"BreadcrumbList","@id":"https:\/\/wpe-encheres.com\/site\/produit\/chaise-haute-pivotante-design-altherr-lievore-molina-modele-lottus-edition-enea-coque-en-polypropylene-gris-anthracite-pietement-oblique-en-acier-laque-gris-avec-repose-pied-en-acier-chrome-99-x-44\/#breadcrumb","itemListElement":[{"@type":"ListItem","position":1,"name":"Accueil","item":"https:\/\/wpe-encheres.com\/site\/"},{"@type":"ListItem","position":2,"name":"Boutique","item":"https:\/\/wpe-encheres.com\/site\/?page_id=22765"},{"@type":"ListItem","position":3,"name":"Chaise haute pivotante design Altherr Lievore Molina mod\u00e8le Lottus \u00e9dition Enea, coque en polypropyl\u00e8ne gris anthracite, pi\u00e9tement oblique en acier laqu\u00e9 gris avec repose-pied en acier chrom\u00e9. 99 x 44 x 45 cm. 76 unit\u00e9s. Localisation: 5\u00e8me \u00e9tage (20 unit\u00e9s) \/ 4\u00e8me \u00e9tage (6 unit\u00e9s) \/ 3\u00e8me \u00e9tage (6 unit\u00e9s) \/ 2\u00e8me \u00e9tage (6 unit\u00e9s) \/ 1er cafet (33 unit\u00e9s) \/ Accueil (3 unit\u00e9s) \/ Auditorium (2 unit\u00e9s)"}]},{"@type":"WebSite","@id":"https:\/\/wpe-encheres.com\/site\/#website","url":"https:\/\/wpe-encheres.com\/site\/","name":"wpe-encheres","description":"","publisher":{"@id":"https:\/\/wpe-encheres.com\/site\/#organization"},"potentialAction":[{"@type":"SearchAction","target":{"@type":"EntryPoint","urlTemplate":"https:\/\/wpe-encheres.com\/site\/?s={search_term_string}"},"query-input":{"@type":"PropertyValueSpecification","valueRequired":true,"valueName":"search_term_string"}}],"inLanguage":"fr-FR"},{"@type":"Organization","@id":"https:\/\/wpe-encheres.com\/site\/#organization","name":"wpe encheres","url":"https:\/\/wpe-encheres.com\/site\/","logo":{"@type":"ImageObject","inLanguage":"fr-FR","@id":"https:\/\/wpe-encheres.com\/site\/#\/schema\/logo\/image\/","url":"https:\/\/wpe-encheres.com\/site\/wp-content\/uploads\/2025\/08\/wpe-encheres-logo.png","contentUrl":"https:\/\/wpe-encheres.com\/site\/wp-content\/uploads\/2025\/08\/wpe-encheres-logo.png","width":300,"height":110,"caption":"wpe encheres"},"image":{"@id":"https:\/\/wpe-encheres.com\/site\/#\/schema\/logo\/image\/"}}]}},"_links":{"self":[{"href":"https:\/\/wpe-encheres.com\/site\/wp-json\/wp\/v2\/product\/38983","targetHints":{"allow":["GET"]}}],"collection":[{"href":"https:\/\/wpe-encheres.com\/site\/wp-json\/wp\/v2\/product"}],"about":[{"href":"https:\/\/wpe-encheres.com\/site\/wp-json\/wp\/v2\/types\/product"}],"wp:featuredmedia":[{"embeddable":true,"href":"https:\/\/wpe-encheres.com\/site\/wp-json\/wp\/v2\/media\/38984"}],"wp:attachment":[{"href":"https:\/\/wpe-encheres.com\/site\/wp-json\/wp\/v2\/media?parent=38983"}],"wp:term":[{"taxonomy":"product_brand","embeddable":true,"href":"https:\/\/wpe-encheres.com\/site\/wp-json\/wp\/v2\/product_brand?post=38983"},{"taxonomy":"product_cat","embeddable":true,"href":"https:\/\/wpe-encheres.com\/site\/wp-json\/wp\/v2\/product_cat?post=38983"},{"taxonomy":"product_tag","embeddable":true,"href":"https:\/\/wpe-encheres.com\/site\/wp-json\/wp\/v2\/product_tag?post=38983"}],"curies":[{"name":"wp","href":"https:\/\/api.w.org\/{rel}","templated":true}]}}