{"id":38847,"date":"2026-01-10T12:35:34","date_gmt":"2026-01-10T11:35:34","guid":{"rendered":"https:\/\/wpe-encheres.com\/site\/produit\/chaise-haute-pivotante-design-lievore-altherr-molina-modele-lottus-edition-enea-coque-en-polypropylene-vert-galette-dassise-en-simili-cuir-pietement-oblique-en-acier-laque-vert-avec-repose-pied-ci\/"},"modified":"2026-01-10T12:35:39","modified_gmt":"2026-01-10T11:35:39","slug":"chaise-haute-pivotante-design-lievore-altherr-molina-modele-lottus-edition-enea-coque-en-polypropylene-vert-galette-dassise-en-simili-cuir-pietement-oblique-en-acier-laque-vert-avec-repose-pied-ci","status":"publish","type":"product","link":"https:\/\/wpe-encheres.com\/site\/produit\/chaise-haute-pivotante-design-lievore-altherr-molina-modele-lottus-edition-enea-coque-en-polypropylene-vert-galette-dassise-en-simili-cuir-pietement-oblique-en-acier-laque-vert-avec-repose-pied-ci\/","title":{"rendered":"Chaise haute pivotante design Lievore Altherr Molina mod\u00e8le Lottus \u00e9dition Enea, coque en polypropyl\u00e8ne vert, galette d&rsquo;assise en simili cuir, pi\u00e9tement oblique en acier laqu\u00e9 vert avec repose-pied circulaire. 98 x 44 x 51 cm. 4 unit\u00e9s. Vendu \u00e0 l&rsquo;unit\u00e9 avec facult\u00e9 de r\u00e9union. Localisation: Tour Coeur D\u00e9fense &#8211; 92400 Courbevoie (TA 26\u00e8me)"},"content":{"rendered":"<p>Chaise haute pivotante design Lievore Altherr Molina mod\u00e8le Lottus \u00e9dition Enea, coque en polypropyl\u00e8ne vert, galette d&rsquo;assise en simili cuir, pi\u00e9tement oblique en acier laqu\u00e9 vert avec repose-pied circulaire. 98 x 44 x 51 cm. 4 unit\u00e9s. Vendu \u00e0 l&rsquo;unit\u00e9 avec facult\u00e9 de r\u00e9union. Localisation: Tour Coeur D\u00e9fense &#8211; 92400 Courbevoie (TA 26\u00e8me)<\/p>\n","protected":false},"excerpt":{"rendered":"<p>Chaise haute pivotante design Lievore Altherr Molina mod\u00e8le Lottus \u00e9dition Enea, coque en polypropyl\u00e8ne vert, galette d&rsquo;assise en simili cuir, pi\u00e9tement oblique en acier laqu\u00e9 vert avec repose-pied circulaire. 98 x 44 x 51 cm. 4 unit\u00e9s. Vendu \u00e0 l&rsquo;unit\u00e9 avec facult\u00e9 de r\u00e9union. Localisation:&#8230;<\/p>\n","protected":false},"featured_media":38463,"template":"","meta":{"_acf_changed":false},"product_brand":[],"product_cat":[22],"product_tag":[69],"class_list":{"0":"post-38847","1":"product","2":"type-product","3":"status-publish","4":"has-post-thumbnail","6":"product_cat-mobilier-design-haut-de-gamme","7":"product_tag-vente-du-14-janvier-2026-maj10012026","9":"first","10":"instock","11":"product-type-simple"},"acf":[],"yoast_head":"<!-- This site is optimized with the Yoast SEO plugin v27.3 - https:\/\/yoast.com\/product\/yoast-seo-wordpress\/ -->\n<title>Chaise haute pivotante design Lievore Altherr Molina mod\u00e8le Lottus \u00e9dition Enea, coque en polypropyl\u00e8ne vert, galette d&#039;assise en simili cuir, pi\u00e9tement oblique en acier laqu\u00e9 vert avec repose-pied circulaire. 98 x 44 x 51 cm. 4 unit\u00e9s. Vendu \u00e0 l&#039;unit\u00e9 avec facult\u00e9 de r\u00e9union. Localisation: Tour Coeur D\u00e9fense - 92400 Courbevoie (TA 26\u00e8me) - wpe-encheres<\/title>\n<meta name=\"robots\" content=\"index, follow, max-snippet:-1, max-image-preview:large, max-video-preview:-1\" \/>\n<link rel=\"canonical\" href=\"https:\/\/wpe-encheres.com\/site\/produit\/chaise-haute-pivotante-design-lievore-altherr-molina-modele-lottus-edition-enea-coque-en-polypropylene-vert-galette-dassise-en-simili-cuir-pietement-oblique-en-acier-laque-vert-avec-repose-pied-ci\/\" \/>\n<meta property=\"og:locale\" content=\"fr_FR\" \/>\n<meta property=\"og:type\" content=\"article\" \/>\n<meta property=\"og:title\" content=\"Chaise haute pivotante design Lievore Altherr Molina mod\u00e8le Lottus \u00e9dition Enea, coque en polypropyl\u00e8ne vert, galette d&#039;assise en simili cuir, pi\u00e9tement oblique en acier laqu\u00e9 vert avec repose-pied circulaire. 98 x 44 x 51 cm. 4 unit\u00e9s. Vendu \u00e0 l&#039;unit\u00e9 avec facult\u00e9 de r\u00e9union. Localisation: Tour Coeur D\u00e9fense - 92400 Courbevoie (TA 26\u00e8me) - wpe-encheres\" \/>\n<meta property=\"og:description\" content=\"Chaise haute pivotante design Lievore Altherr Molina mod\u00e8le Lottus \u00e9dition Enea, coque en polypropyl\u00e8ne vert, galette d&rsquo;assise en simili cuir, pi\u00e9tement oblique en acier laqu\u00e9 vert avec repose-pied circulaire. 98 x 44 x 51 cm. 4 unit\u00e9s. Vendu \u00e0 l&rsquo;unit\u00e9 avec facult\u00e9 de r\u00e9union. Localisation:...\" \/>\n<meta property=\"og:url\" content=\"https:\/\/wpe-encheres.com\/site\/produit\/chaise-haute-pivotante-design-lievore-altherr-molina-modele-lottus-edition-enea-coque-en-polypropylene-vert-galette-dassise-en-simili-cuir-pietement-oblique-en-acier-laque-vert-avec-repose-pied-ci\/\" \/>\n<meta property=\"og:site_name\" content=\"wpe-encheres\" \/>\n<meta property=\"article:modified_time\" content=\"2026-01-10T11:35:39+00:00\" \/>\n<meta property=\"og:image\" content=\"https:\/\/wpe-encheres.com\/site\/wp-content\/uploads\/2026\/01\/695fe0af17e2b.jpg\" \/>\n\t<meta property=\"og:image:width\" content=\"497\" \/>\n\t<meta property=\"og:image:height\" content=\"897\" \/>\n\t<meta property=\"og:image:type\" content=\"image\/jpeg\" \/>\n<meta name=\"twitter:card\" content=\"summary_large_image\" \/>\n<script type=\"application\/ld+json\" class=\"yoast-schema-graph\">{\"@context\":\"https:\\\/\\\/schema.org\",\"@graph\":[{\"@type\":\"WebPage\",\"@id\":\"https:\\\/\\\/wpe-encheres.com\\\/site\\\/produit\\\/chaise-haute-pivotante-design-lievore-altherr-molina-modele-lottus-edition-enea-coque-en-polypropylene-vert-galette-dassise-en-simili-cuir-pietement-oblique-en-acier-laque-vert-avec-repose-pied-ci\\\/\",\"url\":\"https:\\\/\\\/wpe-encheres.com\\\/site\\\/produit\\\/chaise-haute-pivotante-design-lievore-altherr-molina-modele-lottus-edition-enea-coque-en-polypropylene-vert-galette-dassise-en-simili-cuir-pietement-oblique-en-acier-laque-vert-avec-repose-pied-ci\\\/\",\"name\":\"Chaise haute pivotante design Lievore Altherr Molina mod\u00e8le Lottus \u00e9dition Enea, coque en polypropyl\u00e8ne vert, galette d'assise en simili cuir, pi\u00e9tement oblique en acier laqu\u00e9 vert avec repose-pied circulaire. 98 x 44 x 51 cm. 4 unit\u00e9s. Vendu \u00e0 l'unit\u00e9 avec facult\u00e9 de r\u00e9union. Localisation: Tour Coeur D\u00e9fense - 92400 Courbevoie (TA 26\u00e8me) - wpe-encheres\",\"isPartOf\":{\"@id\":\"https:\\\/\\\/wpe-encheres.com\\\/site\\\/#website\"},\"primaryImageOfPage\":{\"@id\":\"https:\\\/\\\/wpe-encheres.com\\\/site\\\/produit\\\/chaise-haute-pivotante-design-lievore-altherr-molina-modele-lottus-edition-enea-coque-en-polypropylene-vert-galette-dassise-en-simili-cuir-pietement-oblique-en-acier-laque-vert-avec-repose-pied-ci\\\/#primaryimage\"},\"image\":{\"@id\":\"https:\\\/\\\/wpe-encheres.com\\\/site\\\/produit\\\/chaise-haute-pivotante-design-lievore-altherr-molina-modele-lottus-edition-enea-coque-en-polypropylene-vert-galette-dassise-en-simili-cuir-pietement-oblique-en-acier-laque-vert-avec-repose-pied-ci\\\/#primaryimage\"},\"thumbnailUrl\":\"https:\\\/\\\/wpe-encheres.com\\\/site\\\/wp-content\\\/uploads\\\/2026\\\/01\\\/695fe0af17e2b.jpg\",\"datePublished\":\"2026-01-10T11:35:34+00:00\",\"dateModified\":\"2026-01-10T11:35:39+00:00\",\"breadcrumb\":{\"@id\":\"https:\\\/\\\/wpe-encheres.com\\\/site\\\/produit\\\/chaise-haute-pivotante-design-lievore-altherr-molina-modele-lottus-edition-enea-coque-en-polypropylene-vert-galette-dassise-en-simili-cuir-pietement-oblique-en-acier-laque-vert-avec-repose-pied-ci\\\/#breadcrumb\"},\"inLanguage\":\"fr-FR\",\"potentialAction\":[{\"@type\":\"ReadAction\",\"target\":[\"https:\\\/\\\/wpe-encheres.com\\\/site\\\/produit\\\/chaise-haute-pivotante-design-lievore-altherr-molina-modele-lottus-edition-enea-coque-en-polypropylene-vert-galette-dassise-en-simili-cuir-pietement-oblique-en-acier-laque-vert-avec-repose-pied-ci\\\/\"]}]},{\"@type\":\"ImageObject\",\"inLanguage\":\"fr-FR\",\"@id\":\"https:\\\/\\\/wpe-encheres.com\\\/site\\\/produit\\\/chaise-haute-pivotante-design-lievore-altherr-molina-modele-lottus-edition-enea-coque-en-polypropylene-vert-galette-dassise-en-simili-cuir-pietement-oblique-en-acier-laque-vert-avec-repose-pied-ci\\\/#primaryimage\",\"url\":\"https:\\\/\\\/wpe-encheres.com\\\/site\\\/wp-content\\\/uploads\\\/2026\\\/01\\\/695fe0af17e2b.jpg\",\"contentUrl\":\"https:\\\/\\\/wpe-encheres.com\\\/site\\\/wp-content\\\/uploads\\\/2026\\\/01\\\/695fe0af17e2b.jpg\",\"width\":497,\"height\":897},{\"@type\":\"BreadcrumbList\",\"@id\":\"https:\\\/\\\/wpe-encheres.com\\\/site\\\/produit\\\/chaise-haute-pivotante-design-lievore-altherr-molina-modele-lottus-edition-enea-coque-en-polypropylene-vert-galette-dassise-en-simili-cuir-pietement-oblique-en-acier-laque-vert-avec-repose-pied-ci\\\/#breadcrumb\",\"itemListElement\":[{\"@type\":\"ListItem\",\"position\":1,\"name\":\"Accueil\",\"item\":\"https:\\\/\\\/wpe-encheres.com\\\/site\\\/\"},{\"@type\":\"ListItem\",\"position\":2,\"name\":\"Boutique\",\"item\":\"https:\\\/\\\/wpe-encheres.com\\\/site\\\/?page_id=22765\"},{\"@type\":\"ListItem\",\"position\":3,\"name\":\"Chaise haute pivotante design Lievore Altherr Molina mod\u00e8le Lottus \u00e9dition Enea, coque en polypropyl\u00e8ne vert, galette d&rsquo;assise en simili cuir, pi\u00e9tement oblique en acier laqu\u00e9 vert avec repose-pied circulaire. 98 x 44 x 51 cm. 4 unit\u00e9s. Vendu \u00e0 l&rsquo;unit\u00e9 avec facult\u00e9 de r\u00e9union. Localisation: Tour Coeur D\u00e9fense &#8211; 92400 Courbevoie (TA 26\u00e8me)\"}]},{\"@type\":\"WebSite\",\"@id\":\"https:\\\/\\\/wpe-encheres.com\\\/site\\\/#website\",\"url\":\"https:\\\/\\\/wpe-encheres.com\\\/site\\\/\",\"name\":\"wpe-encheres\",\"description\":\"\",\"publisher\":{\"@id\":\"https:\\\/\\\/wpe-encheres.com\\\/site\\\/#organization\"},\"potentialAction\":[{\"@type\":\"SearchAction\",\"target\":{\"@type\":\"EntryPoint\",\"urlTemplate\":\"https:\\\/\\\/wpe-encheres.com\\\/site\\\/?s={search_term_string}\"},\"query-input\":{\"@type\":\"PropertyValueSpecification\",\"valueRequired\":true,\"valueName\":\"search_term_string\"}}],\"inLanguage\":\"fr-FR\"},{\"@type\":\"Organization\",\"@id\":\"https:\\\/\\\/wpe-encheres.com\\\/site\\\/#organization\",\"name\":\"wpe encheres\",\"url\":\"https:\\\/\\\/wpe-encheres.com\\\/site\\\/\",\"logo\":{\"@type\":\"ImageObject\",\"inLanguage\":\"fr-FR\",\"@id\":\"https:\\\/\\\/wpe-encheres.com\\\/site\\\/#\\\/schema\\\/logo\\\/image\\\/\",\"url\":\"https:\\\/\\\/wpe-encheres.com\\\/site\\\/wp-content\\\/uploads\\\/2025\\\/08\\\/wpe-encheres-logo.png\",\"contentUrl\":\"https:\\\/\\\/wpe-encheres.com\\\/site\\\/wp-content\\\/uploads\\\/2025\\\/08\\\/wpe-encheres-logo.png\",\"width\":300,\"height\":110,\"caption\":\"wpe encheres\"},\"image\":{\"@id\":\"https:\\\/\\\/wpe-encheres.com\\\/site\\\/#\\\/schema\\\/logo\\\/image\\\/\"}}]}<\/script>\n<!-- \/ Yoast SEO plugin. -->","yoast_head_json":{"title":"Chaise haute pivotante design Lievore Altherr Molina mod\u00e8le Lottus \u00e9dition Enea, coque en polypropyl\u00e8ne vert, galette d'assise en simili cuir, pi\u00e9tement oblique en acier laqu\u00e9 vert avec repose-pied circulaire. 98 x 44 x 51 cm. 4 unit\u00e9s. Vendu \u00e0 l'unit\u00e9 avec facult\u00e9 de r\u00e9union. Localisation: Tour Coeur D\u00e9fense - 92400 Courbevoie (TA 26\u00e8me) - wpe-encheres","robots":{"index":"index","follow":"follow","max-snippet":"max-snippet:-1","max-image-preview":"max-image-preview:large","max-video-preview":"max-video-preview:-1"},"canonical":"https:\/\/wpe-encheres.com\/site\/produit\/chaise-haute-pivotante-design-lievore-altherr-molina-modele-lottus-edition-enea-coque-en-polypropylene-vert-galette-dassise-en-simili-cuir-pietement-oblique-en-acier-laque-vert-avec-repose-pied-ci\/","og_locale":"fr_FR","og_type":"article","og_title":"Chaise haute pivotante design Lievore Altherr Molina mod\u00e8le Lottus \u00e9dition Enea, coque en polypropyl\u00e8ne vert, galette d'assise en simili cuir, pi\u00e9tement oblique en acier laqu\u00e9 vert avec repose-pied circulaire. 98 x 44 x 51 cm. 4 unit\u00e9s. Vendu \u00e0 l'unit\u00e9 avec facult\u00e9 de r\u00e9union. Localisation: Tour Coeur D\u00e9fense - 92400 Courbevoie (TA 26\u00e8me) - wpe-encheres","og_description":"Chaise haute pivotante design Lievore Altherr Molina mod\u00e8le Lottus \u00e9dition Enea, coque en polypropyl\u00e8ne vert, galette d&rsquo;assise en simili cuir, pi\u00e9tement oblique en acier laqu\u00e9 vert avec repose-pied circulaire. 98 x 44 x 51 cm. 4 unit\u00e9s. Vendu \u00e0 l&rsquo;unit\u00e9 avec facult\u00e9 de r\u00e9union. Localisation:...","og_url":"https:\/\/wpe-encheres.com\/site\/produit\/chaise-haute-pivotante-design-lievore-altherr-molina-modele-lottus-edition-enea-coque-en-polypropylene-vert-galette-dassise-en-simili-cuir-pietement-oblique-en-acier-laque-vert-avec-repose-pied-ci\/","og_site_name":"wpe-encheres","article_modified_time":"2026-01-10T11:35:39+00:00","og_image":[{"width":497,"height":897,"url":"https:\/\/wpe-encheres.com\/site\/wp-content\/uploads\/2026\/01\/695fe0af17e2b.jpg","type":"image\/jpeg"}],"twitter_card":"summary_large_image","schema":{"@context":"https:\/\/schema.org","@graph":[{"@type":"WebPage","@id":"https:\/\/wpe-encheres.com\/site\/produit\/chaise-haute-pivotante-design-lievore-altherr-molina-modele-lottus-edition-enea-coque-en-polypropylene-vert-galette-dassise-en-simili-cuir-pietement-oblique-en-acier-laque-vert-avec-repose-pied-ci\/","url":"https:\/\/wpe-encheres.com\/site\/produit\/chaise-haute-pivotante-design-lievore-altherr-molina-modele-lottus-edition-enea-coque-en-polypropylene-vert-galette-dassise-en-simili-cuir-pietement-oblique-en-acier-laque-vert-avec-repose-pied-ci\/","name":"Chaise haute pivotante design Lievore Altherr Molina mod\u00e8le Lottus \u00e9dition Enea, coque en polypropyl\u00e8ne vert, galette d'assise en simili cuir, pi\u00e9tement oblique en acier laqu\u00e9 vert avec repose-pied circulaire. 98 x 44 x 51 cm. 4 unit\u00e9s. Vendu \u00e0 l'unit\u00e9 avec facult\u00e9 de r\u00e9union. Localisation: Tour Coeur D\u00e9fense - 92400 Courbevoie (TA 26\u00e8me) - wpe-encheres","isPartOf":{"@id":"https:\/\/wpe-encheres.com\/site\/#website"},"primaryImageOfPage":{"@id":"https:\/\/wpe-encheres.com\/site\/produit\/chaise-haute-pivotante-design-lievore-altherr-molina-modele-lottus-edition-enea-coque-en-polypropylene-vert-galette-dassise-en-simili-cuir-pietement-oblique-en-acier-laque-vert-avec-repose-pied-ci\/#primaryimage"},"image":{"@id":"https:\/\/wpe-encheres.com\/site\/produit\/chaise-haute-pivotante-design-lievore-altherr-molina-modele-lottus-edition-enea-coque-en-polypropylene-vert-galette-dassise-en-simili-cuir-pietement-oblique-en-acier-laque-vert-avec-repose-pied-ci\/#primaryimage"},"thumbnailUrl":"https:\/\/wpe-encheres.com\/site\/wp-content\/uploads\/2026\/01\/695fe0af17e2b.jpg","datePublished":"2026-01-10T11:35:34+00:00","dateModified":"2026-01-10T11:35:39+00:00","breadcrumb":{"@id":"https:\/\/wpe-encheres.com\/site\/produit\/chaise-haute-pivotante-design-lievore-altherr-molina-modele-lottus-edition-enea-coque-en-polypropylene-vert-galette-dassise-en-simili-cuir-pietement-oblique-en-acier-laque-vert-avec-repose-pied-ci\/#breadcrumb"},"inLanguage":"fr-FR","potentialAction":[{"@type":"ReadAction","target":["https:\/\/wpe-encheres.com\/site\/produit\/chaise-haute-pivotante-design-lievore-altherr-molina-modele-lottus-edition-enea-coque-en-polypropylene-vert-galette-dassise-en-simili-cuir-pietement-oblique-en-acier-laque-vert-avec-repose-pied-ci\/"]}]},{"@type":"ImageObject","inLanguage":"fr-FR","@id":"https:\/\/wpe-encheres.com\/site\/produit\/chaise-haute-pivotante-design-lievore-altherr-molina-modele-lottus-edition-enea-coque-en-polypropylene-vert-galette-dassise-en-simili-cuir-pietement-oblique-en-acier-laque-vert-avec-repose-pied-ci\/#primaryimage","url":"https:\/\/wpe-encheres.com\/site\/wp-content\/uploads\/2026\/01\/695fe0af17e2b.jpg","contentUrl":"https:\/\/wpe-encheres.com\/site\/wp-content\/uploads\/2026\/01\/695fe0af17e2b.jpg","width":497,"height":897},{"@type":"BreadcrumbList","@id":"https:\/\/wpe-encheres.com\/site\/produit\/chaise-haute-pivotante-design-lievore-altherr-molina-modele-lottus-edition-enea-coque-en-polypropylene-vert-galette-dassise-en-simili-cuir-pietement-oblique-en-acier-laque-vert-avec-repose-pied-ci\/#breadcrumb","itemListElement":[{"@type":"ListItem","position":1,"name":"Accueil","item":"https:\/\/wpe-encheres.com\/site\/"},{"@type":"ListItem","position":2,"name":"Boutique","item":"https:\/\/wpe-encheres.com\/site\/?page_id=22765"},{"@type":"ListItem","position":3,"name":"Chaise haute pivotante design Lievore Altherr Molina mod\u00e8le Lottus \u00e9dition Enea, coque en polypropyl\u00e8ne vert, galette d&rsquo;assise en simili cuir, pi\u00e9tement oblique en acier laqu\u00e9 vert avec repose-pied circulaire. 98 x 44 x 51 cm. 4 unit\u00e9s. Vendu \u00e0 l&rsquo;unit\u00e9 avec facult\u00e9 de r\u00e9union. Localisation: Tour Coeur D\u00e9fense &#8211; 92400 Courbevoie (TA 26\u00e8me)"}]},{"@type":"WebSite","@id":"https:\/\/wpe-encheres.com\/site\/#website","url":"https:\/\/wpe-encheres.com\/site\/","name":"wpe-encheres","description":"","publisher":{"@id":"https:\/\/wpe-encheres.com\/site\/#organization"},"potentialAction":[{"@type":"SearchAction","target":{"@type":"EntryPoint","urlTemplate":"https:\/\/wpe-encheres.com\/site\/?s={search_term_string}"},"query-input":{"@type":"PropertyValueSpecification","valueRequired":true,"valueName":"search_term_string"}}],"inLanguage":"fr-FR"},{"@type":"Organization","@id":"https:\/\/wpe-encheres.com\/site\/#organization","name":"wpe encheres","url":"https:\/\/wpe-encheres.com\/site\/","logo":{"@type":"ImageObject","inLanguage":"fr-FR","@id":"https:\/\/wpe-encheres.com\/site\/#\/schema\/logo\/image\/","url":"https:\/\/wpe-encheres.com\/site\/wp-content\/uploads\/2025\/08\/wpe-encheres-logo.png","contentUrl":"https:\/\/wpe-encheres.com\/site\/wp-content\/uploads\/2025\/08\/wpe-encheres-logo.png","width":300,"height":110,"caption":"wpe encheres"},"image":{"@id":"https:\/\/wpe-encheres.com\/site\/#\/schema\/logo\/image\/"}}]}},"_links":{"self":[{"href":"https:\/\/wpe-encheres.com\/site\/wp-json\/wp\/v2\/product\/38847","targetHints":{"allow":["GET"]}}],"collection":[{"href":"https:\/\/wpe-encheres.com\/site\/wp-json\/wp\/v2\/product"}],"about":[{"href":"https:\/\/wpe-encheres.com\/site\/wp-json\/wp\/v2\/types\/product"}],"wp:featuredmedia":[{"embeddable":true,"href":"https:\/\/wpe-encheres.com\/site\/wp-json\/wp\/v2\/media\/38463"}],"wp:attachment":[{"href":"https:\/\/wpe-encheres.com\/site\/wp-json\/wp\/v2\/media?parent=38847"}],"wp:term":[{"taxonomy":"product_brand","embeddable":true,"href":"https:\/\/wpe-encheres.com\/site\/wp-json\/wp\/v2\/product_brand?post=38847"},{"taxonomy":"product_cat","embeddable":true,"href":"https:\/\/wpe-encheres.com\/site\/wp-json\/wp\/v2\/product_cat?post=38847"},{"taxonomy":"product_tag","embeddable":true,"href":"https:\/\/wpe-encheres.com\/site\/wp-json\/wp\/v2\/product_tag?post=38847"}],"curies":[{"name":"wp","href":"https:\/\/api.w.org\/{rel}","templated":true}]}}