{"id":35111,"date":"2025-12-01T20:43:20","date_gmt":"2025-12-01T19:43:20","guid":{"rendered":"https:\/\/wpe-encheres.com\/site\/produit\/2-tables-gigognes-en-bois-et-metal-noir-dont-une-formant-tiroir-43-x-60-x-60-cm-et-39-x-50-x-50-cm-bat-m-1er\/"},"modified":"2025-12-01T20:43:24","modified_gmt":"2025-12-01T19:43:24","slug":"2-tables-gigognes-en-bois-et-metal-noir-dont-une-formant-tiroir-43-x-60-x-60-cm-et-39-x-50-x-50-cm-bat-m-1er","status":"publish","type":"product","link":"https:\/\/wpe-encheres.com\/site\/produit\/2-tables-gigognes-en-bois-et-metal-noir-dont-une-formant-tiroir-43-x-60-x-60-cm-et-39-x-50-x-50-cm-bat-m-1er\/","title":{"rendered":"2 tables gigognes en bois et m\u00e9tal noir, dont une formant tiroir. 43 x 60 x 60 cm et 39 x 50 x 50 cm. (b\u00e2t M 1er)"},"content":{"rendered":"<p>2 tables gigognes en bois et m\u00e9tal noir, dont une formant tiroir. 43 x 60 x 60 cm et 39 x 50 x 50 cm. (b\u00e2t M 1er)<\/p>\n","protected":false},"excerpt":{"rendered":"<p>2 tables gigognes en bois et m\u00e9tal noir, dont une formant tiroir. 43 x 60 x 60 cm et 39 x 50 x 50 cm. (b\u00e2t M 1er)<\/p>\n","protected":false},"featured_media":35112,"template":"","meta":{"_acf_changed":false},"product_brand":[],"product_cat":[22],"product_tag":[51],"class_list":{"0":"post-35111","1":"product","2":"type-product","3":"status-publish","4":"has-post-thumbnail","6":"product_cat-mobilier-design-haut-de-gamme","7":"product_tag-vente-du-03-decembre-2025","9":"first","10":"instock","11":"product-type-simple"},"acf":[],"yoast_head":"<!-- This site is optimized with the Yoast SEO plugin v27.3 - https:\/\/yoast.com\/product\/yoast-seo-wordpress\/ -->\n<title>2 tables gigognes en bois et m\u00e9tal noir, dont une formant tiroir. 43 x 60 x 60 cm et 39 x 50 x 50 cm. (b\u00e2t M 1er) - wpe-encheres<\/title>\n<meta name=\"robots\" content=\"index, follow, max-snippet:-1, max-image-preview:large, max-video-preview:-1\" \/>\n<link rel=\"canonical\" href=\"https:\/\/wpe-encheres.com\/site\/produit\/2-tables-gigognes-en-bois-et-metal-noir-dont-une-formant-tiroir-43-x-60-x-60-cm-et-39-x-50-x-50-cm-bat-m-1er\/\" \/>\n<meta property=\"og:locale\" content=\"fr_FR\" \/>\n<meta property=\"og:type\" content=\"article\" \/>\n<meta property=\"og:title\" content=\"2 tables gigognes en bois et m\u00e9tal noir, dont une formant tiroir. 43 x 60 x 60 cm et 39 x 50 x 50 cm. (b\u00e2t M 1er) - wpe-encheres\" \/>\n<meta property=\"og:description\" content=\"2 tables gigognes en bois et m\u00e9tal noir, dont une formant tiroir. 43 x 60 x 60 cm et 39 x 50 x 50 cm. (b\u00e2t M 1er)\" \/>\n<meta property=\"og:url\" content=\"https:\/\/wpe-encheres.com\/site\/produit\/2-tables-gigognes-en-bois-et-metal-noir-dont-une-formant-tiroir-43-x-60-x-60-cm-et-39-x-50-x-50-cm-bat-m-1er\/\" \/>\n<meta property=\"og:site_name\" content=\"wpe-encheres\" \/>\n<meta property=\"article:modified_time\" content=\"2025-12-01T19:43:24+00:00\" \/>\n<meta property=\"og:image\" content=\"https:\/\/wpe-encheres.com\/site\/wp-content\/uploads\/2025\/11\/691462fbc4efe.jpg\" \/>\n\t<meta property=\"og:image:width\" content=\"691\" \/>\n\t<meta property=\"og:image:height\" content=\"469\" \/>\n\t<meta property=\"og:image:type\" content=\"image\/jpeg\" \/>\n<meta name=\"twitter:card\" content=\"summary_large_image\" \/>\n<script type=\"application\/ld+json\" class=\"yoast-schema-graph\">{\"@context\":\"https:\\\/\\\/schema.org\",\"@graph\":[{\"@type\":\"WebPage\",\"@id\":\"https:\\\/\\\/wpe-encheres.com\\\/site\\\/produit\\\/2-tables-gigognes-en-bois-et-metal-noir-dont-une-formant-tiroir-43-x-60-x-60-cm-et-39-x-50-x-50-cm-bat-m-1er\\\/\",\"url\":\"https:\\\/\\\/wpe-encheres.com\\\/site\\\/produit\\\/2-tables-gigognes-en-bois-et-metal-noir-dont-une-formant-tiroir-43-x-60-x-60-cm-et-39-x-50-x-50-cm-bat-m-1er\\\/\",\"name\":\"2 tables gigognes en bois et m\u00e9tal noir, dont une formant tiroir. 43 x 60 x 60 cm et 39 x 50 x 50 cm. (b\u00e2t M 1er) - wpe-encheres\",\"isPartOf\":{\"@id\":\"https:\\\/\\\/wpe-encheres.com\\\/site\\\/#website\"},\"primaryImageOfPage\":{\"@id\":\"https:\\\/\\\/wpe-encheres.com\\\/site\\\/produit\\\/2-tables-gigognes-en-bois-et-metal-noir-dont-une-formant-tiroir-43-x-60-x-60-cm-et-39-x-50-x-50-cm-bat-m-1er\\\/#primaryimage\"},\"image\":{\"@id\":\"https:\\\/\\\/wpe-encheres.com\\\/site\\\/produit\\\/2-tables-gigognes-en-bois-et-metal-noir-dont-une-formant-tiroir-43-x-60-x-60-cm-et-39-x-50-x-50-cm-bat-m-1er\\\/#primaryimage\"},\"thumbnailUrl\":\"https:\\\/\\\/wpe-encheres.com\\\/site\\\/wp-content\\\/uploads\\\/2025\\\/11\\\/691462fbc4efe.jpg\",\"datePublished\":\"2025-12-01T19:43:20+00:00\",\"dateModified\":\"2025-12-01T19:43:24+00:00\",\"breadcrumb\":{\"@id\":\"https:\\\/\\\/wpe-encheres.com\\\/site\\\/produit\\\/2-tables-gigognes-en-bois-et-metal-noir-dont-une-formant-tiroir-43-x-60-x-60-cm-et-39-x-50-x-50-cm-bat-m-1er\\\/#breadcrumb\"},\"inLanguage\":\"fr-FR\",\"potentialAction\":[{\"@type\":\"ReadAction\",\"target\":[\"https:\\\/\\\/wpe-encheres.com\\\/site\\\/produit\\\/2-tables-gigognes-en-bois-et-metal-noir-dont-une-formant-tiroir-43-x-60-x-60-cm-et-39-x-50-x-50-cm-bat-m-1er\\\/\"]}]},{\"@type\":\"ImageObject\",\"inLanguage\":\"fr-FR\",\"@id\":\"https:\\\/\\\/wpe-encheres.com\\\/site\\\/produit\\\/2-tables-gigognes-en-bois-et-metal-noir-dont-une-formant-tiroir-43-x-60-x-60-cm-et-39-x-50-x-50-cm-bat-m-1er\\\/#primaryimage\",\"url\":\"https:\\\/\\\/wpe-encheres.com\\\/site\\\/wp-content\\\/uploads\\\/2025\\\/11\\\/691462fbc4efe.jpg\",\"contentUrl\":\"https:\\\/\\\/wpe-encheres.com\\\/site\\\/wp-content\\\/uploads\\\/2025\\\/11\\\/691462fbc4efe.jpg\",\"width\":691,\"height\":469},{\"@type\":\"BreadcrumbList\",\"@id\":\"https:\\\/\\\/wpe-encheres.com\\\/site\\\/produit\\\/2-tables-gigognes-en-bois-et-metal-noir-dont-une-formant-tiroir-43-x-60-x-60-cm-et-39-x-50-x-50-cm-bat-m-1er\\\/#breadcrumb\",\"itemListElement\":[{\"@type\":\"ListItem\",\"position\":1,\"name\":\"Accueil\",\"item\":\"https:\\\/\\\/wpe-encheres.com\\\/site\\\/\"},{\"@type\":\"ListItem\",\"position\":2,\"name\":\"Boutique\",\"item\":\"https:\\\/\\\/wpe-encheres.com\\\/site\\\/?page_id=22765\"},{\"@type\":\"ListItem\",\"position\":3,\"name\":\"2 tables gigognes en bois et m\u00e9tal noir, dont une formant tiroir. 43 x 60 x 60 cm et 39 x 50 x 50 cm. (b\u00e2t M 1er)\"}]},{\"@type\":\"WebSite\",\"@id\":\"https:\\\/\\\/wpe-encheres.com\\\/site\\\/#website\",\"url\":\"https:\\\/\\\/wpe-encheres.com\\\/site\\\/\",\"name\":\"wpe-encheres\",\"description\":\"\",\"publisher\":{\"@id\":\"https:\\\/\\\/wpe-encheres.com\\\/site\\\/#organization\"},\"potentialAction\":[{\"@type\":\"SearchAction\",\"target\":{\"@type\":\"EntryPoint\",\"urlTemplate\":\"https:\\\/\\\/wpe-encheres.com\\\/site\\\/?s={search_term_string}\"},\"query-input\":{\"@type\":\"PropertyValueSpecification\",\"valueRequired\":true,\"valueName\":\"search_term_string\"}}],\"inLanguage\":\"fr-FR\"},{\"@type\":\"Organization\",\"@id\":\"https:\\\/\\\/wpe-encheres.com\\\/site\\\/#organization\",\"name\":\"wpe encheres\",\"url\":\"https:\\\/\\\/wpe-encheres.com\\\/site\\\/\",\"logo\":{\"@type\":\"ImageObject\",\"inLanguage\":\"fr-FR\",\"@id\":\"https:\\\/\\\/wpe-encheres.com\\\/site\\\/#\\\/schema\\\/logo\\\/image\\\/\",\"url\":\"https:\\\/\\\/wpe-encheres.com\\\/site\\\/wp-content\\\/uploads\\\/2025\\\/08\\\/wpe-encheres-logo.png\",\"contentUrl\":\"https:\\\/\\\/wpe-encheres.com\\\/site\\\/wp-content\\\/uploads\\\/2025\\\/08\\\/wpe-encheres-logo.png\",\"width\":300,\"height\":110,\"caption\":\"wpe encheres\"},\"image\":{\"@id\":\"https:\\\/\\\/wpe-encheres.com\\\/site\\\/#\\\/schema\\\/logo\\\/image\\\/\"}}]}<\/script>\n<!-- \/ Yoast SEO plugin. -->","yoast_head_json":{"title":"2 tables gigognes en bois et m\u00e9tal noir, dont une formant tiroir. 43 x 60 x 60 cm et 39 x 50 x 50 cm. (b\u00e2t M 1er) - wpe-encheres","robots":{"index":"index","follow":"follow","max-snippet":"max-snippet:-1","max-image-preview":"max-image-preview:large","max-video-preview":"max-video-preview:-1"},"canonical":"https:\/\/wpe-encheres.com\/site\/produit\/2-tables-gigognes-en-bois-et-metal-noir-dont-une-formant-tiroir-43-x-60-x-60-cm-et-39-x-50-x-50-cm-bat-m-1er\/","og_locale":"fr_FR","og_type":"article","og_title":"2 tables gigognes en bois et m\u00e9tal noir, dont une formant tiroir. 43 x 60 x 60 cm et 39 x 50 x 50 cm. (b\u00e2t M 1er) - wpe-encheres","og_description":"2 tables gigognes en bois et m\u00e9tal noir, dont une formant tiroir. 43 x 60 x 60 cm et 39 x 50 x 50 cm. (b\u00e2t M 1er)","og_url":"https:\/\/wpe-encheres.com\/site\/produit\/2-tables-gigognes-en-bois-et-metal-noir-dont-une-formant-tiroir-43-x-60-x-60-cm-et-39-x-50-x-50-cm-bat-m-1er\/","og_site_name":"wpe-encheres","article_modified_time":"2025-12-01T19:43:24+00:00","og_image":[{"width":691,"height":469,"url":"https:\/\/wpe-encheres.com\/site\/wp-content\/uploads\/2025\/11\/691462fbc4efe.jpg","type":"image\/jpeg"}],"twitter_card":"summary_large_image","schema":{"@context":"https:\/\/schema.org","@graph":[{"@type":"WebPage","@id":"https:\/\/wpe-encheres.com\/site\/produit\/2-tables-gigognes-en-bois-et-metal-noir-dont-une-formant-tiroir-43-x-60-x-60-cm-et-39-x-50-x-50-cm-bat-m-1er\/","url":"https:\/\/wpe-encheres.com\/site\/produit\/2-tables-gigognes-en-bois-et-metal-noir-dont-une-formant-tiroir-43-x-60-x-60-cm-et-39-x-50-x-50-cm-bat-m-1er\/","name":"2 tables gigognes en bois et m\u00e9tal noir, dont une formant tiroir. 43 x 60 x 60 cm et 39 x 50 x 50 cm. (b\u00e2t M 1er) - wpe-encheres","isPartOf":{"@id":"https:\/\/wpe-encheres.com\/site\/#website"},"primaryImageOfPage":{"@id":"https:\/\/wpe-encheres.com\/site\/produit\/2-tables-gigognes-en-bois-et-metal-noir-dont-une-formant-tiroir-43-x-60-x-60-cm-et-39-x-50-x-50-cm-bat-m-1er\/#primaryimage"},"image":{"@id":"https:\/\/wpe-encheres.com\/site\/produit\/2-tables-gigognes-en-bois-et-metal-noir-dont-une-formant-tiroir-43-x-60-x-60-cm-et-39-x-50-x-50-cm-bat-m-1er\/#primaryimage"},"thumbnailUrl":"https:\/\/wpe-encheres.com\/site\/wp-content\/uploads\/2025\/11\/691462fbc4efe.jpg","datePublished":"2025-12-01T19:43:20+00:00","dateModified":"2025-12-01T19:43:24+00:00","breadcrumb":{"@id":"https:\/\/wpe-encheres.com\/site\/produit\/2-tables-gigognes-en-bois-et-metal-noir-dont-une-formant-tiroir-43-x-60-x-60-cm-et-39-x-50-x-50-cm-bat-m-1er\/#breadcrumb"},"inLanguage":"fr-FR","potentialAction":[{"@type":"ReadAction","target":["https:\/\/wpe-encheres.com\/site\/produit\/2-tables-gigognes-en-bois-et-metal-noir-dont-une-formant-tiroir-43-x-60-x-60-cm-et-39-x-50-x-50-cm-bat-m-1er\/"]}]},{"@type":"ImageObject","inLanguage":"fr-FR","@id":"https:\/\/wpe-encheres.com\/site\/produit\/2-tables-gigognes-en-bois-et-metal-noir-dont-une-formant-tiroir-43-x-60-x-60-cm-et-39-x-50-x-50-cm-bat-m-1er\/#primaryimage","url":"https:\/\/wpe-encheres.com\/site\/wp-content\/uploads\/2025\/11\/691462fbc4efe.jpg","contentUrl":"https:\/\/wpe-encheres.com\/site\/wp-content\/uploads\/2025\/11\/691462fbc4efe.jpg","width":691,"height":469},{"@type":"BreadcrumbList","@id":"https:\/\/wpe-encheres.com\/site\/produit\/2-tables-gigognes-en-bois-et-metal-noir-dont-une-formant-tiroir-43-x-60-x-60-cm-et-39-x-50-x-50-cm-bat-m-1er\/#breadcrumb","itemListElement":[{"@type":"ListItem","position":1,"name":"Accueil","item":"https:\/\/wpe-encheres.com\/site\/"},{"@type":"ListItem","position":2,"name":"Boutique","item":"https:\/\/wpe-encheres.com\/site\/?page_id=22765"},{"@type":"ListItem","position":3,"name":"2 tables gigognes en bois et m\u00e9tal noir, dont une formant tiroir. 43 x 60 x 60 cm et 39 x 50 x 50 cm. (b\u00e2t M 1er)"}]},{"@type":"WebSite","@id":"https:\/\/wpe-encheres.com\/site\/#website","url":"https:\/\/wpe-encheres.com\/site\/","name":"wpe-encheres","description":"","publisher":{"@id":"https:\/\/wpe-encheres.com\/site\/#organization"},"potentialAction":[{"@type":"SearchAction","target":{"@type":"EntryPoint","urlTemplate":"https:\/\/wpe-encheres.com\/site\/?s={search_term_string}"},"query-input":{"@type":"PropertyValueSpecification","valueRequired":true,"valueName":"search_term_string"}}],"inLanguage":"fr-FR"},{"@type":"Organization","@id":"https:\/\/wpe-encheres.com\/site\/#organization","name":"wpe encheres","url":"https:\/\/wpe-encheres.com\/site\/","logo":{"@type":"ImageObject","inLanguage":"fr-FR","@id":"https:\/\/wpe-encheres.com\/site\/#\/schema\/logo\/image\/","url":"https:\/\/wpe-encheres.com\/site\/wp-content\/uploads\/2025\/08\/wpe-encheres-logo.png","contentUrl":"https:\/\/wpe-encheres.com\/site\/wp-content\/uploads\/2025\/08\/wpe-encheres-logo.png","width":300,"height":110,"caption":"wpe encheres"},"image":{"@id":"https:\/\/wpe-encheres.com\/site\/#\/schema\/logo\/image\/"}}]}},"_links":{"self":[{"href":"https:\/\/wpe-encheres.com\/site\/wp-json\/wp\/v2\/product\/35111","targetHints":{"allow":["GET"]}}],"collection":[{"href":"https:\/\/wpe-encheres.com\/site\/wp-json\/wp\/v2\/product"}],"about":[{"href":"https:\/\/wpe-encheres.com\/site\/wp-json\/wp\/v2\/types\/product"}],"wp:featuredmedia":[{"embeddable":true,"href":"https:\/\/wpe-encheres.com\/site\/wp-json\/wp\/v2\/media\/35112"}],"wp:attachment":[{"href":"https:\/\/wpe-encheres.com\/site\/wp-json\/wp\/v2\/media?parent=35111"}],"wp:term":[{"taxonomy":"product_brand","embeddable":true,"href":"https:\/\/wpe-encheres.com\/site\/wp-json\/wp\/v2\/product_brand?post=35111"},{"taxonomy":"product_cat","embeddable":true,"href":"https:\/\/wpe-encheres.com\/site\/wp-json\/wp\/v2\/product_cat?post=35111"},{"taxonomy":"product_tag","embeddable":true,"href":"https:\/\/wpe-encheres.com\/site\/wp-json\/wp\/v2\/product_tag?post=35111"}],"curies":[{"name":"wp","href":"https:\/\/api.w.org\/{rel}","templated":true}]}}