{"id":30513,"date":"2025-09-09T10:15:22","date_gmt":"2025-09-09T08:15:22","guid":{"rendered":"https:\/\/wpe-encheres.com\/site\/produit\/fauteuil-de-bureau-pivotant-ajustable-design-alberto-meda-modele-meda-chair-edition-vitra-structure-en-aluminium-assise-et-dessus-daccoudoirs-en-cuir-noir-dossier-en-resille-blanche-pietement-en\/"},"modified":"2025-09-18T09:55:38","modified_gmt":"2025-09-18T07:55:38","slug":"fauteuil-de-bureau-pivotant-ajustable-design-alberto-meda-modele-meda-chair-edition-vitra-structure-en-aluminium-assise-et-dessus-daccoudoirs-en-cuir-noir-dossier-en-resille-blanche-pietement-en","status":"publish","type":"product","link":"https:\/\/wpe-encheres.com\/site\/produit\/fauteuil-de-bureau-pivotant-ajustable-design-alberto-meda-modele-meda-chair-edition-vitra-structure-en-aluminium-assise-et-dessus-daccoudoirs-en-cuir-noir-dossier-en-resille-blanche-pietement-en\/","title":{"rendered":"Fauteuil de bureau pivotant ajustable design Alberto Meda mod\u00e8le Meda Chair \u00e9dition Vitra, structure en aluminium, assise et dessus d&rsquo;accoudoirs en cuir noir, dossier en r\u00e9sille blanche, pi\u00e8tement en \u00e9toile \u00e0 5 branches sur roulettes. 110 x 62 x 58 cm. 2 unit\u00e9s. Vendu \u00e0 l&rsquo;unit\u00e9 avec facult\u00e9 de r\u00e9union. Lot exon\u00e9r\u00e9 de TVA. Localisation : 10 rue du Ballon &#8211; 93160 Noisy-Le-Grand"},"content":{"rendered":"<p>Fauteuil de bureau pivotant ajustable design Alberto Meda mod\u00e8le Meda Chair \u00e9dition Vitra, structure en aluminium, assise et dessus d&rsquo;accoudoirs en cuir noir, dossier en r\u00e9sille blanche, pi\u00e8tement en \u00e9toile \u00e0 5 branches sur roulettes. 110 x 62 x 58 cm. 2 unit\u00e9s. Vendu \u00e0 l&rsquo;unit\u00e9 avec facult\u00e9 de r\u00e9union. Lot exon\u00e9r\u00e9 de TVA. Localisation : 10 rue du Ballon &#8211; 93160 Noisy-Le-Grand<\/p>\n","protected":false},"excerpt":{"rendered":"<p>Fauteuil de bureau pivotant ajustable design Alberto Meda mod\u00e8le Meda Chair \u00e9dition Vitra, structure en aluminium, assise et dessus d&rsquo;accoudoirs en cuir noir, dossier en r\u00e9sille blanche, pi\u00e8tement en \u00e9toile \u00e0 5 branches sur roulettes. 110 x 62 x 58 cm. 2 unit\u00e9s. Vendu \u00e0 l&rsquo;unit\u00e9 avec facult\u00e9 de r\u00e9union. Lot exon\u00e9r\u00e9 de TVA. Localisation : 10 rue du Ballon &#8211; 93160 Noisy-Le-Grand<\/p>\n","protected":false},"featured_media":22902,"template":"","meta":{"_acf_changed":false},"product_brand":[],"product_cat":[22],"product_tag":[23],"class_list":{"0":"post-30513","1":"product","2":"type-product","3":"status-publish","4":"has-post-thumbnail","6":"product_cat-mobilier-design-haut-de-gamme","7":"product_tag-vente-du-9-septembre-2025","9":"first","10":"outofstock","11":"product-type-simple"},"acf":[],"yoast_head":"<!-- This site is optimized with the Yoast SEO plugin v27.3 - https:\/\/yoast.com\/product\/yoast-seo-wordpress\/ -->\n<title>Fauteuil de bureau pivotant ajustable design Alberto Meda mod\u00e8le Meda Chair \u00e9dition Vitra, structure en aluminium, assise et dessus d&#039;accoudoirs en cuir noir, dossier en r\u00e9sille blanche, pi\u00e8tement en \u00e9toile \u00e0 5 branches sur roulettes. 110 x 62 x 58 cm. 2 unit\u00e9s. Vendu \u00e0 l&#039;unit\u00e9 avec facult\u00e9 de r\u00e9union. Lot exon\u00e9r\u00e9 de TVA. Localisation : 10 rue du Ballon - 93160 Noisy-Le-Grand - wpe-encheres<\/title>\n<meta name=\"robots\" content=\"index, follow, max-snippet:-1, max-image-preview:large, max-video-preview:-1\" \/>\n<link rel=\"canonical\" href=\"https:\/\/wpe-encheres.com\/site\/produit\/fauteuil-de-bureau-pivotant-ajustable-design-alberto-meda-modele-meda-chair-edition-vitra-structure-en-aluminium-assise-et-dessus-daccoudoirs-en-cuir-noir-dossier-en-resille-blanche-pietement-en\/\" \/>\n<meta property=\"og:locale\" content=\"fr_FR\" \/>\n<meta property=\"og:type\" content=\"article\" \/>\n<meta property=\"og:title\" content=\"Fauteuil de bureau pivotant ajustable design Alberto Meda mod\u00e8le Meda Chair \u00e9dition Vitra, structure en aluminium, assise et dessus d&#039;accoudoirs en cuir noir, dossier en r\u00e9sille blanche, pi\u00e8tement en \u00e9toile \u00e0 5 branches sur roulettes. 110 x 62 x 58 cm. 2 unit\u00e9s. Vendu \u00e0 l&#039;unit\u00e9 avec facult\u00e9 de r\u00e9union. Lot exon\u00e9r\u00e9 de TVA. Localisation : 10 rue du Ballon - 93160 Noisy-Le-Grand - wpe-encheres\" \/>\n<meta property=\"og:description\" content=\"Fauteuil de bureau pivotant ajustable design Alberto Meda mod\u00e8le Meda Chair \u00e9dition Vitra, structure en aluminium, assise et dessus d&#039;accoudoirs en cuir noir, dossier en r\u00e9sille blanche, pi\u00e8tement en \u00e9toile \u00e0 5 branches sur roulettes. 110 x 62 x 58 cm. 2 unit\u00e9s. Vendu \u00e0 l&#039;unit\u00e9 avec facult\u00e9 de r\u00e9union. Lot exon\u00e9r\u00e9 de TVA. Localisation : 10 rue du Ballon - 93160 Noisy-Le-Grand\" \/>\n<meta property=\"og:url\" content=\"https:\/\/wpe-encheres.com\/site\/produit\/fauteuil-de-bureau-pivotant-ajustable-design-alberto-meda-modele-meda-chair-edition-vitra-structure-en-aluminium-assise-et-dessus-daccoudoirs-en-cuir-noir-dossier-en-resille-blanche-pietement-en\/\" \/>\n<meta property=\"og:site_name\" content=\"wpe-encheres\" \/>\n<meta property=\"article:modified_time\" content=\"2025-09-18T07:55:38+00:00\" \/>\n<meta property=\"og:image\" content=\"https:\/\/wpe-encheres.com\/site\/wp-content\/uploads\/2025\/08\/6899efb92467a.jpg\" \/>\n\t<meta property=\"og:image:width\" content=\"666\" \/>\n\t<meta property=\"og:image:height\" content=\"1088\" \/>\n\t<meta property=\"og:image:type\" content=\"image\/jpeg\" \/>\n<meta name=\"twitter:card\" content=\"summary_large_image\" \/>\n<script type=\"application\/ld+json\" class=\"yoast-schema-graph\">{\"@context\":\"https:\\\/\\\/schema.org\",\"@graph\":[{\"@type\":\"WebPage\",\"@id\":\"https:\\\/\\\/wpe-encheres.com\\\/site\\\/produit\\\/fauteuil-de-bureau-pivotant-ajustable-design-alberto-meda-modele-meda-chair-edition-vitra-structure-en-aluminium-assise-et-dessus-daccoudoirs-en-cuir-noir-dossier-en-resille-blanche-pietement-en\\\/\",\"url\":\"https:\\\/\\\/wpe-encheres.com\\\/site\\\/produit\\\/fauteuil-de-bureau-pivotant-ajustable-design-alberto-meda-modele-meda-chair-edition-vitra-structure-en-aluminium-assise-et-dessus-daccoudoirs-en-cuir-noir-dossier-en-resille-blanche-pietement-en\\\/\",\"name\":\"Fauteuil de bureau pivotant ajustable design Alberto Meda mod\u00e8le Meda Chair \u00e9dition Vitra, structure en aluminium, assise et dessus d'accoudoirs en cuir noir, dossier en r\u00e9sille blanche, pi\u00e8tement en \u00e9toile \u00e0 5 branches sur roulettes. 110 x 62 x 58 cm. 2 unit\u00e9s. Vendu \u00e0 l'unit\u00e9 avec facult\u00e9 de r\u00e9union. Lot exon\u00e9r\u00e9 de TVA. Localisation : 10 rue du Ballon - 93160 Noisy-Le-Grand - wpe-encheres\",\"isPartOf\":{\"@id\":\"https:\\\/\\\/wpe-encheres.com\\\/site\\\/#website\"},\"primaryImageOfPage\":{\"@id\":\"https:\\\/\\\/wpe-encheres.com\\\/site\\\/produit\\\/fauteuil-de-bureau-pivotant-ajustable-design-alberto-meda-modele-meda-chair-edition-vitra-structure-en-aluminium-assise-et-dessus-daccoudoirs-en-cuir-noir-dossier-en-resille-blanche-pietement-en\\\/#primaryimage\"},\"image\":{\"@id\":\"https:\\\/\\\/wpe-encheres.com\\\/site\\\/produit\\\/fauteuil-de-bureau-pivotant-ajustable-design-alberto-meda-modele-meda-chair-edition-vitra-structure-en-aluminium-assise-et-dessus-daccoudoirs-en-cuir-noir-dossier-en-resille-blanche-pietement-en\\\/#primaryimage\"},\"thumbnailUrl\":\"https:\\\/\\\/wpe-encheres.com\\\/site\\\/wp-content\\\/uploads\\\/2025\\\/08\\\/6899efb92467a.jpg\",\"datePublished\":\"2025-09-09T08:15:22+00:00\",\"dateModified\":\"2025-09-18T07:55:38+00:00\",\"breadcrumb\":{\"@id\":\"https:\\\/\\\/wpe-encheres.com\\\/site\\\/produit\\\/fauteuil-de-bureau-pivotant-ajustable-design-alberto-meda-modele-meda-chair-edition-vitra-structure-en-aluminium-assise-et-dessus-daccoudoirs-en-cuir-noir-dossier-en-resille-blanche-pietement-en\\\/#breadcrumb\"},\"inLanguage\":\"fr-FR\",\"potentialAction\":[{\"@type\":\"ReadAction\",\"target\":[\"https:\\\/\\\/wpe-encheres.com\\\/site\\\/produit\\\/fauteuil-de-bureau-pivotant-ajustable-design-alberto-meda-modele-meda-chair-edition-vitra-structure-en-aluminium-assise-et-dessus-daccoudoirs-en-cuir-noir-dossier-en-resille-blanche-pietement-en\\\/\"]}]},{\"@type\":\"ImageObject\",\"inLanguage\":\"fr-FR\",\"@id\":\"https:\\\/\\\/wpe-encheres.com\\\/site\\\/produit\\\/fauteuil-de-bureau-pivotant-ajustable-design-alberto-meda-modele-meda-chair-edition-vitra-structure-en-aluminium-assise-et-dessus-daccoudoirs-en-cuir-noir-dossier-en-resille-blanche-pietement-en\\\/#primaryimage\",\"url\":\"https:\\\/\\\/wpe-encheres.com\\\/site\\\/wp-content\\\/uploads\\\/2025\\\/08\\\/6899efb92467a.jpg\",\"contentUrl\":\"https:\\\/\\\/wpe-encheres.com\\\/site\\\/wp-content\\\/uploads\\\/2025\\\/08\\\/6899efb92467a.jpg\",\"width\":666,\"height\":1088},{\"@type\":\"BreadcrumbList\",\"@id\":\"https:\\\/\\\/wpe-encheres.com\\\/site\\\/produit\\\/fauteuil-de-bureau-pivotant-ajustable-design-alberto-meda-modele-meda-chair-edition-vitra-structure-en-aluminium-assise-et-dessus-daccoudoirs-en-cuir-noir-dossier-en-resille-blanche-pietement-en\\\/#breadcrumb\",\"itemListElement\":[{\"@type\":\"ListItem\",\"position\":1,\"name\":\"Accueil\",\"item\":\"https:\\\/\\\/wpe-encheres.com\\\/site\\\/\"},{\"@type\":\"ListItem\",\"position\":2,\"name\":\"Boutique\",\"item\":\"https:\\\/\\\/wpe-encheres.com\\\/site\\\/?page_id=22765\"},{\"@type\":\"ListItem\",\"position\":3,\"name\":\"Fauteuil de bureau pivotant ajustable design Alberto Meda mod\u00e8le Meda Chair \u00e9dition Vitra, structure en aluminium, assise et dessus d&rsquo;accoudoirs en cuir noir, dossier en r\u00e9sille blanche, pi\u00e8tement en \u00e9toile \u00e0 5 branches sur roulettes. 110 x 62 x 58 cm. 2 unit\u00e9s. Vendu \u00e0 l&rsquo;unit\u00e9 avec facult\u00e9 de r\u00e9union. Lot exon\u00e9r\u00e9 de TVA. Localisation : 10 rue du Ballon &#8211; 93160 Noisy-Le-Grand\"}]},{\"@type\":\"WebSite\",\"@id\":\"https:\\\/\\\/wpe-encheres.com\\\/site\\\/#website\",\"url\":\"https:\\\/\\\/wpe-encheres.com\\\/site\\\/\",\"name\":\"wpe-encheres\",\"description\":\"\",\"publisher\":{\"@id\":\"https:\\\/\\\/wpe-encheres.com\\\/site\\\/#organization\"},\"potentialAction\":[{\"@type\":\"SearchAction\",\"target\":{\"@type\":\"EntryPoint\",\"urlTemplate\":\"https:\\\/\\\/wpe-encheres.com\\\/site\\\/?s={search_term_string}\"},\"query-input\":{\"@type\":\"PropertyValueSpecification\",\"valueRequired\":true,\"valueName\":\"search_term_string\"}}],\"inLanguage\":\"fr-FR\"},{\"@type\":\"Organization\",\"@id\":\"https:\\\/\\\/wpe-encheres.com\\\/site\\\/#organization\",\"name\":\"wpe encheres\",\"url\":\"https:\\\/\\\/wpe-encheres.com\\\/site\\\/\",\"logo\":{\"@type\":\"ImageObject\",\"inLanguage\":\"fr-FR\",\"@id\":\"https:\\\/\\\/wpe-encheres.com\\\/site\\\/#\\\/schema\\\/logo\\\/image\\\/\",\"url\":\"https:\\\/\\\/wpe-encheres.com\\\/site\\\/wp-content\\\/uploads\\\/2025\\\/08\\\/wpe-encheres-logo.png\",\"contentUrl\":\"https:\\\/\\\/wpe-encheres.com\\\/site\\\/wp-content\\\/uploads\\\/2025\\\/08\\\/wpe-encheres-logo.png\",\"width\":300,\"height\":110,\"caption\":\"wpe encheres\"},\"image\":{\"@id\":\"https:\\\/\\\/wpe-encheres.com\\\/site\\\/#\\\/schema\\\/logo\\\/image\\\/\"}}]}<\/script>\n<!-- \/ Yoast SEO plugin. -->","yoast_head_json":{"title":"Fauteuil de bureau pivotant ajustable design Alberto Meda mod\u00e8le Meda Chair \u00e9dition Vitra, structure en aluminium, assise et dessus d'accoudoirs en cuir noir, dossier en r\u00e9sille blanche, pi\u00e8tement en \u00e9toile \u00e0 5 branches sur roulettes. 110 x 62 x 58 cm. 2 unit\u00e9s. Vendu \u00e0 l'unit\u00e9 avec facult\u00e9 de r\u00e9union. Lot exon\u00e9r\u00e9 de TVA. Localisation : 10 rue du Ballon - 93160 Noisy-Le-Grand - wpe-encheres","robots":{"index":"index","follow":"follow","max-snippet":"max-snippet:-1","max-image-preview":"max-image-preview:large","max-video-preview":"max-video-preview:-1"},"canonical":"https:\/\/wpe-encheres.com\/site\/produit\/fauteuil-de-bureau-pivotant-ajustable-design-alberto-meda-modele-meda-chair-edition-vitra-structure-en-aluminium-assise-et-dessus-daccoudoirs-en-cuir-noir-dossier-en-resille-blanche-pietement-en\/","og_locale":"fr_FR","og_type":"article","og_title":"Fauteuil de bureau pivotant ajustable design Alberto Meda mod\u00e8le Meda Chair \u00e9dition Vitra, structure en aluminium, assise et dessus d'accoudoirs en cuir noir, dossier en r\u00e9sille blanche, pi\u00e8tement en \u00e9toile \u00e0 5 branches sur roulettes. 110 x 62 x 58 cm. 2 unit\u00e9s. Vendu \u00e0 l'unit\u00e9 avec facult\u00e9 de r\u00e9union. Lot exon\u00e9r\u00e9 de TVA. Localisation : 10 rue du Ballon - 93160 Noisy-Le-Grand - wpe-encheres","og_description":"Fauteuil de bureau pivotant ajustable design Alberto Meda mod\u00e8le Meda Chair \u00e9dition Vitra, structure en aluminium, assise et dessus d'accoudoirs en cuir noir, dossier en r\u00e9sille blanche, pi\u00e8tement en \u00e9toile \u00e0 5 branches sur roulettes. 110 x 62 x 58 cm. 2 unit\u00e9s. Vendu \u00e0 l'unit\u00e9 avec facult\u00e9 de r\u00e9union. Lot exon\u00e9r\u00e9 de TVA. Localisation : 10 rue du Ballon - 93160 Noisy-Le-Grand","og_url":"https:\/\/wpe-encheres.com\/site\/produit\/fauteuil-de-bureau-pivotant-ajustable-design-alberto-meda-modele-meda-chair-edition-vitra-structure-en-aluminium-assise-et-dessus-daccoudoirs-en-cuir-noir-dossier-en-resille-blanche-pietement-en\/","og_site_name":"wpe-encheres","article_modified_time":"2025-09-18T07:55:38+00:00","og_image":[{"width":666,"height":1088,"url":"https:\/\/wpe-encheres.com\/site\/wp-content\/uploads\/2025\/08\/6899efb92467a.jpg","type":"image\/jpeg"}],"twitter_card":"summary_large_image","schema":{"@context":"https:\/\/schema.org","@graph":[{"@type":"WebPage","@id":"https:\/\/wpe-encheres.com\/site\/produit\/fauteuil-de-bureau-pivotant-ajustable-design-alberto-meda-modele-meda-chair-edition-vitra-structure-en-aluminium-assise-et-dessus-daccoudoirs-en-cuir-noir-dossier-en-resille-blanche-pietement-en\/","url":"https:\/\/wpe-encheres.com\/site\/produit\/fauteuil-de-bureau-pivotant-ajustable-design-alberto-meda-modele-meda-chair-edition-vitra-structure-en-aluminium-assise-et-dessus-daccoudoirs-en-cuir-noir-dossier-en-resille-blanche-pietement-en\/","name":"Fauteuil de bureau pivotant ajustable design Alberto Meda mod\u00e8le Meda Chair \u00e9dition Vitra, structure en aluminium, assise et dessus d'accoudoirs en cuir noir, dossier en r\u00e9sille blanche, pi\u00e8tement en \u00e9toile \u00e0 5 branches sur roulettes. 110 x 62 x 58 cm. 2 unit\u00e9s. Vendu \u00e0 l'unit\u00e9 avec facult\u00e9 de r\u00e9union. Lot exon\u00e9r\u00e9 de TVA. Localisation : 10 rue du Ballon - 93160 Noisy-Le-Grand - wpe-encheres","isPartOf":{"@id":"https:\/\/wpe-encheres.com\/site\/#website"},"primaryImageOfPage":{"@id":"https:\/\/wpe-encheres.com\/site\/produit\/fauteuil-de-bureau-pivotant-ajustable-design-alberto-meda-modele-meda-chair-edition-vitra-structure-en-aluminium-assise-et-dessus-daccoudoirs-en-cuir-noir-dossier-en-resille-blanche-pietement-en\/#primaryimage"},"image":{"@id":"https:\/\/wpe-encheres.com\/site\/produit\/fauteuil-de-bureau-pivotant-ajustable-design-alberto-meda-modele-meda-chair-edition-vitra-structure-en-aluminium-assise-et-dessus-daccoudoirs-en-cuir-noir-dossier-en-resille-blanche-pietement-en\/#primaryimage"},"thumbnailUrl":"https:\/\/wpe-encheres.com\/site\/wp-content\/uploads\/2025\/08\/6899efb92467a.jpg","datePublished":"2025-09-09T08:15:22+00:00","dateModified":"2025-09-18T07:55:38+00:00","breadcrumb":{"@id":"https:\/\/wpe-encheres.com\/site\/produit\/fauteuil-de-bureau-pivotant-ajustable-design-alberto-meda-modele-meda-chair-edition-vitra-structure-en-aluminium-assise-et-dessus-daccoudoirs-en-cuir-noir-dossier-en-resille-blanche-pietement-en\/#breadcrumb"},"inLanguage":"fr-FR","potentialAction":[{"@type":"ReadAction","target":["https:\/\/wpe-encheres.com\/site\/produit\/fauteuil-de-bureau-pivotant-ajustable-design-alberto-meda-modele-meda-chair-edition-vitra-structure-en-aluminium-assise-et-dessus-daccoudoirs-en-cuir-noir-dossier-en-resille-blanche-pietement-en\/"]}]},{"@type":"ImageObject","inLanguage":"fr-FR","@id":"https:\/\/wpe-encheres.com\/site\/produit\/fauteuil-de-bureau-pivotant-ajustable-design-alberto-meda-modele-meda-chair-edition-vitra-structure-en-aluminium-assise-et-dessus-daccoudoirs-en-cuir-noir-dossier-en-resille-blanche-pietement-en\/#primaryimage","url":"https:\/\/wpe-encheres.com\/site\/wp-content\/uploads\/2025\/08\/6899efb92467a.jpg","contentUrl":"https:\/\/wpe-encheres.com\/site\/wp-content\/uploads\/2025\/08\/6899efb92467a.jpg","width":666,"height":1088},{"@type":"BreadcrumbList","@id":"https:\/\/wpe-encheres.com\/site\/produit\/fauteuil-de-bureau-pivotant-ajustable-design-alberto-meda-modele-meda-chair-edition-vitra-structure-en-aluminium-assise-et-dessus-daccoudoirs-en-cuir-noir-dossier-en-resille-blanche-pietement-en\/#breadcrumb","itemListElement":[{"@type":"ListItem","position":1,"name":"Accueil","item":"https:\/\/wpe-encheres.com\/site\/"},{"@type":"ListItem","position":2,"name":"Boutique","item":"https:\/\/wpe-encheres.com\/site\/?page_id=22765"},{"@type":"ListItem","position":3,"name":"Fauteuil de bureau pivotant ajustable design Alberto Meda mod\u00e8le Meda Chair \u00e9dition Vitra, structure en aluminium, assise et dessus d&rsquo;accoudoirs en cuir noir, dossier en r\u00e9sille blanche, pi\u00e8tement en \u00e9toile \u00e0 5 branches sur roulettes. 110 x 62 x 58 cm. 2 unit\u00e9s. Vendu \u00e0 l&rsquo;unit\u00e9 avec facult\u00e9 de r\u00e9union. Lot exon\u00e9r\u00e9 de TVA. Localisation : 10 rue du Ballon &#8211; 93160 Noisy-Le-Grand"}]},{"@type":"WebSite","@id":"https:\/\/wpe-encheres.com\/site\/#website","url":"https:\/\/wpe-encheres.com\/site\/","name":"wpe-encheres","description":"","publisher":{"@id":"https:\/\/wpe-encheres.com\/site\/#organization"},"potentialAction":[{"@type":"SearchAction","target":{"@type":"EntryPoint","urlTemplate":"https:\/\/wpe-encheres.com\/site\/?s={search_term_string}"},"query-input":{"@type":"PropertyValueSpecification","valueRequired":true,"valueName":"search_term_string"}}],"inLanguage":"fr-FR"},{"@type":"Organization","@id":"https:\/\/wpe-encheres.com\/site\/#organization","name":"wpe encheres","url":"https:\/\/wpe-encheres.com\/site\/","logo":{"@type":"ImageObject","inLanguage":"fr-FR","@id":"https:\/\/wpe-encheres.com\/site\/#\/schema\/logo\/image\/","url":"https:\/\/wpe-encheres.com\/site\/wp-content\/uploads\/2025\/08\/wpe-encheres-logo.png","contentUrl":"https:\/\/wpe-encheres.com\/site\/wp-content\/uploads\/2025\/08\/wpe-encheres-logo.png","width":300,"height":110,"caption":"wpe encheres"},"image":{"@id":"https:\/\/wpe-encheres.com\/site\/#\/schema\/logo\/image\/"}}]}},"_links":{"self":[{"href":"https:\/\/wpe-encheres.com\/site\/wp-json\/wp\/v2\/product\/30513","targetHints":{"allow":["GET"]}}],"collection":[{"href":"https:\/\/wpe-encheres.com\/site\/wp-json\/wp\/v2\/product"}],"about":[{"href":"https:\/\/wpe-encheres.com\/site\/wp-json\/wp\/v2\/types\/product"}],"wp:featuredmedia":[{"embeddable":true,"href":"https:\/\/wpe-encheres.com\/site\/wp-json\/wp\/v2\/media\/22902"}],"wp:attachment":[{"href":"https:\/\/wpe-encheres.com\/site\/wp-json\/wp\/v2\/media?parent=30513"}],"wp:term":[{"taxonomy":"product_brand","embeddable":true,"href":"https:\/\/wpe-encheres.com\/site\/wp-json\/wp\/v2\/product_brand?post=30513"},{"taxonomy":"product_cat","embeddable":true,"href":"https:\/\/wpe-encheres.com\/site\/wp-json\/wp\/v2\/product_cat?post=30513"},{"taxonomy":"product_tag","embeddable":true,"href":"https:\/\/wpe-encheres.com\/site\/wp-json\/wp\/v2\/product_tag?post=30513"}],"curies":[{"name":"wp","href":"https:\/\/api.w.org\/{rel}","templated":true}]}}