{"id":29738,"date":"2025-08-31T20:23:57","date_gmt":"2025-08-31T18:23:57","guid":{"rendered":"https:\/\/wpe-encheres.com\/site\/produit\/167-metres-lineaires-de-rayonnage-en-acier-laque-vert-plateaux-en-bois-hauteur-225-cm-profondeur-50-cm-largeur-423-418-415-x-2-recto-verso\/"},"modified":"2025-09-18T10:06:00","modified_gmt":"2025-09-18T08:06:00","slug":"167-metres-lineaires-de-rayonnage-en-acier-laque-vert-plateaux-en-bois-hauteur-225-cm-profondeur-50-cm-largeur-423-418-415-x-2-recto-verso","status":"publish","type":"product","link":"https:\/\/wpe-encheres.com\/site\/produit\/167-metres-lineaires-de-rayonnage-en-acier-laque-vert-plateaux-en-bois-hauteur-225-cm-profondeur-50-cm-largeur-423-418-415-x-2-recto-verso\/","title":{"rendered":"16,7 m\u00e8tres lin\u00e9aires de rayonnage en acier laqu\u00e9 vert, plateaux en bois. Hauteur 225 cm. Profondeur : 50 cm. Largeur :\n 423 + 418 + 415 (x 2 \/ recto verso)"},"content":{"rendered":"<p>16,7 m\u00e8tres lin\u00e9aires de rayonnage en acier laqu\u00e9 vert, plateaux en bois. Hauteur 225 cm. Profondeur : 50 cm. Largeur :<br \/>\n 423 + 418 + 415 (x 2 \/ recto verso)<\/p>\n","protected":false},"excerpt":{"rendered":"<p>16,7 m\u00e8tres lin\u00e9aires de rayonnage en acier laqu\u00e9 vert, plateaux en bois. Hauteur 225 cm. Profondeur : 50 cm. Largeur :<br \/>\n 423 + 418 + 415 (x 2 \/ recto verso)<\/p>\n","protected":false},"featured_media":29739,"template":"","meta":{"_acf_changed":false},"product_brand":[],"product_cat":[29],"product_tag":[43],"class_list":{"0":"post-29738","1":"product","2":"type-product","3":"status-publish","4":"has-post-thumbnail","6":"product_cat-materiel-industriel-outillage-machines-outils-coffres-forts-et-armoires-fortes","7":"product_tag-vente-du-05-mars-2025","9":"first","10":"outofstock","11":"product-type-simple"},"acf":[],"yoast_head":"<!-- This site is optimized with the Yoast SEO plugin v27.3 - https:\/\/yoast.com\/product\/yoast-seo-wordpress\/ -->\n<title>16,7 m\u00e8tres lin\u00e9aires de rayonnage en acier laqu\u00e9 vert, plateaux en bois. Hauteur 225 cm. Profondeur : 50 cm. Largeur : 423 + 418 + 415 (x 2 \/ recto verso) - wpe-encheres<\/title>\n<meta name=\"robots\" content=\"index, follow, max-snippet:-1, max-image-preview:large, max-video-preview:-1\" \/>\n<link rel=\"canonical\" href=\"https:\/\/wpe-encheres.com\/site\/produit\/167-metres-lineaires-de-rayonnage-en-acier-laque-vert-plateaux-en-bois-hauteur-225-cm-profondeur-50-cm-largeur-423-418-415-x-2-recto-verso\/\" \/>\n<meta property=\"og:locale\" content=\"fr_FR\" \/>\n<meta property=\"og:type\" content=\"article\" \/>\n<meta property=\"og:title\" content=\"16,7 m\u00e8tres lin\u00e9aires de rayonnage en acier laqu\u00e9 vert, plateaux en bois. Hauteur 225 cm. Profondeur : 50 cm. Largeur : 423 + 418 + 415 (x 2 \/ recto verso) - wpe-encheres\" \/>\n<meta property=\"og:description\" content=\"16,7 m\u00e8tres lin\u00e9aires de rayonnage en acier laqu\u00e9 vert, plateaux en bois. Hauteur 225 cm. Profondeur : 50 cm. Largeur : 423 + 418 + 415 (x 2 \/ recto verso)\" \/>\n<meta property=\"og:url\" content=\"https:\/\/wpe-encheres.com\/site\/produit\/167-metres-lineaires-de-rayonnage-en-acier-laque-vert-plateaux-en-bois-hauteur-225-cm-profondeur-50-cm-largeur-423-418-415-x-2-recto-verso\/\" \/>\n<meta property=\"og:site_name\" content=\"wpe-encheres\" \/>\n<meta property=\"article:modified_time\" content=\"2025-09-18T08:06:00+00:00\" \/>\n<meta property=\"og:image\" content=\"https:\/\/wpe-encheres.com\/site\/wp-content\/uploads\/2025\/08\/67a7c718c802b.jpg\" \/>\n\t<meta property=\"og:image:width\" content=\"921\" \/>\n\t<meta property=\"og:image:height\" content=\"771\" \/>\n\t<meta property=\"og:image:type\" content=\"image\/jpeg\" \/>\n<meta name=\"twitter:card\" content=\"summary_large_image\" \/>\n<script type=\"application\/ld+json\" class=\"yoast-schema-graph\">{\"@context\":\"https:\\\/\\\/schema.org\",\"@graph\":[{\"@type\":\"WebPage\",\"@id\":\"https:\\\/\\\/wpe-encheres.com\\\/site\\\/produit\\\/167-metres-lineaires-de-rayonnage-en-acier-laque-vert-plateaux-en-bois-hauteur-225-cm-profondeur-50-cm-largeur-423-418-415-x-2-recto-verso\\\/\",\"url\":\"https:\\\/\\\/wpe-encheres.com\\\/site\\\/produit\\\/167-metres-lineaires-de-rayonnage-en-acier-laque-vert-plateaux-en-bois-hauteur-225-cm-profondeur-50-cm-largeur-423-418-415-x-2-recto-verso\\\/\",\"name\":\"16,7 m\u00e8tres lin\u00e9aires de rayonnage en acier laqu\u00e9 vert, plateaux en bois. Hauteur 225 cm. Profondeur : 50 cm. Largeur : 423 + 418 + 415 (x 2 \\\/ recto verso) - wpe-encheres\",\"isPartOf\":{\"@id\":\"https:\\\/\\\/wpe-encheres.com\\\/site\\\/#website\"},\"primaryImageOfPage\":{\"@id\":\"https:\\\/\\\/wpe-encheres.com\\\/site\\\/produit\\\/167-metres-lineaires-de-rayonnage-en-acier-laque-vert-plateaux-en-bois-hauteur-225-cm-profondeur-50-cm-largeur-423-418-415-x-2-recto-verso\\\/#primaryimage\"},\"image\":{\"@id\":\"https:\\\/\\\/wpe-encheres.com\\\/site\\\/produit\\\/167-metres-lineaires-de-rayonnage-en-acier-laque-vert-plateaux-en-bois-hauteur-225-cm-profondeur-50-cm-largeur-423-418-415-x-2-recto-verso\\\/#primaryimage\"},\"thumbnailUrl\":\"https:\\\/\\\/wpe-encheres.com\\\/site\\\/wp-content\\\/uploads\\\/2025\\\/08\\\/67a7c718c802b.jpg\",\"datePublished\":\"2025-08-31T18:23:57+00:00\",\"dateModified\":\"2025-09-18T08:06:00+00:00\",\"breadcrumb\":{\"@id\":\"https:\\\/\\\/wpe-encheres.com\\\/site\\\/produit\\\/167-metres-lineaires-de-rayonnage-en-acier-laque-vert-plateaux-en-bois-hauteur-225-cm-profondeur-50-cm-largeur-423-418-415-x-2-recto-verso\\\/#breadcrumb\"},\"inLanguage\":\"fr-FR\",\"potentialAction\":[{\"@type\":\"ReadAction\",\"target\":[\"https:\\\/\\\/wpe-encheres.com\\\/site\\\/produit\\\/167-metres-lineaires-de-rayonnage-en-acier-laque-vert-plateaux-en-bois-hauteur-225-cm-profondeur-50-cm-largeur-423-418-415-x-2-recto-verso\\\/\"]}]},{\"@type\":\"ImageObject\",\"inLanguage\":\"fr-FR\",\"@id\":\"https:\\\/\\\/wpe-encheres.com\\\/site\\\/produit\\\/167-metres-lineaires-de-rayonnage-en-acier-laque-vert-plateaux-en-bois-hauteur-225-cm-profondeur-50-cm-largeur-423-418-415-x-2-recto-verso\\\/#primaryimage\",\"url\":\"https:\\\/\\\/wpe-encheres.com\\\/site\\\/wp-content\\\/uploads\\\/2025\\\/08\\\/67a7c718c802b.jpg\",\"contentUrl\":\"https:\\\/\\\/wpe-encheres.com\\\/site\\\/wp-content\\\/uploads\\\/2025\\\/08\\\/67a7c718c802b.jpg\",\"width\":921,\"height\":771},{\"@type\":\"BreadcrumbList\",\"@id\":\"https:\\\/\\\/wpe-encheres.com\\\/site\\\/produit\\\/167-metres-lineaires-de-rayonnage-en-acier-laque-vert-plateaux-en-bois-hauteur-225-cm-profondeur-50-cm-largeur-423-418-415-x-2-recto-verso\\\/#breadcrumb\",\"itemListElement\":[{\"@type\":\"ListItem\",\"position\":1,\"name\":\"Accueil\",\"item\":\"https:\\\/\\\/wpe-encheres.com\\\/site\\\/\"},{\"@type\":\"ListItem\",\"position\":2,\"name\":\"Boutique\",\"item\":\"https:\\\/\\\/wpe-encheres.com\\\/site\\\/?page_id=22765\"},{\"@type\":\"ListItem\",\"position\":3,\"name\":\"16,7 m\u00e8tres lin\u00e9aires de rayonnage en acier laqu\u00e9 vert, plateaux en bois. Hauteur 225 cm. Profondeur : 50 cm. Largeur : 423 + 418 + 415 (x 2 \\\/ recto verso)\"}]},{\"@type\":\"WebSite\",\"@id\":\"https:\\\/\\\/wpe-encheres.com\\\/site\\\/#website\",\"url\":\"https:\\\/\\\/wpe-encheres.com\\\/site\\\/\",\"name\":\"wpe-encheres\",\"description\":\"\",\"publisher\":{\"@id\":\"https:\\\/\\\/wpe-encheres.com\\\/site\\\/#organization\"},\"potentialAction\":[{\"@type\":\"SearchAction\",\"target\":{\"@type\":\"EntryPoint\",\"urlTemplate\":\"https:\\\/\\\/wpe-encheres.com\\\/site\\\/?s={search_term_string}\"},\"query-input\":{\"@type\":\"PropertyValueSpecification\",\"valueRequired\":true,\"valueName\":\"search_term_string\"}}],\"inLanguage\":\"fr-FR\"},{\"@type\":\"Organization\",\"@id\":\"https:\\\/\\\/wpe-encheres.com\\\/site\\\/#organization\",\"name\":\"wpe encheres\",\"url\":\"https:\\\/\\\/wpe-encheres.com\\\/site\\\/\",\"logo\":{\"@type\":\"ImageObject\",\"inLanguage\":\"fr-FR\",\"@id\":\"https:\\\/\\\/wpe-encheres.com\\\/site\\\/#\\\/schema\\\/logo\\\/image\\\/\",\"url\":\"https:\\\/\\\/wpe-encheres.com\\\/site\\\/wp-content\\\/uploads\\\/2025\\\/08\\\/wpe-encheres-logo.png\",\"contentUrl\":\"https:\\\/\\\/wpe-encheres.com\\\/site\\\/wp-content\\\/uploads\\\/2025\\\/08\\\/wpe-encheres-logo.png\",\"width\":300,\"height\":110,\"caption\":\"wpe encheres\"},\"image\":{\"@id\":\"https:\\\/\\\/wpe-encheres.com\\\/site\\\/#\\\/schema\\\/logo\\\/image\\\/\"}}]}<\/script>\n<!-- \/ Yoast SEO plugin. -->","yoast_head_json":{"title":"16,7 m\u00e8tres lin\u00e9aires de rayonnage en acier laqu\u00e9 vert, plateaux en bois. Hauteur 225 cm. Profondeur : 50 cm. Largeur : 423 + 418 + 415 (x 2 \/ recto verso) - wpe-encheres","robots":{"index":"index","follow":"follow","max-snippet":"max-snippet:-1","max-image-preview":"max-image-preview:large","max-video-preview":"max-video-preview:-1"},"canonical":"https:\/\/wpe-encheres.com\/site\/produit\/167-metres-lineaires-de-rayonnage-en-acier-laque-vert-plateaux-en-bois-hauteur-225-cm-profondeur-50-cm-largeur-423-418-415-x-2-recto-verso\/","og_locale":"fr_FR","og_type":"article","og_title":"16,7 m\u00e8tres lin\u00e9aires de rayonnage en acier laqu\u00e9 vert, plateaux en bois. Hauteur 225 cm. Profondeur : 50 cm. Largeur : 423 + 418 + 415 (x 2 \/ recto verso) - wpe-encheres","og_description":"16,7 m\u00e8tres lin\u00e9aires de rayonnage en acier laqu\u00e9 vert, plateaux en bois. Hauteur 225 cm. Profondeur : 50 cm. Largeur : 423 + 418 + 415 (x 2 \/ recto verso)","og_url":"https:\/\/wpe-encheres.com\/site\/produit\/167-metres-lineaires-de-rayonnage-en-acier-laque-vert-plateaux-en-bois-hauteur-225-cm-profondeur-50-cm-largeur-423-418-415-x-2-recto-verso\/","og_site_name":"wpe-encheres","article_modified_time":"2025-09-18T08:06:00+00:00","og_image":[{"width":921,"height":771,"url":"https:\/\/wpe-encheres.com\/site\/wp-content\/uploads\/2025\/08\/67a7c718c802b.jpg","type":"image\/jpeg"}],"twitter_card":"summary_large_image","schema":{"@context":"https:\/\/schema.org","@graph":[{"@type":"WebPage","@id":"https:\/\/wpe-encheres.com\/site\/produit\/167-metres-lineaires-de-rayonnage-en-acier-laque-vert-plateaux-en-bois-hauteur-225-cm-profondeur-50-cm-largeur-423-418-415-x-2-recto-verso\/","url":"https:\/\/wpe-encheres.com\/site\/produit\/167-metres-lineaires-de-rayonnage-en-acier-laque-vert-plateaux-en-bois-hauteur-225-cm-profondeur-50-cm-largeur-423-418-415-x-2-recto-verso\/","name":"16,7 m\u00e8tres lin\u00e9aires de rayonnage en acier laqu\u00e9 vert, plateaux en bois. Hauteur 225 cm. Profondeur : 50 cm. Largeur : 423 + 418 + 415 (x 2 \/ recto verso) - wpe-encheres","isPartOf":{"@id":"https:\/\/wpe-encheres.com\/site\/#website"},"primaryImageOfPage":{"@id":"https:\/\/wpe-encheres.com\/site\/produit\/167-metres-lineaires-de-rayonnage-en-acier-laque-vert-plateaux-en-bois-hauteur-225-cm-profondeur-50-cm-largeur-423-418-415-x-2-recto-verso\/#primaryimage"},"image":{"@id":"https:\/\/wpe-encheres.com\/site\/produit\/167-metres-lineaires-de-rayonnage-en-acier-laque-vert-plateaux-en-bois-hauteur-225-cm-profondeur-50-cm-largeur-423-418-415-x-2-recto-verso\/#primaryimage"},"thumbnailUrl":"https:\/\/wpe-encheres.com\/site\/wp-content\/uploads\/2025\/08\/67a7c718c802b.jpg","datePublished":"2025-08-31T18:23:57+00:00","dateModified":"2025-09-18T08:06:00+00:00","breadcrumb":{"@id":"https:\/\/wpe-encheres.com\/site\/produit\/167-metres-lineaires-de-rayonnage-en-acier-laque-vert-plateaux-en-bois-hauteur-225-cm-profondeur-50-cm-largeur-423-418-415-x-2-recto-verso\/#breadcrumb"},"inLanguage":"fr-FR","potentialAction":[{"@type":"ReadAction","target":["https:\/\/wpe-encheres.com\/site\/produit\/167-metres-lineaires-de-rayonnage-en-acier-laque-vert-plateaux-en-bois-hauteur-225-cm-profondeur-50-cm-largeur-423-418-415-x-2-recto-verso\/"]}]},{"@type":"ImageObject","inLanguage":"fr-FR","@id":"https:\/\/wpe-encheres.com\/site\/produit\/167-metres-lineaires-de-rayonnage-en-acier-laque-vert-plateaux-en-bois-hauteur-225-cm-profondeur-50-cm-largeur-423-418-415-x-2-recto-verso\/#primaryimage","url":"https:\/\/wpe-encheres.com\/site\/wp-content\/uploads\/2025\/08\/67a7c718c802b.jpg","contentUrl":"https:\/\/wpe-encheres.com\/site\/wp-content\/uploads\/2025\/08\/67a7c718c802b.jpg","width":921,"height":771},{"@type":"BreadcrumbList","@id":"https:\/\/wpe-encheres.com\/site\/produit\/167-metres-lineaires-de-rayonnage-en-acier-laque-vert-plateaux-en-bois-hauteur-225-cm-profondeur-50-cm-largeur-423-418-415-x-2-recto-verso\/#breadcrumb","itemListElement":[{"@type":"ListItem","position":1,"name":"Accueil","item":"https:\/\/wpe-encheres.com\/site\/"},{"@type":"ListItem","position":2,"name":"Boutique","item":"https:\/\/wpe-encheres.com\/site\/?page_id=22765"},{"@type":"ListItem","position":3,"name":"16,7 m\u00e8tres lin\u00e9aires de rayonnage en acier laqu\u00e9 vert, plateaux en bois. Hauteur 225 cm. Profondeur : 50 cm. Largeur : 423 + 418 + 415 (x 2 \/ recto verso)"}]},{"@type":"WebSite","@id":"https:\/\/wpe-encheres.com\/site\/#website","url":"https:\/\/wpe-encheres.com\/site\/","name":"wpe-encheres","description":"","publisher":{"@id":"https:\/\/wpe-encheres.com\/site\/#organization"},"potentialAction":[{"@type":"SearchAction","target":{"@type":"EntryPoint","urlTemplate":"https:\/\/wpe-encheres.com\/site\/?s={search_term_string}"},"query-input":{"@type":"PropertyValueSpecification","valueRequired":true,"valueName":"search_term_string"}}],"inLanguage":"fr-FR"},{"@type":"Organization","@id":"https:\/\/wpe-encheres.com\/site\/#organization","name":"wpe encheres","url":"https:\/\/wpe-encheres.com\/site\/","logo":{"@type":"ImageObject","inLanguage":"fr-FR","@id":"https:\/\/wpe-encheres.com\/site\/#\/schema\/logo\/image\/","url":"https:\/\/wpe-encheres.com\/site\/wp-content\/uploads\/2025\/08\/wpe-encheres-logo.png","contentUrl":"https:\/\/wpe-encheres.com\/site\/wp-content\/uploads\/2025\/08\/wpe-encheres-logo.png","width":300,"height":110,"caption":"wpe encheres"},"image":{"@id":"https:\/\/wpe-encheres.com\/site\/#\/schema\/logo\/image\/"}}]}},"_links":{"self":[{"href":"https:\/\/wpe-encheres.com\/site\/wp-json\/wp\/v2\/product\/29738","targetHints":{"allow":["GET"]}}],"collection":[{"href":"https:\/\/wpe-encheres.com\/site\/wp-json\/wp\/v2\/product"}],"about":[{"href":"https:\/\/wpe-encheres.com\/site\/wp-json\/wp\/v2\/types\/product"}],"wp:featuredmedia":[{"embeddable":true,"href":"https:\/\/wpe-encheres.com\/site\/wp-json\/wp\/v2\/media\/29739"}],"wp:attachment":[{"href":"https:\/\/wpe-encheres.com\/site\/wp-json\/wp\/v2\/media?parent=29738"}],"wp:term":[{"taxonomy":"product_brand","embeddable":true,"href":"https:\/\/wpe-encheres.com\/site\/wp-json\/wp\/v2\/product_brand?post=29738"},{"taxonomy":"product_cat","embeddable":true,"href":"https:\/\/wpe-encheres.com\/site\/wp-json\/wp\/v2\/product_cat?post=29738"},{"taxonomy":"product_tag","embeddable":true,"href":"https:\/\/wpe-encheres.com\/site\/wp-json\/wp\/v2\/product_tag?post=29738"}],"curies":[{"name":"wp","href":"https:\/\/api.w.org\/{rel}","templated":true}]}}