{"id":28973,"date":"2025-08-31T19:39:41","date_gmt":"2025-08-31T17:39:41","guid":{"rendered":"https:\/\/wpe-encheres.com\/site\/produit\/structure-en-forme-de-cabane-recouverte-de-tissus-en-laine-rose-pale-abritant-un-poste-de-travail-compose-dun-bureau-blanc-120-cm-par-70-cm-de-profondeur-et-integrant-un-plafonnier-hauteur-223-cm-l\/"},"modified":"2025-09-18T10:10:10","modified_gmt":"2025-09-18T08:10:10","slug":"structure-en-forme-de-cabane-recouverte-de-tissus-en-laine-rose-pale-abritant-un-poste-de-travail-compose-dun-bureau-blanc-120-cm-par-70-cm-de-profondeur-et-integrant-un-plafonnier-hauteur-223-cm-l","status":"publish","type":"product","link":"https:\/\/wpe-encheres.com\/site\/produit\/structure-en-forme-de-cabane-recouverte-de-tissus-en-laine-rose-pale-abritant-un-poste-de-travail-compose-dun-bureau-blanc-120-cm-par-70-cm-de-profondeur-et-integrant-un-plafonnier-hauteur-223-cm-l\/","title":{"rendered":"Structure en forme de cabane recouverte de tissus en laine rose pale, abritant un poste de travail compos\u00e9 d&rsquo;un bureau blanc 120 cm par 70 cm de profondeur et int\u00e9grant un plafonnier. Hauteur 223 cm largeur 190 cm profondeur 177 cm. 3 unit\u00e9s vendues avec facult\u00e9 de r\u00e9union. Localisation : 9 avenue Percier 75008 Paris"},"content":{"rendered":"<p>Structure en forme de cabane recouverte de tissus en laine rose pale, abritant un poste de travail compos\u00e9 d&rsquo;un bureau blanc 120 cm par 70 cm de profondeur et int\u00e9grant un plafonnier. Hauteur 223 cm largeur 190 cm profondeur 177 cm. 3 unit\u00e9s vendues avec facult\u00e9 de r\u00e9union. Localisation : 9 avenue Percier 75008 Paris<\/p>\n","protected":false},"excerpt":{"rendered":"<p>Structure en forme de cabane recouverte de tissus en laine rose pale, abritant un poste de travail compos\u00e9 d&rsquo;un bureau blanc 120 cm par 70 cm de profondeur et int\u00e9grant un plafonnier. Hauteur 223 cm largeur 190 cm profondeur 177 cm. 3 unit\u00e9s vendues avec facult\u00e9 de r\u00e9union. Localisation : 9 avenue Percier 75008 Paris<\/p>\n","protected":false},"featured_media":28974,"template":"","meta":{"_acf_changed":false},"product_brand":[],"product_cat":[24],"product_tag":[42],"class_list":{"0":"post-28973","1":"product","2":"type-product","3":"status-publish","4":"has-post-thumbnail","6":"product_cat-mobilier-de-bureau-equipement-du-bureau","7":"product_tag-vente-du-19-mars-2025","9":"first","10":"outofstock","11":"product-type-simple"},"acf":[],"yoast_head":"<!-- This site is optimized with the Yoast SEO plugin v27.3 - https:\/\/yoast.com\/product\/yoast-seo-wordpress\/ -->\n<title>Structure en forme de cabane recouverte de tissus en laine rose pale, abritant un poste de travail compos\u00e9 d&#039;un bureau blanc 120 cm par 70 cm de profondeur et int\u00e9grant un plafonnier. Hauteur 223 cm largeur 190 cm profondeur 177 cm. 3 unit\u00e9s vendues avec facult\u00e9 de r\u00e9union. Localisation : 9 avenue Percier 75008 Paris - wpe-encheres<\/title>\n<meta name=\"robots\" content=\"index, follow, max-snippet:-1, max-image-preview:large, max-video-preview:-1\" \/>\n<link rel=\"canonical\" href=\"https:\/\/wpe-encheres.com\/site\/produit\/structure-en-forme-de-cabane-recouverte-de-tissus-en-laine-rose-pale-abritant-un-poste-de-travail-compose-dun-bureau-blanc-120-cm-par-70-cm-de-profondeur-et-integrant-un-plafonnier-hauteur-223-cm-l\/\" \/>\n<meta property=\"og:locale\" content=\"fr_FR\" \/>\n<meta property=\"og:type\" content=\"article\" \/>\n<meta property=\"og:title\" content=\"Structure en forme de cabane recouverte de tissus en laine rose pale, abritant un poste de travail compos\u00e9 d&#039;un bureau blanc 120 cm par 70 cm de profondeur et int\u00e9grant un plafonnier. Hauteur 223 cm largeur 190 cm profondeur 177 cm. 3 unit\u00e9s vendues avec facult\u00e9 de r\u00e9union. Localisation : 9 avenue Percier 75008 Paris - wpe-encheres\" \/>\n<meta property=\"og:description\" content=\"Structure en forme de cabane recouverte de tissus en laine rose pale, abritant un poste de travail compos\u00e9 d&#039;un bureau blanc 120 cm par 70 cm de profondeur et int\u00e9grant un plafonnier. Hauteur 223 cm largeur 190 cm profondeur 177 cm. 3 unit\u00e9s vendues avec facult\u00e9 de r\u00e9union. Localisation : 9 avenue Percier 75008 Paris\" \/>\n<meta property=\"og:url\" content=\"https:\/\/wpe-encheres.com\/site\/produit\/structure-en-forme-de-cabane-recouverte-de-tissus-en-laine-rose-pale-abritant-un-poste-de-travail-compose-dun-bureau-blanc-120-cm-par-70-cm-de-profondeur-et-integrant-un-plafonnier-hauteur-223-cm-l\/\" \/>\n<meta property=\"og:site_name\" content=\"wpe-encheres\" \/>\n<meta property=\"article:modified_time\" content=\"2025-09-18T08:10:10+00:00\" \/>\n<meta property=\"og:image\" content=\"https:\/\/wpe-encheres.com\/site\/wp-content\/uploads\/2025\/08\/67bc9c0f3ea66.jpg\" \/>\n\t<meta property=\"og:image:width\" content=\"768\" \/>\n\t<meta property=\"og:image:height\" content=\"921\" \/>\n\t<meta property=\"og:image:type\" content=\"image\/jpeg\" \/>\n<meta name=\"twitter:card\" content=\"summary_large_image\" \/>\n<script type=\"application\/ld+json\" class=\"yoast-schema-graph\">{\"@context\":\"https:\\\/\\\/schema.org\",\"@graph\":[{\"@type\":\"WebPage\",\"@id\":\"https:\\\/\\\/wpe-encheres.com\\\/site\\\/produit\\\/structure-en-forme-de-cabane-recouverte-de-tissus-en-laine-rose-pale-abritant-un-poste-de-travail-compose-dun-bureau-blanc-120-cm-par-70-cm-de-profondeur-et-integrant-un-plafonnier-hauteur-223-cm-l\\\/\",\"url\":\"https:\\\/\\\/wpe-encheres.com\\\/site\\\/produit\\\/structure-en-forme-de-cabane-recouverte-de-tissus-en-laine-rose-pale-abritant-un-poste-de-travail-compose-dun-bureau-blanc-120-cm-par-70-cm-de-profondeur-et-integrant-un-plafonnier-hauteur-223-cm-l\\\/\",\"name\":\"Structure en forme de cabane recouverte de tissus en laine rose pale, abritant un poste de travail compos\u00e9 d'un bureau blanc 120 cm par 70 cm de profondeur et int\u00e9grant un plafonnier. Hauteur 223 cm largeur 190 cm profondeur 177 cm. 3 unit\u00e9s vendues avec facult\u00e9 de r\u00e9union. Localisation : 9 avenue Percier 75008 Paris - wpe-encheres\",\"isPartOf\":{\"@id\":\"https:\\\/\\\/wpe-encheres.com\\\/site\\\/#website\"},\"primaryImageOfPage\":{\"@id\":\"https:\\\/\\\/wpe-encheres.com\\\/site\\\/produit\\\/structure-en-forme-de-cabane-recouverte-de-tissus-en-laine-rose-pale-abritant-un-poste-de-travail-compose-dun-bureau-blanc-120-cm-par-70-cm-de-profondeur-et-integrant-un-plafonnier-hauteur-223-cm-l\\\/#primaryimage\"},\"image\":{\"@id\":\"https:\\\/\\\/wpe-encheres.com\\\/site\\\/produit\\\/structure-en-forme-de-cabane-recouverte-de-tissus-en-laine-rose-pale-abritant-un-poste-de-travail-compose-dun-bureau-blanc-120-cm-par-70-cm-de-profondeur-et-integrant-un-plafonnier-hauteur-223-cm-l\\\/#primaryimage\"},\"thumbnailUrl\":\"https:\\\/\\\/wpe-encheres.com\\\/site\\\/wp-content\\\/uploads\\\/2025\\\/08\\\/67bc9c0f3ea66.jpg\",\"datePublished\":\"2025-08-31T17:39:41+00:00\",\"dateModified\":\"2025-09-18T08:10:10+00:00\",\"breadcrumb\":{\"@id\":\"https:\\\/\\\/wpe-encheres.com\\\/site\\\/produit\\\/structure-en-forme-de-cabane-recouverte-de-tissus-en-laine-rose-pale-abritant-un-poste-de-travail-compose-dun-bureau-blanc-120-cm-par-70-cm-de-profondeur-et-integrant-un-plafonnier-hauteur-223-cm-l\\\/#breadcrumb\"},\"inLanguage\":\"fr-FR\",\"potentialAction\":[{\"@type\":\"ReadAction\",\"target\":[\"https:\\\/\\\/wpe-encheres.com\\\/site\\\/produit\\\/structure-en-forme-de-cabane-recouverte-de-tissus-en-laine-rose-pale-abritant-un-poste-de-travail-compose-dun-bureau-blanc-120-cm-par-70-cm-de-profondeur-et-integrant-un-plafonnier-hauteur-223-cm-l\\\/\"]}]},{\"@type\":\"ImageObject\",\"inLanguage\":\"fr-FR\",\"@id\":\"https:\\\/\\\/wpe-encheres.com\\\/site\\\/produit\\\/structure-en-forme-de-cabane-recouverte-de-tissus-en-laine-rose-pale-abritant-un-poste-de-travail-compose-dun-bureau-blanc-120-cm-par-70-cm-de-profondeur-et-integrant-un-plafonnier-hauteur-223-cm-l\\\/#primaryimage\",\"url\":\"https:\\\/\\\/wpe-encheres.com\\\/site\\\/wp-content\\\/uploads\\\/2025\\\/08\\\/67bc9c0f3ea66.jpg\",\"contentUrl\":\"https:\\\/\\\/wpe-encheres.com\\\/site\\\/wp-content\\\/uploads\\\/2025\\\/08\\\/67bc9c0f3ea66.jpg\",\"width\":768,\"height\":921},{\"@type\":\"BreadcrumbList\",\"@id\":\"https:\\\/\\\/wpe-encheres.com\\\/site\\\/produit\\\/structure-en-forme-de-cabane-recouverte-de-tissus-en-laine-rose-pale-abritant-un-poste-de-travail-compose-dun-bureau-blanc-120-cm-par-70-cm-de-profondeur-et-integrant-un-plafonnier-hauteur-223-cm-l\\\/#breadcrumb\",\"itemListElement\":[{\"@type\":\"ListItem\",\"position\":1,\"name\":\"Accueil\",\"item\":\"https:\\\/\\\/wpe-encheres.com\\\/site\\\/\"},{\"@type\":\"ListItem\",\"position\":2,\"name\":\"Boutique\",\"item\":\"https:\\\/\\\/wpe-encheres.com\\\/site\\\/?page_id=22765\"},{\"@type\":\"ListItem\",\"position\":3,\"name\":\"Structure en forme de cabane recouverte de tissus en laine rose pale, abritant un poste de travail compos\u00e9 d&rsquo;un bureau blanc 120 cm par 70 cm de profondeur et int\u00e9grant un plafonnier. Hauteur 223 cm largeur 190 cm profondeur 177 cm. 3 unit\u00e9s vendues avec facult\u00e9 de r\u00e9union. Localisation : 9 avenue Percier 75008 Paris\"}]},{\"@type\":\"WebSite\",\"@id\":\"https:\\\/\\\/wpe-encheres.com\\\/site\\\/#website\",\"url\":\"https:\\\/\\\/wpe-encheres.com\\\/site\\\/\",\"name\":\"wpe-encheres\",\"description\":\"\",\"publisher\":{\"@id\":\"https:\\\/\\\/wpe-encheres.com\\\/site\\\/#organization\"},\"potentialAction\":[{\"@type\":\"SearchAction\",\"target\":{\"@type\":\"EntryPoint\",\"urlTemplate\":\"https:\\\/\\\/wpe-encheres.com\\\/site\\\/?s={search_term_string}\"},\"query-input\":{\"@type\":\"PropertyValueSpecification\",\"valueRequired\":true,\"valueName\":\"search_term_string\"}}],\"inLanguage\":\"fr-FR\"},{\"@type\":\"Organization\",\"@id\":\"https:\\\/\\\/wpe-encheres.com\\\/site\\\/#organization\",\"name\":\"wpe encheres\",\"url\":\"https:\\\/\\\/wpe-encheres.com\\\/site\\\/\",\"logo\":{\"@type\":\"ImageObject\",\"inLanguage\":\"fr-FR\",\"@id\":\"https:\\\/\\\/wpe-encheres.com\\\/site\\\/#\\\/schema\\\/logo\\\/image\\\/\",\"url\":\"https:\\\/\\\/wpe-encheres.com\\\/site\\\/wp-content\\\/uploads\\\/2025\\\/08\\\/wpe-encheres-logo.png\",\"contentUrl\":\"https:\\\/\\\/wpe-encheres.com\\\/site\\\/wp-content\\\/uploads\\\/2025\\\/08\\\/wpe-encheres-logo.png\",\"width\":300,\"height\":110,\"caption\":\"wpe encheres\"},\"image\":{\"@id\":\"https:\\\/\\\/wpe-encheres.com\\\/site\\\/#\\\/schema\\\/logo\\\/image\\\/\"}}]}<\/script>\n<!-- \/ Yoast SEO plugin. -->","yoast_head_json":{"title":"Structure en forme de cabane recouverte de tissus en laine rose pale, abritant un poste de travail compos\u00e9 d'un bureau blanc 120 cm par 70 cm de profondeur et int\u00e9grant un plafonnier. Hauteur 223 cm largeur 190 cm profondeur 177 cm. 3 unit\u00e9s vendues avec facult\u00e9 de r\u00e9union. Localisation : 9 avenue Percier 75008 Paris - wpe-encheres","robots":{"index":"index","follow":"follow","max-snippet":"max-snippet:-1","max-image-preview":"max-image-preview:large","max-video-preview":"max-video-preview:-1"},"canonical":"https:\/\/wpe-encheres.com\/site\/produit\/structure-en-forme-de-cabane-recouverte-de-tissus-en-laine-rose-pale-abritant-un-poste-de-travail-compose-dun-bureau-blanc-120-cm-par-70-cm-de-profondeur-et-integrant-un-plafonnier-hauteur-223-cm-l\/","og_locale":"fr_FR","og_type":"article","og_title":"Structure en forme de cabane recouverte de tissus en laine rose pale, abritant un poste de travail compos\u00e9 d'un bureau blanc 120 cm par 70 cm de profondeur et int\u00e9grant un plafonnier. Hauteur 223 cm largeur 190 cm profondeur 177 cm. 3 unit\u00e9s vendues avec facult\u00e9 de r\u00e9union. Localisation : 9 avenue Percier 75008 Paris - wpe-encheres","og_description":"Structure en forme de cabane recouverte de tissus en laine rose pale, abritant un poste de travail compos\u00e9 d'un bureau blanc 120 cm par 70 cm de profondeur et int\u00e9grant un plafonnier. Hauteur 223 cm largeur 190 cm profondeur 177 cm. 3 unit\u00e9s vendues avec facult\u00e9 de r\u00e9union. Localisation : 9 avenue Percier 75008 Paris","og_url":"https:\/\/wpe-encheres.com\/site\/produit\/structure-en-forme-de-cabane-recouverte-de-tissus-en-laine-rose-pale-abritant-un-poste-de-travail-compose-dun-bureau-blanc-120-cm-par-70-cm-de-profondeur-et-integrant-un-plafonnier-hauteur-223-cm-l\/","og_site_name":"wpe-encheres","article_modified_time":"2025-09-18T08:10:10+00:00","og_image":[{"width":768,"height":921,"url":"https:\/\/wpe-encheres.com\/site\/wp-content\/uploads\/2025\/08\/67bc9c0f3ea66.jpg","type":"image\/jpeg"}],"twitter_card":"summary_large_image","schema":{"@context":"https:\/\/schema.org","@graph":[{"@type":"WebPage","@id":"https:\/\/wpe-encheres.com\/site\/produit\/structure-en-forme-de-cabane-recouverte-de-tissus-en-laine-rose-pale-abritant-un-poste-de-travail-compose-dun-bureau-blanc-120-cm-par-70-cm-de-profondeur-et-integrant-un-plafonnier-hauteur-223-cm-l\/","url":"https:\/\/wpe-encheres.com\/site\/produit\/structure-en-forme-de-cabane-recouverte-de-tissus-en-laine-rose-pale-abritant-un-poste-de-travail-compose-dun-bureau-blanc-120-cm-par-70-cm-de-profondeur-et-integrant-un-plafonnier-hauteur-223-cm-l\/","name":"Structure en forme de cabane recouverte de tissus en laine rose pale, abritant un poste de travail compos\u00e9 d'un bureau blanc 120 cm par 70 cm de profondeur et int\u00e9grant un plafonnier. Hauteur 223 cm largeur 190 cm profondeur 177 cm. 3 unit\u00e9s vendues avec facult\u00e9 de r\u00e9union. Localisation : 9 avenue Percier 75008 Paris - wpe-encheres","isPartOf":{"@id":"https:\/\/wpe-encheres.com\/site\/#website"},"primaryImageOfPage":{"@id":"https:\/\/wpe-encheres.com\/site\/produit\/structure-en-forme-de-cabane-recouverte-de-tissus-en-laine-rose-pale-abritant-un-poste-de-travail-compose-dun-bureau-blanc-120-cm-par-70-cm-de-profondeur-et-integrant-un-plafonnier-hauteur-223-cm-l\/#primaryimage"},"image":{"@id":"https:\/\/wpe-encheres.com\/site\/produit\/structure-en-forme-de-cabane-recouverte-de-tissus-en-laine-rose-pale-abritant-un-poste-de-travail-compose-dun-bureau-blanc-120-cm-par-70-cm-de-profondeur-et-integrant-un-plafonnier-hauteur-223-cm-l\/#primaryimage"},"thumbnailUrl":"https:\/\/wpe-encheres.com\/site\/wp-content\/uploads\/2025\/08\/67bc9c0f3ea66.jpg","datePublished":"2025-08-31T17:39:41+00:00","dateModified":"2025-09-18T08:10:10+00:00","breadcrumb":{"@id":"https:\/\/wpe-encheres.com\/site\/produit\/structure-en-forme-de-cabane-recouverte-de-tissus-en-laine-rose-pale-abritant-un-poste-de-travail-compose-dun-bureau-blanc-120-cm-par-70-cm-de-profondeur-et-integrant-un-plafonnier-hauteur-223-cm-l\/#breadcrumb"},"inLanguage":"fr-FR","potentialAction":[{"@type":"ReadAction","target":["https:\/\/wpe-encheres.com\/site\/produit\/structure-en-forme-de-cabane-recouverte-de-tissus-en-laine-rose-pale-abritant-un-poste-de-travail-compose-dun-bureau-blanc-120-cm-par-70-cm-de-profondeur-et-integrant-un-plafonnier-hauteur-223-cm-l\/"]}]},{"@type":"ImageObject","inLanguage":"fr-FR","@id":"https:\/\/wpe-encheres.com\/site\/produit\/structure-en-forme-de-cabane-recouverte-de-tissus-en-laine-rose-pale-abritant-un-poste-de-travail-compose-dun-bureau-blanc-120-cm-par-70-cm-de-profondeur-et-integrant-un-plafonnier-hauteur-223-cm-l\/#primaryimage","url":"https:\/\/wpe-encheres.com\/site\/wp-content\/uploads\/2025\/08\/67bc9c0f3ea66.jpg","contentUrl":"https:\/\/wpe-encheres.com\/site\/wp-content\/uploads\/2025\/08\/67bc9c0f3ea66.jpg","width":768,"height":921},{"@type":"BreadcrumbList","@id":"https:\/\/wpe-encheres.com\/site\/produit\/structure-en-forme-de-cabane-recouverte-de-tissus-en-laine-rose-pale-abritant-un-poste-de-travail-compose-dun-bureau-blanc-120-cm-par-70-cm-de-profondeur-et-integrant-un-plafonnier-hauteur-223-cm-l\/#breadcrumb","itemListElement":[{"@type":"ListItem","position":1,"name":"Accueil","item":"https:\/\/wpe-encheres.com\/site\/"},{"@type":"ListItem","position":2,"name":"Boutique","item":"https:\/\/wpe-encheres.com\/site\/?page_id=22765"},{"@type":"ListItem","position":3,"name":"Structure en forme de cabane recouverte de tissus en laine rose pale, abritant un poste de travail compos\u00e9 d&rsquo;un bureau blanc 120 cm par 70 cm de profondeur et int\u00e9grant un plafonnier. Hauteur 223 cm largeur 190 cm profondeur 177 cm. 3 unit\u00e9s vendues avec facult\u00e9 de r\u00e9union. Localisation : 9 avenue Percier 75008 Paris"}]},{"@type":"WebSite","@id":"https:\/\/wpe-encheres.com\/site\/#website","url":"https:\/\/wpe-encheres.com\/site\/","name":"wpe-encheres","description":"","publisher":{"@id":"https:\/\/wpe-encheres.com\/site\/#organization"},"potentialAction":[{"@type":"SearchAction","target":{"@type":"EntryPoint","urlTemplate":"https:\/\/wpe-encheres.com\/site\/?s={search_term_string}"},"query-input":{"@type":"PropertyValueSpecification","valueRequired":true,"valueName":"search_term_string"}}],"inLanguage":"fr-FR"},{"@type":"Organization","@id":"https:\/\/wpe-encheres.com\/site\/#organization","name":"wpe encheres","url":"https:\/\/wpe-encheres.com\/site\/","logo":{"@type":"ImageObject","inLanguage":"fr-FR","@id":"https:\/\/wpe-encheres.com\/site\/#\/schema\/logo\/image\/","url":"https:\/\/wpe-encheres.com\/site\/wp-content\/uploads\/2025\/08\/wpe-encheres-logo.png","contentUrl":"https:\/\/wpe-encheres.com\/site\/wp-content\/uploads\/2025\/08\/wpe-encheres-logo.png","width":300,"height":110,"caption":"wpe encheres"},"image":{"@id":"https:\/\/wpe-encheres.com\/site\/#\/schema\/logo\/image\/"}}]}},"_links":{"self":[{"href":"https:\/\/wpe-encheres.com\/site\/wp-json\/wp\/v2\/product\/28973","targetHints":{"allow":["GET"]}}],"collection":[{"href":"https:\/\/wpe-encheres.com\/site\/wp-json\/wp\/v2\/product"}],"about":[{"href":"https:\/\/wpe-encheres.com\/site\/wp-json\/wp\/v2\/types\/product"}],"wp:featuredmedia":[{"embeddable":true,"href":"https:\/\/wpe-encheres.com\/site\/wp-json\/wp\/v2\/media\/28974"}],"wp:attachment":[{"href":"https:\/\/wpe-encheres.com\/site\/wp-json\/wp\/v2\/media?parent=28973"}],"wp:term":[{"taxonomy":"product_brand","embeddable":true,"href":"https:\/\/wpe-encheres.com\/site\/wp-json\/wp\/v2\/product_brand?post=28973"},{"taxonomy":"product_cat","embeddable":true,"href":"https:\/\/wpe-encheres.com\/site\/wp-json\/wp\/v2\/product_cat?post=28973"},{"taxonomy":"product_tag","embeddable":true,"href":"https:\/\/wpe-encheres.com\/site\/wp-json\/wp\/v2\/product_tag?post=28973"}],"curies":[{"name":"wp","href":"https:\/\/api.w.org\/{rel}","templated":true}]}}