{"id":27747,"date":"2025-08-31T18:48:11","date_gmt":"2025-08-31T16:48:11","guid":{"rendered":"https:\/\/wpe-encheres.com\/site\/produit\/table-de-preparation-adossee-en-inox-alimentaire-90-x-60-x-60-cm-localisation-8-rue-de-la-fosse-aux-leux-91700-ste-genevieve-des-bois-actuellement-marcoussis\/"},"modified":"2025-12-01T18:59:39","modified_gmt":"2025-12-01T17:59:39","slug":"table-de-preparation-adossee-en-inox-alimentaire-90-x-60-x-60-cm-localisation-8-rue-de-la-fosse-aux-leux-91700-ste-genevieve-des-bois-actuellement-marcoussis","status":"publish","type":"product","link":"https:\/\/wpe-encheres.com\/site\/produit\/table-de-preparation-adossee-en-inox-alimentaire-90-x-60-x-60-cm-localisation-8-rue-de-la-fosse-aux-leux-91700-ste-genevieve-des-bois-actuellement-marcoussis\/","title":{"rendered":"Table de pr\u00e9paration adoss\u00e9e en inox alimentaire. 90 x 60 x 60 cm. Localisation : 8 rue de la Foss\u00e9 aux Leux 91700 Ste Genevi\u00e8ve des Bois (actuellement Marcoussis)"},"content":{"rendered":"<p>Table de pr\u00e9paration adoss\u00e9e en inox alimentaire. 90 x 60 x 60 cm. Localisation : 8 rue de la Foss\u00e9 aux Leux 91700 Ste Genevi\u00e8ve des Bois (actuellement Marcoussis)<\/p>\n","protected":false},"excerpt":{"rendered":"<p>Table de pr\u00e9paration adoss\u00e9e en inox alimentaire. 90 x 60 x 60 cm. Localisation : 8 rue de la Foss\u00e9 aux Leux 91700 Ste Genevi\u00e8ve des Bois (actuellement Marcoussis)<\/p>\n","protected":false},"featured_media":27748,"template":"","meta":{"_acf_changed":false},"product_brand":[],"product_cat":[26],"product_tag":[39],"class_list":{"0":"post-27747","1":"product","2":"type-product","3":"status-publish","4":"has-post-thumbnail","6":"product_cat-materiel-de-cuisine-hotellerie-et-restauration-professionnelle","7":"product_tag-vente-du-22-avril-2025","9":"first","10":"instock","11":"product-type-simple"},"acf":[],"yoast_head":"<!-- This site is optimized with the Yoast SEO plugin v27.3 - https:\/\/yoast.com\/product\/yoast-seo-wordpress\/ -->\n<title>Table de pr\u00e9paration adoss\u00e9e en inox alimentaire. 90 x 60 x 60 cm. Localisation : 8 rue de la Foss\u00e9 aux Leux 91700 Ste Genevi\u00e8ve des Bois (actuellement Marcoussis) - wpe-encheres<\/title>\n<meta name=\"robots\" content=\"index, follow, max-snippet:-1, max-image-preview:large, max-video-preview:-1\" \/>\n<link rel=\"canonical\" href=\"https:\/\/wpe-encheres.com\/site\/produit\/table-de-preparation-adossee-en-inox-alimentaire-90-x-60-x-60-cm-localisation-8-rue-de-la-fosse-aux-leux-91700-ste-genevieve-des-bois-actuellement-marcoussis\/\" \/>\n<meta property=\"og:locale\" content=\"fr_FR\" \/>\n<meta property=\"og:type\" content=\"article\" \/>\n<meta property=\"og:title\" content=\"Table de pr\u00e9paration adoss\u00e9e en inox alimentaire. 90 x 60 x 60 cm. Localisation : 8 rue de la Foss\u00e9 aux Leux 91700 Ste Genevi\u00e8ve des Bois (actuellement Marcoussis) - wpe-encheres\" \/>\n<meta property=\"og:description\" content=\"Table de pr\u00e9paration adoss\u00e9e en inox alimentaire. 90 x 60 x 60 cm. Localisation : 8 rue de la Foss\u00e9 aux Leux 91700 Ste Genevi\u00e8ve des Bois (actuellement Marcoussis)\" \/>\n<meta property=\"og:url\" content=\"https:\/\/wpe-encheres.com\/site\/produit\/table-de-preparation-adossee-en-inox-alimentaire-90-x-60-x-60-cm-localisation-8-rue-de-la-fosse-aux-leux-91700-ste-genevieve-des-bois-actuellement-marcoussis\/\" \/>\n<meta property=\"og:site_name\" content=\"wpe-encheres\" \/>\n<meta property=\"article:modified_time\" content=\"2025-12-01T17:59:39+00:00\" \/>\n<meta property=\"og:image\" content=\"https:\/\/wpe-encheres.com\/site\/wp-content\/uploads\/2025\/08\/67efa9c4aa1d3.jpg\" \/>\n\t<meta property=\"og:image:width\" content=\"1804\" \/>\n\t<meta property=\"og:image:height\" content=\"2048\" \/>\n\t<meta property=\"og:image:type\" content=\"image\/jpeg\" \/>\n<meta name=\"twitter:card\" content=\"summary_large_image\" \/>\n<script type=\"application\/ld+json\" class=\"yoast-schema-graph\">{\"@context\":\"https:\\\/\\\/schema.org\",\"@graph\":[{\"@type\":\"WebPage\",\"@id\":\"https:\\\/\\\/wpe-encheres.com\\\/site\\\/produit\\\/table-de-preparation-adossee-en-inox-alimentaire-90-x-60-x-60-cm-localisation-8-rue-de-la-fosse-aux-leux-91700-ste-genevieve-des-bois-actuellement-marcoussis\\\/\",\"url\":\"https:\\\/\\\/wpe-encheres.com\\\/site\\\/produit\\\/table-de-preparation-adossee-en-inox-alimentaire-90-x-60-x-60-cm-localisation-8-rue-de-la-fosse-aux-leux-91700-ste-genevieve-des-bois-actuellement-marcoussis\\\/\",\"name\":\"Table de pr\u00e9paration adoss\u00e9e en inox alimentaire. 90 x 60 x 60 cm. Localisation : 8 rue de la Foss\u00e9 aux Leux 91700 Ste Genevi\u00e8ve des Bois (actuellement Marcoussis) - wpe-encheres\",\"isPartOf\":{\"@id\":\"https:\\\/\\\/wpe-encheres.com\\\/site\\\/#website\"},\"primaryImageOfPage\":{\"@id\":\"https:\\\/\\\/wpe-encheres.com\\\/site\\\/produit\\\/table-de-preparation-adossee-en-inox-alimentaire-90-x-60-x-60-cm-localisation-8-rue-de-la-fosse-aux-leux-91700-ste-genevieve-des-bois-actuellement-marcoussis\\\/#primaryimage\"},\"image\":{\"@id\":\"https:\\\/\\\/wpe-encheres.com\\\/site\\\/produit\\\/table-de-preparation-adossee-en-inox-alimentaire-90-x-60-x-60-cm-localisation-8-rue-de-la-fosse-aux-leux-91700-ste-genevieve-des-bois-actuellement-marcoussis\\\/#primaryimage\"},\"thumbnailUrl\":\"https:\\\/\\\/wpe-encheres.com\\\/site\\\/wp-content\\\/uploads\\\/2025\\\/08\\\/67efa9c4aa1d3.jpg\",\"datePublished\":\"2025-08-31T16:48:11+00:00\",\"dateModified\":\"2025-12-01T17:59:39+00:00\",\"breadcrumb\":{\"@id\":\"https:\\\/\\\/wpe-encheres.com\\\/site\\\/produit\\\/table-de-preparation-adossee-en-inox-alimentaire-90-x-60-x-60-cm-localisation-8-rue-de-la-fosse-aux-leux-91700-ste-genevieve-des-bois-actuellement-marcoussis\\\/#breadcrumb\"},\"inLanguage\":\"fr-FR\",\"potentialAction\":[{\"@type\":\"ReadAction\",\"target\":[\"https:\\\/\\\/wpe-encheres.com\\\/site\\\/produit\\\/table-de-preparation-adossee-en-inox-alimentaire-90-x-60-x-60-cm-localisation-8-rue-de-la-fosse-aux-leux-91700-ste-genevieve-des-bois-actuellement-marcoussis\\\/\"]}]},{\"@type\":\"ImageObject\",\"inLanguage\":\"fr-FR\",\"@id\":\"https:\\\/\\\/wpe-encheres.com\\\/site\\\/produit\\\/table-de-preparation-adossee-en-inox-alimentaire-90-x-60-x-60-cm-localisation-8-rue-de-la-fosse-aux-leux-91700-ste-genevieve-des-bois-actuellement-marcoussis\\\/#primaryimage\",\"url\":\"https:\\\/\\\/wpe-encheres.com\\\/site\\\/wp-content\\\/uploads\\\/2025\\\/08\\\/67efa9c4aa1d3.jpg\",\"contentUrl\":\"https:\\\/\\\/wpe-encheres.com\\\/site\\\/wp-content\\\/uploads\\\/2025\\\/08\\\/67efa9c4aa1d3.jpg\",\"width\":1804,\"height\":2048},{\"@type\":\"BreadcrumbList\",\"@id\":\"https:\\\/\\\/wpe-encheres.com\\\/site\\\/produit\\\/table-de-preparation-adossee-en-inox-alimentaire-90-x-60-x-60-cm-localisation-8-rue-de-la-fosse-aux-leux-91700-ste-genevieve-des-bois-actuellement-marcoussis\\\/#breadcrumb\",\"itemListElement\":[{\"@type\":\"ListItem\",\"position\":1,\"name\":\"Accueil\",\"item\":\"https:\\\/\\\/wpe-encheres.com\\\/site\\\/\"},{\"@type\":\"ListItem\",\"position\":2,\"name\":\"Boutique\",\"item\":\"https:\\\/\\\/wpe-encheres.com\\\/site\\\/?page_id=22765\"},{\"@type\":\"ListItem\",\"position\":3,\"name\":\"Table de pr\u00e9paration adoss\u00e9e en inox alimentaire. 90 x 60 x 60 cm. Localisation : 8 rue de la Foss\u00e9 aux Leux 91700 Ste Genevi\u00e8ve des Bois (actuellement Marcoussis)\"}]},{\"@type\":\"WebSite\",\"@id\":\"https:\\\/\\\/wpe-encheres.com\\\/site\\\/#website\",\"url\":\"https:\\\/\\\/wpe-encheres.com\\\/site\\\/\",\"name\":\"wpe-encheres\",\"description\":\"\",\"publisher\":{\"@id\":\"https:\\\/\\\/wpe-encheres.com\\\/site\\\/#organization\"},\"potentialAction\":[{\"@type\":\"SearchAction\",\"target\":{\"@type\":\"EntryPoint\",\"urlTemplate\":\"https:\\\/\\\/wpe-encheres.com\\\/site\\\/?s={search_term_string}\"},\"query-input\":{\"@type\":\"PropertyValueSpecification\",\"valueRequired\":true,\"valueName\":\"search_term_string\"}}],\"inLanguage\":\"fr-FR\"},{\"@type\":\"Organization\",\"@id\":\"https:\\\/\\\/wpe-encheres.com\\\/site\\\/#organization\",\"name\":\"wpe encheres\",\"url\":\"https:\\\/\\\/wpe-encheres.com\\\/site\\\/\",\"logo\":{\"@type\":\"ImageObject\",\"inLanguage\":\"fr-FR\",\"@id\":\"https:\\\/\\\/wpe-encheres.com\\\/site\\\/#\\\/schema\\\/logo\\\/image\\\/\",\"url\":\"https:\\\/\\\/wpe-encheres.com\\\/site\\\/wp-content\\\/uploads\\\/2025\\\/08\\\/wpe-encheres-logo.png\",\"contentUrl\":\"https:\\\/\\\/wpe-encheres.com\\\/site\\\/wp-content\\\/uploads\\\/2025\\\/08\\\/wpe-encheres-logo.png\",\"width\":300,\"height\":110,\"caption\":\"wpe encheres\"},\"image\":{\"@id\":\"https:\\\/\\\/wpe-encheres.com\\\/site\\\/#\\\/schema\\\/logo\\\/image\\\/\"}}]}<\/script>\n<!-- \/ Yoast SEO plugin. -->","yoast_head_json":{"title":"Table de pr\u00e9paration adoss\u00e9e en inox alimentaire. 90 x 60 x 60 cm. Localisation : 8 rue de la Foss\u00e9 aux Leux 91700 Ste Genevi\u00e8ve des Bois (actuellement Marcoussis) - wpe-encheres","robots":{"index":"index","follow":"follow","max-snippet":"max-snippet:-1","max-image-preview":"max-image-preview:large","max-video-preview":"max-video-preview:-1"},"canonical":"https:\/\/wpe-encheres.com\/site\/produit\/table-de-preparation-adossee-en-inox-alimentaire-90-x-60-x-60-cm-localisation-8-rue-de-la-fosse-aux-leux-91700-ste-genevieve-des-bois-actuellement-marcoussis\/","og_locale":"fr_FR","og_type":"article","og_title":"Table de pr\u00e9paration adoss\u00e9e en inox alimentaire. 90 x 60 x 60 cm. Localisation : 8 rue de la Foss\u00e9 aux Leux 91700 Ste Genevi\u00e8ve des Bois (actuellement Marcoussis) - wpe-encheres","og_description":"Table de pr\u00e9paration adoss\u00e9e en inox alimentaire. 90 x 60 x 60 cm. Localisation : 8 rue de la Foss\u00e9 aux Leux 91700 Ste Genevi\u00e8ve des Bois (actuellement Marcoussis)","og_url":"https:\/\/wpe-encheres.com\/site\/produit\/table-de-preparation-adossee-en-inox-alimentaire-90-x-60-x-60-cm-localisation-8-rue-de-la-fosse-aux-leux-91700-ste-genevieve-des-bois-actuellement-marcoussis\/","og_site_name":"wpe-encheres","article_modified_time":"2025-12-01T17:59:39+00:00","og_image":[{"width":1804,"height":2048,"url":"https:\/\/wpe-encheres.com\/site\/wp-content\/uploads\/2025\/08\/67efa9c4aa1d3.jpg","type":"image\/jpeg"}],"twitter_card":"summary_large_image","schema":{"@context":"https:\/\/schema.org","@graph":[{"@type":"WebPage","@id":"https:\/\/wpe-encheres.com\/site\/produit\/table-de-preparation-adossee-en-inox-alimentaire-90-x-60-x-60-cm-localisation-8-rue-de-la-fosse-aux-leux-91700-ste-genevieve-des-bois-actuellement-marcoussis\/","url":"https:\/\/wpe-encheres.com\/site\/produit\/table-de-preparation-adossee-en-inox-alimentaire-90-x-60-x-60-cm-localisation-8-rue-de-la-fosse-aux-leux-91700-ste-genevieve-des-bois-actuellement-marcoussis\/","name":"Table de pr\u00e9paration adoss\u00e9e en inox alimentaire. 90 x 60 x 60 cm. Localisation : 8 rue de la Foss\u00e9 aux Leux 91700 Ste Genevi\u00e8ve des Bois (actuellement Marcoussis) - wpe-encheres","isPartOf":{"@id":"https:\/\/wpe-encheres.com\/site\/#website"},"primaryImageOfPage":{"@id":"https:\/\/wpe-encheres.com\/site\/produit\/table-de-preparation-adossee-en-inox-alimentaire-90-x-60-x-60-cm-localisation-8-rue-de-la-fosse-aux-leux-91700-ste-genevieve-des-bois-actuellement-marcoussis\/#primaryimage"},"image":{"@id":"https:\/\/wpe-encheres.com\/site\/produit\/table-de-preparation-adossee-en-inox-alimentaire-90-x-60-x-60-cm-localisation-8-rue-de-la-fosse-aux-leux-91700-ste-genevieve-des-bois-actuellement-marcoussis\/#primaryimage"},"thumbnailUrl":"https:\/\/wpe-encheres.com\/site\/wp-content\/uploads\/2025\/08\/67efa9c4aa1d3.jpg","datePublished":"2025-08-31T16:48:11+00:00","dateModified":"2025-12-01T17:59:39+00:00","breadcrumb":{"@id":"https:\/\/wpe-encheres.com\/site\/produit\/table-de-preparation-adossee-en-inox-alimentaire-90-x-60-x-60-cm-localisation-8-rue-de-la-fosse-aux-leux-91700-ste-genevieve-des-bois-actuellement-marcoussis\/#breadcrumb"},"inLanguage":"fr-FR","potentialAction":[{"@type":"ReadAction","target":["https:\/\/wpe-encheres.com\/site\/produit\/table-de-preparation-adossee-en-inox-alimentaire-90-x-60-x-60-cm-localisation-8-rue-de-la-fosse-aux-leux-91700-ste-genevieve-des-bois-actuellement-marcoussis\/"]}]},{"@type":"ImageObject","inLanguage":"fr-FR","@id":"https:\/\/wpe-encheres.com\/site\/produit\/table-de-preparation-adossee-en-inox-alimentaire-90-x-60-x-60-cm-localisation-8-rue-de-la-fosse-aux-leux-91700-ste-genevieve-des-bois-actuellement-marcoussis\/#primaryimage","url":"https:\/\/wpe-encheres.com\/site\/wp-content\/uploads\/2025\/08\/67efa9c4aa1d3.jpg","contentUrl":"https:\/\/wpe-encheres.com\/site\/wp-content\/uploads\/2025\/08\/67efa9c4aa1d3.jpg","width":1804,"height":2048},{"@type":"BreadcrumbList","@id":"https:\/\/wpe-encheres.com\/site\/produit\/table-de-preparation-adossee-en-inox-alimentaire-90-x-60-x-60-cm-localisation-8-rue-de-la-fosse-aux-leux-91700-ste-genevieve-des-bois-actuellement-marcoussis\/#breadcrumb","itemListElement":[{"@type":"ListItem","position":1,"name":"Accueil","item":"https:\/\/wpe-encheres.com\/site\/"},{"@type":"ListItem","position":2,"name":"Boutique","item":"https:\/\/wpe-encheres.com\/site\/?page_id=22765"},{"@type":"ListItem","position":3,"name":"Table de pr\u00e9paration adoss\u00e9e en inox alimentaire. 90 x 60 x 60 cm. Localisation : 8 rue de la Foss\u00e9 aux Leux 91700 Ste Genevi\u00e8ve des Bois (actuellement Marcoussis)"}]},{"@type":"WebSite","@id":"https:\/\/wpe-encheres.com\/site\/#website","url":"https:\/\/wpe-encheres.com\/site\/","name":"wpe-encheres","description":"","publisher":{"@id":"https:\/\/wpe-encheres.com\/site\/#organization"},"potentialAction":[{"@type":"SearchAction","target":{"@type":"EntryPoint","urlTemplate":"https:\/\/wpe-encheres.com\/site\/?s={search_term_string}"},"query-input":{"@type":"PropertyValueSpecification","valueRequired":true,"valueName":"search_term_string"}}],"inLanguage":"fr-FR"},{"@type":"Organization","@id":"https:\/\/wpe-encheres.com\/site\/#organization","name":"wpe encheres","url":"https:\/\/wpe-encheres.com\/site\/","logo":{"@type":"ImageObject","inLanguage":"fr-FR","@id":"https:\/\/wpe-encheres.com\/site\/#\/schema\/logo\/image\/","url":"https:\/\/wpe-encheres.com\/site\/wp-content\/uploads\/2025\/08\/wpe-encheres-logo.png","contentUrl":"https:\/\/wpe-encheres.com\/site\/wp-content\/uploads\/2025\/08\/wpe-encheres-logo.png","width":300,"height":110,"caption":"wpe encheres"},"image":{"@id":"https:\/\/wpe-encheres.com\/site\/#\/schema\/logo\/image\/"}}]}},"_links":{"self":[{"href":"https:\/\/wpe-encheres.com\/site\/wp-json\/wp\/v2\/product\/27747","targetHints":{"allow":["GET"]}}],"collection":[{"href":"https:\/\/wpe-encheres.com\/site\/wp-json\/wp\/v2\/product"}],"about":[{"href":"https:\/\/wpe-encheres.com\/site\/wp-json\/wp\/v2\/types\/product"}],"wp:featuredmedia":[{"embeddable":true,"href":"https:\/\/wpe-encheres.com\/site\/wp-json\/wp\/v2\/media\/27748"}],"wp:attachment":[{"href":"https:\/\/wpe-encheres.com\/site\/wp-json\/wp\/v2\/media?parent=27747"}],"wp:term":[{"taxonomy":"product_brand","embeddable":true,"href":"https:\/\/wpe-encheres.com\/site\/wp-json\/wp\/v2\/product_brand?post=27747"},{"taxonomy":"product_cat","embeddable":true,"href":"https:\/\/wpe-encheres.com\/site\/wp-json\/wp\/v2\/product_cat?post=27747"},{"taxonomy":"product_tag","embeddable":true,"href":"https:\/\/wpe-encheres.com\/site\/wp-json\/wp\/v2\/product_tag?post=27747"}],"curies":[{"name":"wp","href":"https:\/\/api.w.org\/{rel}","templated":true}]}}