{"id":25443,"date":"2025-08-31T17:28:58","date_gmt":"2025-08-31T15:28:58","guid":{"rendered":"https:\/\/wpe-encheres.com\/site\/produit\/cage-en-acier-grillage-comprenant-5-panneaux-5-piliers-et-1-porte-coulissante-h-22-cm-l-panneau-150-cm-largeur-porte-280-cm-systeme-de-rail-suspendu-arriere-h-150-cm-largeur-100-cm-local\/"},"modified":"2025-12-01T19:10:16","modified_gmt":"2025-12-01T18:10:16","slug":"cage-en-acier-grillage-comprenant-5-panneaux-5-piliers-et-1-porte-coulissante-h-22-cm-l-panneau-150-cm-largeur-porte-280-cm-systeme-de-rail-suspendu-arriere-h-150-cm-largeur-100-cm-local","status":"publish","type":"product","link":"https:\/\/wpe-encheres.com\/site\/produit\/cage-en-acier-grillage-comprenant-5-panneaux-5-piliers-et-1-porte-coulissante-h-22-cm-l-panneau-150-cm-largeur-porte-280-cm-systeme-de-rail-suspendu-arriere-h-150-cm-largeur-100-cm-local\/","title":{"rendered":"Cage en acier grillag\u00e9 comprenant 5 panneaux, 5 piliers et 1 porte coulissante. H: 22 cm. L panneau : 150 cm. Largeur porte 280 cm. Syst\u00e8me de rail suspendu + arri\u00e8re ( H 150 cm Largeur 100 cm). Localisation : ssol -1 parking"},"content":{"rendered":"<p>Cage en acier grillag\u00e9 comprenant 5 panneaux, 5 piliers et 1 porte coulissante. H: 22 cm. L panneau : 150 cm. Largeur porte 280 cm. Syst\u00e8me de rail suspendu + arri\u00e8re ( H 150 cm Largeur 100 cm). Localisation : ssol -1 parking<\/p>\n","protected":false},"excerpt":{"rendered":"<p>Cage en acier grillag\u00e9 comprenant 5 panneaux, 5 piliers et 1 porte coulissante. H: 22 cm. L panneau : 150 cm. Largeur porte 280 cm. Syst\u00e8me de rail suspendu + arri\u00e8re ( H 150 cm Largeur 100 cm). Localisation : ssol -1 parking<\/p>\n","protected":false},"featured_media":25444,"template":"","meta":{"_acf_changed":false},"product_brand":[],"product_cat":[29],"product_tag":[35],"class_list":{"0":"post-25443","1":"product","2":"type-product","3":"status-publish","4":"has-post-thumbnail","6":"product_cat-materiel-industriel-outillage-machines-outils-coffres-forts-et-armoires-fortes","7":"product_tag-vente-du-04-juin-2025","9":"first","10":"outofstock","11":"product-type-simple"},"acf":[],"yoast_head":"<!-- This site is optimized with the Yoast SEO plugin v27.3 - https:\/\/yoast.com\/product\/yoast-seo-wordpress\/ -->\n<title>Cage en acier grillag\u00e9 comprenant 5 panneaux, 5 piliers et 1 porte coulissante. H: 22 cm. L panneau : 150 cm. Largeur porte 280 cm. Syst\u00e8me de rail suspendu + arri\u00e8re ( H 150 cm Largeur 100 cm). Localisation : ssol -1 parking - wpe-encheres<\/title>\n<meta name=\"robots\" content=\"index, follow, max-snippet:-1, max-image-preview:large, max-video-preview:-1\" \/>\n<link rel=\"canonical\" href=\"https:\/\/wpe-encheres.com\/site\/produit\/cage-en-acier-grillage-comprenant-5-panneaux-5-piliers-et-1-porte-coulissante-h-22-cm-l-panneau-150-cm-largeur-porte-280-cm-systeme-de-rail-suspendu-arriere-h-150-cm-largeur-100-cm-local\/\" \/>\n<meta property=\"og:locale\" content=\"fr_FR\" \/>\n<meta property=\"og:type\" content=\"article\" \/>\n<meta property=\"og:title\" content=\"Cage en acier grillag\u00e9 comprenant 5 panneaux, 5 piliers et 1 porte coulissante. H: 22 cm. L panneau : 150 cm. Largeur porte 280 cm. Syst\u00e8me de rail suspendu + arri\u00e8re ( H 150 cm Largeur 100 cm). Localisation : ssol -1 parking - wpe-encheres\" \/>\n<meta property=\"og:description\" content=\"Cage en acier grillag\u00e9 comprenant 5 panneaux, 5 piliers et 1 porte coulissante. H: 22 cm. L panneau : 150 cm. Largeur porte 280 cm. Syst\u00e8me de rail suspendu + arri\u00e8re ( H 150 cm Largeur 100 cm). Localisation : ssol -1 parking\" \/>\n<meta property=\"og:url\" content=\"https:\/\/wpe-encheres.com\/site\/produit\/cage-en-acier-grillage-comprenant-5-panneaux-5-piliers-et-1-porte-coulissante-h-22-cm-l-panneau-150-cm-largeur-porte-280-cm-systeme-de-rail-suspendu-arriere-h-150-cm-largeur-100-cm-local\/\" \/>\n<meta property=\"og:site_name\" content=\"wpe-encheres\" \/>\n<meta property=\"article:modified_time\" content=\"2025-12-01T18:10:16+00:00\" \/>\n<meta property=\"og:image\" content=\"https:\/\/wpe-encheres.com\/site\/wp-content\/uploads\/2025\/08\/6790eac275dbf-853.jpg\" \/>\n\t<meta property=\"og:image:width\" content=\"800\" \/>\n\t<meta property=\"og:image:height\" content=\"211\" \/>\n\t<meta property=\"og:image:type\" content=\"image\/jpeg\" \/>\n<meta name=\"twitter:card\" content=\"summary_large_image\" \/>\n<script type=\"application\/ld+json\" class=\"yoast-schema-graph\">{\"@context\":\"https:\\\/\\\/schema.org\",\"@graph\":[{\"@type\":\"WebPage\",\"@id\":\"https:\\\/\\\/wpe-encheres.com\\\/site\\\/produit\\\/cage-en-acier-grillage-comprenant-5-panneaux-5-piliers-et-1-porte-coulissante-h-22-cm-l-panneau-150-cm-largeur-porte-280-cm-systeme-de-rail-suspendu-arriere-h-150-cm-largeur-100-cm-local\\\/\",\"url\":\"https:\\\/\\\/wpe-encheres.com\\\/site\\\/produit\\\/cage-en-acier-grillage-comprenant-5-panneaux-5-piliers-et-1-porte-coulissante-h-22-cm-l-panneau-150-cm-largeur-porte-280-cm-systeme-de-rail-suspendu-arriere-h-150-cm-largeur-100-cm-local\\\/\",\"name\":\"Cage en acier grillag\u00e9 comprenant 5 panneaux, 5 piliers et 1 porte coulissante. H: 22 cm. L panneau : 150 cm. Largeur porte 280 cm. Syst\u00e8me de rail suspendu + arri\u00e8re ( H 150 cm Largeur 100 cm). Localisation : ssol -1 parking - wpe-encheres\",\"isPartOf\":{\"@id\":\"https:\\\/\\\/wpe-encheres.com\\\/site\\\/#website\"},\"primaryImageOfPage\":{\"@id\":\"https:\\\/\\\/wpe-encheres.com\\\/site\\\/produit\\\/cage-en-acier-grillage-comprenant-5-panneaux-5-piliers-et-1-porte-coulissante-h-22-cm-l-panneau-150-cm-largeur-porte-280-cm-systeme-de-rail-suspendu-arriere-h-150-cm-largeur-100-cm-local\\\/#primaryimage\"},\"image\":{\"@id\":\"https:\\\/\\\/wpe-encheres.com\\\/site\\\/produit\\\/cage-en-acier-grillage-comprenant-5-panneaux-5-piliers-et-1-porte-coulissante-h-22-cm-l-panneau-150-cm-largeur-porte-280-cm-systeme-de-rail-suspendu-arriere-h-150-cm-largeur-100-cm-local\\\/#primaryimage\"},\"thumbnailUrl\":\"https:\\\/\\\/wpe-encheres.com\\\/site\\\/wp-content\\\/uploads\\\/2025\\\/08\\\/6790eac275dbf-853.jpg\",\"datePublished\":\"2025-08-31T15:28:58+00:00\",\"dateModified\":\"2025-12-01T18:10:16+00:00\",\"breadcrumb\":{\"@id\":\"https:\\\/\\\/wpe-encheres.com\\\/site\\\/produit\\\/cage-en-acier-grillage-comprenant-5-panneaux-5-piliers-et-1-porte-coulissante-h-22-cm-l-panneau-150-cm-largeur-porte-280-cm-systeme-de-rail-suspendu-arriere-h-150-cm-largeur-100-cm-local\\\/#breadcrumb\"},\"inLanguage\":\"fr-FR\",\"potentialAction\":[{\"@type\":\"ReadAction\",\"target\":[\"https:\\\/\\\/wpe-encheres.com\\\/site\\\/produit\\\/cage-en-acier-grillage-comprenant-5-panneaux-5-piliers-et-1-porte-coulissante-h-22-cm-l-panneau-150-cm-largeur-porte-280-cm-systeme-de-rail-suspendu-arriere-h-150-cm-largeur-100-cm-local\\\/\"]}]},{\"@type\":\"ImageObject\",\"inLanguage\":\"fr-FR\",\"@id\":\"https:\\\/\\\/wpe-encheres.com\\\/site\\\/produit\\\/cage-en-acier-grillage-comprenant-5-panneaux-5-piliers-et-1-porte-coulissante-h-22-cm-l-panneau-150-cm-largeur-porte-280-cm-systeme-de-rail-suspendu-arriere-h-150-cm-largeur-100-cm-local\\\/#primaryimage\",\"url\":\"https:\\\/\\\/wpe-encheres.com\\\/site\\\/wp-content\\\/uploads\\\/2025\\\/08\\\/6790eac275dbf-853.jpg\",\"contentUrl\":\"https:\\\/\\\/wpe-encheres.com\\\/site\\\/wp-content\\\/uploads\\\/2025\\\/08\\\/6790eac275dbf-853.jpg\",\"width\":800,\"height\":211},{\"@type\":\"BreadcrumbList\",\"@id\":\"https:\\\/\\\/wpe-encheres.com\\\/site\\\/produit\\\/cage-en-acier-grillage-comprenant-5-panneaux-5-piliers-et-1-porte-coulissante-h-22-cm-l-panneau-150-cm-largeur-porte-280-cm-systeme-de-rail-suspendu-arriere-h-150-cm-largeur-100-cm-local\\\/#breadcrumb\",\"itemListElement\":[{\"@type\":\"ListItem\",\"position\":1,\"name\":\"Accueil\",\"item\":\"https:\\\/\\\/wpe-encheres.com\\\/site\\\/\"},{\"@type\":\"ListItem\",\"position\":2,\"name\":\"Boutique\",\"item\":\"https:\\\/\\\/wpe-encheres.com\\\/site\\\/?page_id=22765\"},{\"@type\":\"ListItem\",\"position\":3,\"name\":\"Cage en acier grillag\u00e9 comprenant 5 panneaux, 5 piliers et 1 porte coulissante. H: 22 cm. L panneau : 150 cm. Largeur porte 280 cm. Syst\u00e8me de rail suspendu + arri\u00e8re ( H 150 cm Largeur 100 cm). Localisation : ssol -1 parking\"}]},{\"@type\":\"WebSite\",\"@id\":\"https:\\\/\\\/wpe-encheres.com\\\/site\\\/#website\",\"url\":\"https:\\\/\\\/wpe-encheres.com\\\/site\\\/\",\"name\":\"wpe-encheres\",\"description\":\"\",\"publisher\":{\"@id\":\"https:\\\/\\\/wpe-encheres.com\\\/site\\\/#organization\"},\"potentialAction\":[{\"@type\":\"SearchAction\",\"target\":{\"@type\":\"EntryPoint\",\"urlTemplate\":\"https:\\\/\\\/wpe-encheres.com\\\/site\\\/?s={search_term_string}\"},\"query-input\":{\"@type\":\"PropertyValueSpecification\",\"valueRequired\":true,\"valueName\":\"search_term_string\"}}],\"inLanguage\":\"fr-FR\"},{\"@type\":\"Organization\",\"@id\":\"https:\\\/\\\/wpe-encheres.com\\\/site\\\/#organization\",\"name\":\"wpe encheres\",\"url\":\"https:\\\/\\\/wpe-encheres.com\\\/site\\\/\",\"logo\":{\"@type\":\"ImageObject\",\"inLanguage\":\"fr-FR\",\"@id\":\"https:\\\/\\\/wpe-encheres.com\\\/site\\\/#\\\/schema\\\/logo\\\/image\\\/\",\"url\":\"https:\\\/\\\/wpe-encheres.com\\\/site\\\/wp-content\\\/uploads\\\/2025\\\/08\\\/wpe-encheres-logo.png\",\"contentUrl\":\"https:\\\/\\\/wpe-encheres.com\\\/site\\\/wp-content\\\/uploads\\\/2025\\\/08\\\/wpe-encheres-logo.png\",\"width\":300,\"height\":110,\"caption\":\"wpe encheres\"},\"image\":{\"@id\":\"https:\\\/\\\/wpe-encheres.com\\\/site\\\/#\\\/schema\\\/logo\\\/image\\\/\"}}]}<\/script>\n<!-- \/ Yoast SEO plugin. -->","yoast_head_json":{"title":"Cage en acier grillag\u00e9 comprenant 5 panneaux, 5 piliers et 1 porte coulissante. H: 22 cm. L panneau : 150 cm. Largeur porte 280 cm. Syst\u00e8me de rail suspendu + arri\u00e8re ( H 150 cm Largeur 100 cm). Localisation : ssol -1 parking - wpe-encheres","robots":{"index":"index","follow":"follow","max-snippet":"max-snippet:-1","max-image-preview":"max-image-preview:large","max-video-preview":"max-video-preview:-1"},"canonical":"https:\/\/wpe-encheres.com\/site\/produit\/cage-en-acier-grillage-comprenant-5-panneaux-5-piliers-et-1-porte-coulissante-h-22-cm-l-panneau-150-cm-largeur-porte-280-cm-systeme-de-rail-suspendu-arriere-h-150-cm-largeur-100-cm-local\/","og_locale":"fr_FR","og_type":"article","og_title":"Cage en acier grillag\u00e9 comprenant 5 panneaux, 5 piliers et 1 porte coulissante. H: 22 cm. L panneau : 150 cm. Largeur porte 280 cm. Syst\u00e8me de rail suspendu + arri\u00e8re ( H 150 cm Largeur 100 cm). Localisation : ssol -1 parking - wpe-encheres","og_description":"Cage en acier grillag\u00e9 comprenant 5 panneaux, 5 piliers et 1 porte coulissante. H: 22 cm. L panneau : 150 cm. Largeur porte 280 cm. Syst\u00e8me de rail suspendu + arri\u00e8re ( H 150 cm Largeur 100 cm). Localisation : ssol -1 parking","og_url":"https:\/\/wpe-encheres.com\/site\/produit\/cage-en-acier-grillage-comprenant-5-panneaux-5-piliers-et-1-porte-coulissante-h-22-cm-l-panneau-150-cm-largeur-porte-280-cm-systeme-de-rail-suspendu-arriere-h-150-cm-largeur-100-cm-local\/","og_site_name":"wpe-encheres","article_modified_time":"2025-12-01T18:10:16+00:00","og_image":[{"width":800,"height":211,"url":"https:\/\/wpe-encheres.com\/site\/wp-content\/uploads\/2025\/08\/6790eac275dbf-853.jpg","type":"image\/jpeg"}],"twitter_card":"summary_large_image","schema":{"@context":"https:\/\/schema.org","@graph":[{"@type":"WebPage","@id":"https:\/\/wpe-encheres.com\/site\/produit\/cage-en-acier-grillage-comprenant-5-panneaux-5-piliers-et-1-porte-coulissante-h-22-cm-l-panneau-150-cm-largeur-porte-280-cm-systeme-de-rail-suspendu-arriere-h-150-cm-largeur-100-cm-local\/","url":"https:\/\/wpe-encheres.com\/site\/produit\/cage-en-acier-grillage-comprenant-5-panneaux-5-piliers-et-1-porte-coulissante-h-22-cm-l-panneau-150-cm-largeur-porte-280-cm-systeme-de-rail-suspendu-arriere-h-150-cm-largeur-100-cm-local\/","name":"Cage en acier grillag\u00e9 comprenant 5 panneaux, 5 piliers et 1 porte coulissante. H: 22 cm. L panneau : 150 cm. Largeur porte 280 cm. Syst\u00e8me de rail suspendu + arri\u00e8re ( H 150 cm Largeur 100 cm). Localisation : ssol -1 parking - wpe-encheres","isPartOf":{"@id":"https:\/\/wpe-encheres.com\/site\/#website"},"primaryImageOfPage":{"@id":"https:\/\/wpe-encheres.com\/site\/produit\/cage-en-acier-grillage-comprenant-5-panneaux-5-piliers-et-1-porte-coulissante-h-22-cm-l-panneau-150-cm-largeur-porte-280-cm-systeme-de-rail-suspendu-arriere-h-150-cm-largeur-100-cm-local\/#primaryimage"},"image":{"@id":"https:\/\/wpe-encheres.com\/site\/produit\/cage-en-acier-grillage-comprenant-5-panneaux-5-piliers-et-1-porte-coulissante-h-22-cm-l-panneau-150-cm-largeur-porte-280-cm-systeme-de-rail-suspendu-arriere-h-150-cm-largeur-100-cm-local\/#primaryimage"},"thumbnailUrl":"https:\/\/wpe-encheres.com\/site\/wp-content\/uploads\/2025\/08\/6790eac275dbf-853.jpg","datePublished":"2025-08-31T15:28:58+00:00","dateModified":"2025-12-01T18:10:16+00:00","breadcrumb":{"@id":"https:\/\/wpe-encheres.com\/site\/produit\/cage-en-acier-grillage-comprenant-5-panneaux-5-piliers-et-1-porte-coulissante-h-22-cm-l-panneau-150-cm-largeur-porte-280-cm-systeme-de-rail-suspendu-arriere-h-150-cm-largeur-100-cm-local\/#breadcrumb"},"inLanguage":"fr-FR","potentialAction":[{"@type":"ReadAction","target":["https:\/\/wpe-encheres.com\/site\/produit\/cage-en-acier-grillage-comprenant-5-panneaux-5-piliers-et-1-porte-coulissante-h-22-cm-l-panneau-150-cm-largeur-porte-280-cm-systeme-de-rail-suspendu-arriere-h-150-cm-largeur-100-cm-local\/"]}]},{"@type":"ImageObject","inLanguage":"fr-FR","@id":"https:\/\/wpe-encheres.com\/site\/produit\/cage-en-acier-grillage-comprenant-5-panneaux-5-piliers-et-1-porte-coulissante-h-22-cm-l-panneau-150-cm-largeur-porte-280-cm-systeme-de-rail-suspendu-arriere-h-150-cm-largeur-100-cm-local\/#primaryimage","url":"https:\/\/wpe-encheres.com\/site\/wp-content\/uploads\/2025\/08\/6790eac275dbf-853.jpg","contentUrl":"https:\/\/wpe-encheres.com\/site\/wp-content\/uploads\/2025\/08\/6790eac275dbf-853.jpg","width":800,"height":211},{"@type":"BreadcrumbList","@id":"https:\/\/wpe-encheres.com\/site\/produit\/cage-en-acier-grillage-comprenant-5-panneaux-5-piliers-et-1-porte-coulissante-h-22-cm-l-panneau-150-cm-largeur-porte-280-cm-systeme-de-rail-suspendu-arriere-h-150-cm-largeur-100-cm-local\/#breadcrumb","itemListElement":[{"@type":"ListItem","position":1,"name":"Accueil","item":"https:\/\/wpe-encheres.com\/site\/"},{"@type":"ListItem","position":2,"name":"Boutique","item":"https:\/\/wpe-encheres.com\/site\/?page_id=22765"},{"@type":"ListItem","position":3,"name":"Cage en acier grillag\u00e9 comprenant 5 panneaux, 5 piliers et 1 porte coulissante. H: 22 cm. L panneau : 150 cm. Largeur porte 280 cm. Syst\u00e8me de rail suspendu + arri\u00e8re ( H 150 cm Largeur 100 cm). Localisation : ssol -1 parking"}]},{"@type":"WebSite","@id":"https:\/\/wpe-encheres.com\/site\/#website","url":"https:\/\/wpe-encheres.com\/site\/","name":"wpe-encheres","description":"","publisher":{"@id":"https:\/\/wpe-encheres.com\/site\/#organization"},"potentialAction":[{"@type":"SearchAction","target":{"@type":"EntryPoint","urlTemplate":"https:\/\/wpe-encheres.com\/site\/?s={search_term_string}"},"query-input":{"@type":"PropertyValueSpecification","valueRequired":true,"valueName":"search_term_string"}}],"inLanguage":"fr-FR"},{"@type":"Organization","@id":"https:\/\/wpe-encheres.com\/site\/#organization","name":"wpe encheres","url":"https:\/\/wpe-encheres.com\/site\/","logo":{"@type":"ImageObject","inLanguage":"fr-FR","@id":"https:\/\/wpe-encheres.com\/site\/#\/schema\/logo\/image\/","url":"https:\/\/wpe-encheres.com\/site\/wp-content\/uploads\/2025\/08\/wpe-encheres-logo.png","contentUrl":"https:\/\/wpe-encheres.com\/site\/wp-content\/uploads\/2025\/08\/wpe-encheres-logo.png","width":300,"height":110,"caption":"wpe encheres"},"image":{"@id":"https:\/\/wpe-encheres.com\/site\/#\/schema\/logo\/image\/"}}]}},"_links":{"self":[{"href":"https:\/\/wpe-encheres.com\/site\/wp-json\/wp\/v2\/product\/25443","targetHints":{"allow":["GET"]}}],"collection":[{"href":"https:\/\/wpe-encheres.com\/site\/wp-json\/wp\/v2\/product"}],"about":[{"href":"https:\/\/wpe-encheres.com\/site\/wp-json\/wp\/v2\/types\/product"}],"wp:featuredmedia":[{"embeddable":true,"href":"https:\/\/wpe-encheres.com\/site\/wp-json\/wp\/v2\/media\/25444"}],"wp:attachment":[{"href":"https:\/\/wpe-encheres.com\/site\/wp-json\/wp\/v2\/media?parent=25443"}],"wp:term":[{"taxonomy":"product_brand","embeddable":true,"href":"https:\/\/wpe-encheres.com\/site\/wp-json\/wp\/v2\/product_brand?post=25443"},{"taxonomy":"product_cat","embeddable":true,"href":"https:\/\/wpe-encheres.com\/site\/wp-json\/wp\/v2\/product_cat?post=25443"},{"taxonomy":"product_tag","embeddable":true,"href":"https:\/\/wpe-encheres.com\/site\/wp-json\/wp\/v2\/product_tag?post=25443"}],"curies":[{"name":"wp","href":"https:\/\/api.w.org\/{rel}","templated":true}]}}