{"id":24952,"date":"2025-08-31T17:21:00","date_gmt":"2025-08-31T15:21:00","guid":{"rendered":"https:\/\/wpe-encheres.com\/site\/produit\/ensemble-darmoires-basses-en-bois-blanc-et-parois-en-gris-16-unites-armoire-simple-85-x-90-x-45-cm-4-unites-avec-deux-armoires-rassemblees-85-x-180-x-45-cm-3-unites-avec-trois-armoires-rassemb\/"},"modified":"2025-12-01T19:11:34","modified_gmt":"2025-12-01T18:11:34","slug":"ensemble-darmoires-basses-en-bois-blanc-et-parois-en-gris-16-unites-armoire-simple-85-x-90-x-45-cm-4-unites-avec-deux-armoires-rassemblees-85-x-180-x-45-cm-3-unites-avec-trois-armoires-rassemb","status":"publish","type":"product","link":"https:\/\/wpe-encheres.com\/site\/produit\/ensemble-darmoires-basses-en-bois-blanc-et-parois-en-gris-16-unites-armoire-simple-85-x-90-x-45-cm-4-unites-avec-deux-armoires-rassemblees-85-x-180-x-45-cm-3-unites-avec-trois-armoires-rassemb\/","title":{"rendered":"Ensemble d&rsquo;armoires basses, en bois blanc et parois en gris. 16 Unit\u00e9s, Armoire simple. 85 x 90 x 45 cm. 4 Unit\u00e9s avec Deux armoires rassembl\u00e9es. 85 x 180 x 45 cm. 3 Unit\u00e9s avec Trois armoires rassembl\u00e9es. 85 x 270 x 45 cm. Localisation : 6 rue Duret &#8211; 75116 Paris.\n16 : (Cuisine -1, RDC Singapour, 1-25, 1-37, 1-38, 1-39, 1 -41, 2-62, 2-65, 3-82, 3-84, 517B) 4 :(2-67, 2-66, 3-92, 3-83) et 3 : (3-82, 3-87, 3-90)"},"content":{"rendered":"<p>Ensemble d&rsquo;armoires basses, en bois blanc et parois en gris. 16 Unit\u00e9s, Armoire simple. 85 x 90 x 45 cm. 4 Unit\u00e9s avec Deux armoires rassembl\u00e9es. 85 x 180 x 45 cm. 3 Unit\u00e9s avec Trois armoires rassembl\u00e9es. 85 x 270 x 45 cm. Localisation : 6 rue Duret &#8211; 75116 Paris.<br \/>\n16 : (Cuisine -1, RDC Singapour, 1-25, 1-37, 1-38, 1-39, 1 -41, 2-62, 2-65, 3-82, 3-84, 517B) 4 :(2-67, 2-66, 3-92, 3-83) et 3 : (3-82, 3-87, 3-90)<\/p>\n","protected":false},"excerpt":{"rendered":"<p>Ensemble d&rsquo;armoires basses, en bois blanc et parois en gris. 16 Unit\u00e9s, Armoire simple. 85 x 90 x 45 cm. 4 Unit\u00e9s avec Deux armoires rassembl\u00e9es. 85 x 180 x 45 cm. 3 Unit\u00e9s avec Trois armoires rassembl\u00e9es. 85 x 270 x 45 cm. Localisation : 6 rue Duret &#8211; 75116 Paris.<br \/>\n16 : (Cuisine -1, RDC Singapour, 1-25, 1-37, 1-38, 1-39, 1 -41, 2-62, 2-65, 3-82, 3-84, 517B) 4 :(2-67, 2-66, 3-92, 3-83) et 3 : (3-82, 3-87, 3-90)<\/p>\n","protected":false},"featured_media":24953,"template":"","meta":{"_acf_changed":false},"product_brand":[],"product_cat":[24],"product_tag":[32],"class_list":{"0":"post-24952","1":"product","2":"type-product","3":"status-publish","4":"has-post-thumbnail","6":"product_cat-mobilier-de-bureau-equipement-du-bureau","7":"product_tag-vente-du-18-juin-2025","9":"first","10":"outofstock","11":"product-type-simple"},"acf":[],"yoast_head":"<!-- This site is optimized with the Yoast SEO plugin v27.3 - https:\/\/yoast.com\/product\/yoast-seo-wordpress\/ -->\n<title>Ensemble d&#039;armoires basses, en bois blanc et parois en gris. 16 Unit\u00e9s, Armoire simple. 85 x 90 x 45 cm. 4 Unit\u00e9s avec Deux armoires rassembl\u00e9es. 85 x 180 x 45 cm. 3 Unit\u00e9s avec Trois armoires rassembl\u00e9es. 85 x 270 x 45 cm. Localisation : 6 rue Duret - 75116 Paris. 16 : (Cuisine -1, RDC Singapour, 1-25, 1-37, 1-38, 1-39, 1 -41, 2-62, 2-65, 3-82, 3-84, 517B) 4 :(2-67, 2-66, 3-92, 3-83) et 3 : (3-82, 3-87, 3-90) - wpe-encheres<\/title>\n<meta name=\"robots\" content=\"index, follow, max-snippet:-1, max-image-preview:large, max-video-preview:-1\" \/>\n<link rel=\"canonical\" href=\"https:\/\/wpe-encheres.com\/site\/produit\/ensemble-darmoires-basses-en-bois-blanc-et-parois-en-gris-16-unites-armoire-simple-85-x-90-x-45-cm-4-unites-avec-deux-armoires-rassemblees-85-x-180-x-45-cm-3-unites-avec-trois-armoires-rassemb\/\" \/>\n<meta property=\"og:locale\" content=\"fr_FR\" \/>\n<meta property=\"og:type\" content=\"article\" \/>\n<meta property=\"og:title\" content=\"Ensemble d&#039;armoires basses, en bois blanc et parois en gris. 16 Unit\u00e9s, Armoire simple. 85 x 90 x 45 cm. 4 Unit\u00e9s avec Deux armoires rassembl\u00e9es. 85 x 180 x 45 cm. 3 Unit\u00e9s avec Trois armoires rassembl\u00e9es. 85 x 270 x 45 cm. Localisation : 6 rue Duret - 75116 Paris. 16 : (Cuisine -1, RDC Singapour, 1-25, 1-37, 1-38, 1-39, 1 -41, 2-62, 2-65, 3-82, 3-84, 517B) 4 :(2-67, 2-66, 3-92, 3-83) et 3 : (3-82, 3-87, 3-90) - wpe-encheres\" \/>\n<meta property=\"og:description\" content=\"Ensemble d&#039;armoires basses, en bois blanc et parois en gris. 16 Unit\u00e9s, Armoire simple. 85 x 90 x 45 cm. 4 Unit\u00e9s avec Deux armoires rassembl\u00e9es. 85 x 180 x 45 cm. 3 Unit\u00e9s avec Trois armoires rassembl\u00e9es. 85 x 270 x 45 cm. Localisation : 6 rue Duret - 75116 Paris. 16 : (Cuisine -1, RDC Singapour, 1-25, 1-37, 1-38, 1-39, 1 -41, 2-62, 2-65, 3-82, 3-84, 517B) 4 :(2-67, 2-66, 3-92, 3-83) et 3 : (3-82, 3-87, 3-90)\" \/>\n<meta property=\"og:url\" content=\"https:\/\/wpe-encheres.com\/site\/produit\/ensemble-darmoires-basses-en-bois-blanc-et-parois-en-gris-16-unites-armoire-simple-85-x-90-x-45-cm-4-unites-avec-deux-armoires-rassemblees-85-x-180-x-45-cm-3-unites-avec-trois-armoires-rassemb\/\" \/>\n<meta property=\"og:site_name\" content=\"wpe-encheres\" \/>\n<meta property=\"article:modified_time\" content=\"2025-12-01T18:11:34+00:00\" \/>\n<meta property=\"og:image\" content=\"https:\/\/wpe-encheres.com\/site\/wp-content\/uploads\/2025\/08\/68401a644931d.jpg\" \/>\n\t<meta property=\"og:image:width\" content=\"657\" \/>\n\t<meta property=\"og:image:height\" content=\"657\" \/>\n\t<meta property=\"og:image:type\" content=\"image\/jpeg\" \/>\n<meta name=\"twitter:card\" content=\"summary_large_image\" \/>\n<script type=\"application\/ld+json\" class=\"yoast-schema-graph\">{\"@context\":\"https:\\\/\\\/schema.org\",\"@graph\":[{\"@type\":\"WebPage\",\"@id\":\"https:\\\/\\\/wpe-encheres.com\\\/site\\\/produit\\\/ensemble-darmoires-basses-en-bois-blanc-et-parois-en-gris-16-unites-armoire-simple-85-x-90-x-45-cm-4-unites-avec-deux-armoires-rassemblees-85-x-180-x-45-cm-3-unites-avec-trois-armoires-rassemb\\\/\",\"url\":\"https:\\\/\\\/wpe-encheres.com\\\/site\\\/produit\\\/ensemble-darmoires-basses-en-bois-blanc-et-parois-en-gris-16-unites-armoire-simple-85-x-90-x-45-cm-4-unites-avec-deux-armoires-rassemblees-85-x-180-x-45-cm-3-unites-avec-trois-armoires-rassemb\\\/\",\"name\":\"Ensemble d'armoires basses, en bois blanc et parois en gris. 16 Unit\u00e9s, Armoire simple. 85 x 90 x 45 cm. 4 Unit\u00e9s avec Deux armoires rassembl\u00e9es. 85 x 180 x 45 cm. 3 Unit\u00e9s avec Trois armoires rassembl\u00e9es. 85 x 270 x 45 cm. Localisation : 6 rue Duret - 75116 Paris. 16 : (Cuisine -1, RDC Singapour, 1-25, 1-37, 1-38, 1-39, 1 -41, 2-62, 2-65, 3-82, 3-84, 517B) 4 :(2-67, 2-66, 3-92, 3-83) et 3 : (3-82, 3-87, 3-90) - wpe-encheres\",\"isPartOf\":{\"@id\":\"https:\\\/\\\/wpe-encheres.com\\\/site\\\/#website\"},\"primaryImageOfPage\":{\"@id\":\"https:\\\/\\\/wpe-encheres.com\\\/site\\\/produit\\\/ensemble-darmoires-basses-en-bois-blanc-et-parois-en-gris-16-unites-armoire-simple-85-x-90-x-45-cm-4-unites-avec-deux-armoires-rassemblees-85-x-180-x-45-cm-3-unites-avec-trois-armoires-rassemb\\\/#primaryimage\"},\"image\":{\"@id\":\"https:\\\/\\\/wpe-encheres.com\\\/site\\\/produit\\\/ensemble-darmoires-basses-en-bois-blanc-et-parois-en-gris-16-unites-armoire-simple-85-x-90-x-45-cm-4-unites-avec-deux-armoires-rassemblees-85-x-180-x-45-cm-3-unites-avec-trois-armoires-rassemb\\\/#primaryimage\"},\"thumbnailUrl\":\"https:\\\/\\\/wpe-encheres.com\\\/site\\\/wp-content\\\/uploads\\\/2025\\\/08\\\/68401a644931d.jpg\",\"datePublished\":\"2025-08-31T15:21:00+00:00\",\"dateModified\":\"2025-12-01T18:11:34+00:00\",\"breadcrumb\":{\"@id\":\"https:\\\/\\\/wpe-encheres.com\\\/site\\\/produit\\\/ensemble-darmoires-basses-en-bois-blanc-et-parois-en-gris-16-unites-armoire-simple-85-x-90-x-45-cm-4-unites-avec-deux-armoires-rassemblees-85-x-180-x-45-cm-3-unites-avec-trois-armoires-rassemb\\\/#breadcrumb\"},\"inLanguage\":\"fr-FR\",\"potentialAction\":[{\"@type\":\"ReadAction\",\"target\":[\"https:\\\/\\\/wpe-encheres.com\\\/site\\\/produit\\\/ensemble-darmoires-basses-en-bois-blanc-et-parois-en-gris-16-unites-armoire-simple-85-x-90-x-45-cm-4-unites-avec-deux-armoires-rassemblees-85-x-180-x-45-cm-3-unites-avec-trois-armoires-rassemb\\\/\"]}]},{\"@type\":\"ImageObject\",\"inLanguage\":\"fr-FR\",\"@id\":\"https:\\\/\\\/wpe-encheres.com\\\/site\\\/produit\\\/ensemble-darmoires-basses-en-bois-blanc-et-parois-en-gris-16-unites-armoire-simple-85-x-90-x-45-cm-4-unites-avec-deux-armoires-rassemblees-85-x-180-x-45-cm-3-unites-avec-trois-armoires-rassemb\\\/#primaryimage\",\"url\":\"https:\\\/\\\/wpe-encheres.com\\\/site\\\/wp-content\\\/uploads\\\/2025\\\/08\\\/68401a644931d.jpg\",\"contentUrl\":\"https:\\\/\\\/wpe-encheres.com\\\/site\\\/wp-content\\\/uploads\\\/2025\\\/08\\\/68401a644931d.jpg\",\"width\":657,\"height\":657},{\"@type\":\"BreadcrumbList\",\"@id\":\"https:\\\/\\\/wpe-encheres.com\\\/site\\\/produit\\\/ensemble-darmoires-basses-en-bois-blanc-et-parois-en-gris-16-unites-armoire-simple-85-x-90-x-45-cm-4-unites-avec-deux-armoires-rassemblees-85-x-180-x-45-cm-3-unites-avec-trois-armoires-rassemb\\\/#breadcrumb\",\"itemListElement\":[{\"@type\":\"ListItem\",\"position\":1,\"name\":\"Accueil\",\"item\":\"https:\\\/\\\/wpe-encheres.com\\\/site\\\/\"},{\"@type\":\"ListItem\",\"position\":2,\"name\":\"Boutique\",\"item\":\"https:\\\/\\\/wpe-encheres.com\\\/site\\\/?page_id=22765\"},{\"@type\":\"ListItem\",\"position\":3,\"name\":\"Ensemble d&rsquo;armoires basses, en bois blanc et parois en gris. 16 Unit\u00e9s, Armoire simple. 85 x 90 x 45 cm. 4 Unit\u00e9s avec Deux armoires rassembl\u00e9es. 85 x 180 x 45 cm. 3 Unit\u00e9s avec Trois armoires rassembl\u00e9es. 85 x 270 x 45 cm. Localisation : 6 rue Duret &#8211; 75116 Paris. 16 : (Cuisine -1, RDC Singapour, 1-25, 1-37, 1-38, 1-39, 1 -41, 2-62, 2-65, 3-82, 3-84, 517B) 4 :(2-67, 2-66, 3-92, 3-83) et 3 : (3-82, 3-87, 3-90)\"}]},{\"@type\":\"WebSite\",\"@id\":\"https:\\\/\\\/wpe-encheres.com\\\/site\\\/#website\",\"url\":\"https:\\\/\\\/wpe-encheres.com\\\/site\\\/\",\"name\":\"wpe-encheres\",\"description\":\"\",\"publisher\":{\"@id\":\"https:\\\/\\\/wpe-encheres.com\\\/site\\\/#organization\"},\"potentialAction\":[{\"@type\":\"SearchAction\",\"target\":{\"@type\":\"EntryPoint\",\"urlTemplate\":\"https:\\\/\\\/wpe-encheres.com\\\/site\\\/?s={search_term_string}\"},\"query-input\":{\"@type\":\"PropertyValueSpecification\",\"valueRequired\":true,\"valueName\":\"search_term_string\"}}],\"inLanguage\":\"fr-FR\"},{\"@type\":\"Organization\",\"@id\":\"https:\\\/\\\/wpe-encheres.com\\\/site\\\/#organization\",\"name\":\"wpe encheres\",\"url\":\"https:\\\/\\\/wpe-encheres.com\\\/site\\\/\",\"logo\":{\"@type\":\"ImageObject\",\"inLanguage\":\"fr-FR\",\"@id\":\"https:\\\/\\\/wpe-encheres.com\\\/site\\\/#\\\/schema\\\/logo\\\/image\\\/\",\"url\":\"https:\\\/\\\/wpe-encheres.com\\\/site\\\/wp-content\\\/uploads\\\/2025\\\/08\\\/wpe-encheres-logo.png\",\"contentUrl\":\"https:\\\/\\\/wpe-encheres.com\\\/site\\\/wp-content\\\/uploads\\\/2025\\\/08\\\/wpe-encheres-logo.png\",\"width\":300,\"height\":110,\"caption\":\"wpe encheres\"},\"image\":{\"@id\":\"https:\\\/\\\/wpe-encheres.com\\\/site\\\/#\\\/schema\\\/logo\\\/image\\\/\"}}]}<\/script>\n<!-- \/ Yoast SEO plugin. -->","yoast_head_json":{"title":"Ensemble d'armoires basses, en bois blanc et parois en gris. 16 Unit\u00e9s, Armoire simple. 85 x 90 x 45 cm. 4 Unit\u00e9s avec Deux armoires rassembl\u00e9es. 85 x 180 x 45 cm. 3 Unit\u00e9s avec Trois armoires rassembl\u00e9es. 85 x 270 x 45 cm. Localisation : 6 rue Duret - 75116 Paris. 16 : (Cuisine -1, RDC Singapour, 1-25, 1-37, 1-38, 1-39, 1 -41, 2-62, 2-65, 3-82, 3-84, 517B) 4 :(2-67, 2-66, 3-92, 3-83) et 3 : (3-82, 3-87, 3-90) - wpe-encheres","robots":{"index":"index","follow":"follow","max-snippet":"max-snippet:-1","max-image-preview":"max-image-preview:large","max-video-preview":"max-video-preview:-1"},"canonical":"https:\/\/wpe-encheres.com\/site\/produit\/ensemble-darmoires-basses-en-bois-blanc-et-parois-en-gris-16-unites-armoire-simple-85-x-90-x-45-cm-4-unites-avec-deux-armoires-rassemblees-85-x-180-x-45-cm-3-unites-avec-trois-armoires-rassemb\/","og_locale":"fr_FR","og_type":"article","og_title":"Ensemble d'armoires basses, en bois blanc et parois en gris. 16 Unit\u00e9s, Armoire simple. 85 x 90 x 45 cm. 4 Unit\u00e9s avec Deux armoires rassembl\u00e9es. 85 x 180 x 45 cm. 3 Unit\u00e9s avec Trois armoires rassembl\u00e9es. 85 x 270 x 45 cm. Localisation : 6 rue Duret - 75116 Paris. 16 : (Cuisine -1, RDC Singapour, 1-25, 1-37, 1-38, 1-39, 1 -41, 2-62, 2-65, 3-82, 3-84, 517B) 4 :(2-67, 2-66, 3-92, 3-83) et 3 : (3-82, 3-87, 3-90) - wpe-encheres","og_description":"Ensemble d'armoires basses, en bois blanc et parois en gris. 16 Unit\u00e9s, Armoire simple. 85 x 90 x 45 cm. 4 Unit\u00e9s avec Deux armoires rassembl\u00e9es. 85 x 180 x 45 cm. 3 Unit\u00e9s avec Trois armoires rassembl\u00e9es. 85 x 270 x 45 cm. Localisation : 6 rue Duret - 75116 Paris. 16 : (Cuisine -1, RDC Singapour, 1-25, 1-37, 1-38, 1-39, 1 -41, 2-62, 2-65, 3-82, 3-84, 517B) 4 :(2-67, 2-66, 3-92, 3-83) et 3 : (3-82, 3-87, 3-90)","og_url":"https:\/\/wpe-encheres.com\/site\/produit\/ensemble-darmoires-basses-en-bois-blanc-et-parois-en-gris-16-unites-armoire-simple-85-x-90-x-45-cm-4-unites-avec-deux-armoires-rassemblees-85-x-180-x-45-cm-3-unites-avec-trois-armoires-rassemb\/","og_site_name":"wpe-encheres","article_modified_time":"2025-12-01T18:11:34+00:00","og_image":[{"width":657,"height":657,"url":"https:\/\/wpe-encheres.com\/site\/wp-content\/uploads\/2025\/08\/68401a644931d.jpg","type":"image\/jpeg"}],"twitter_card":"summary_large_image","schema":{"@context":"https:\/\/schema.org","@graph":[{"@type":"WebPage","@id":"https:\/\/wpe-encheres.com\/site\/produit\/ensemble-darmoires-basses-en-bois-blanc-et-parois-en-gris-16-unites-armoire-simple-85-x-90-x-45-cm-4-unites-avec-deux-armoires-rassemblees-85-x-180-x-45-cm-3-unites-avec-trois-armoires-rassemb\/","url":"https:\/\/wpe-encheres.com\/site\/produit\/ensemble-darmoires-basses-en-bois-blanc-et-parois-en-gris-16-unites-armoire-simple-85-x-90-x-45-cm-4-unites-avec-deux-armoires-rassemblees-85-x-180-x-45-cm-3-unites-avec-trois-armoires-rassemb\/","name":"Ensemble d'armoires basses, en bois blanc et parois en gris. 16 Unit\u00e9s, Armoire simple. 85 x 90 x 45 cm. 4 Unit\u00e9s avec Deux armoires rassembl\u00e9es. 85 x 180 x 45 cm. 3 Unit\u00e9s avec Trois armoires rassembl\u00e9es. 85 x 270 x 45 cm. Localisation : 6 rue Duret - 75116 Paris. 16 : (Cuisine -1, RDC Singapour, 1-25, 1-37, 1-38, 1-39, 1 -41, 2-62, 2-65, 3-82, 3-84, 517B) 4 :(2-67, 2-66, 3-92, 3-83) et 3 : (3-82, 3-87, 3-90) - wpe-encheres","isPartOf":{"@id":"https:\/\/wpe-encheres.com\/site\/#website"},"primaryImageOfPage":{"@id":"https:\/\/wpe-encheres.com\/site\/produit\/ensemble-darmoires-basses-en-bois-blanc-et-parois-en-gris-16-unites-armoire-simple-85-x-90-x-45-cm-4-unites-avec-deux-armoires-rassemblees-85-x-180-x-45-cm-3-unites-avec-trois-armoires-rassemb\/#primaryimage"},"image":{"@id":"https:\/\/wpe-encheres.com\/site\/produit\/ensemble-darmoires-basses-en-bois-blanc-et-parois-en-gris-16-unites-armoire-simple-85-x-90-x-45-cm-4-unites-avec-deux-armoires-rassemblees-85-x-180-x-45-cm-3-unites-avec-trois-armoires-rassemb\/#primaryimage"},"thumbnailUrl":"https:\/\/wpe-encheres.com\/site\/wp-content\/uploads\/2025\/08\/68401a644931d.jpg","datePublished":"2025-08-31T15:21:00+00:00","dateModified":"2025-12-01T18:11:34+00:00","breadcrumb":{"@id":"https:\/\/wpe-encheres.com\/site\/produit\/ensemble-darmoires-basses-en-bois-blanc-et-parois-en-gris-16-unites-armoire-simple-85-x-90-x-45-cm-4-unites-avec-deux-armoires-rassemblees-85-x-180-x-45-cm-3-unites-avec-trois-armoires-rassemb\/#breadcrumb"},"inLanguage":"fr-FR","potentialAction":[{"@type":"ReadAction","target":["https:\/\/wpe-encheres.com\/site\/produit\/ensemble-darmoires-basses-en-bois-blanc-et-parois-en-gris-16-unites-armoire-simple-85-x-90-x-45-cm-4-unites-avec-deux-armoires-rassemblees-85-x-180-x-45-cm-3-unites-avec-trois-armoires-rassemb\/"]}]},{"@type":"ImageObject","inLanguage":"fr-FR","@id":"https:\/\/wpe-encheres.com\/site\/produit\/ensemble-darmoires-basses-en-bois-blanc-et-parois-en-gris-16-unites-armoire-simple-85-x-90-x-45-cm-4-unites-avec-deux-armoires-rassemblees-85-x-180-x-45-cm-3-unites-avec-trois-armoires-rassemb\/#primaryimage","url":"https:\/\/wpe-encheres.com\/site\/wp-content\/uploads\/2025\/08\/68401a644931d.jpg","contentUrl":"https:\/\/wpe-encheres.com\/site\/wp-content\/uploads\/2025\/08\/68401a644931d.jpg","width":657,"height":657},{"@type":"BreadcrumbList","@id":"https:\/\/wpe-encheres.com\/site\/produit\/ensemble-darmoires-basses-en-bois-blanc-et-parois-en-gris-16-unites-armoire-simple-85-x-90-x-45-cm-4-unites-avec-deux-armoires-rassemblees-85-x-180-x-45-cm-3-unites-avec-trois-armoires-rassemb\/#breadcrumb","itemListElement":[{"@type":"ListItem","position":1,"name":"Accueil","item":"https:\/\/wpe-encheres.com\/site\/"},{"@type":"ListItem","position":2,"name":"Boutique","item":"https:\/\/wpe-encheres.com\/site\/?page_id=22765"},{"@type":"ListItem","position":3,"name":"Ensemble d&rsquo;armoires basses, en bois blanc et parois en gris. 16 Unit\u00e9s, Armoire simple. 85 x 90 x 45 cm. 4 Unit\u00e9s avec Deux armoires rassembl\u00e9es. 85 x 180 x 45 cm. 3 Unit\u00e9s avec Trois armoires rassembl\u00e9es. 85 x 270 x 45 cm. Localisation : 6 rue Duret &#8211; 75116 Paris. 16 : (Cuisine -1, RDC Singapour, 1-25, 1-37, 1-38, 1-39, 1 -41, 2-62, 2-65, 3-82, 3-84, 517B) 4 :(2-67, 2-66, 3-92, 3-83) et 3 : (3-82, 3-87, 3-90)"}]},{"@type":"WebSite","@id":"https:\/\/wpe-encheres.com\/site\/#website","url":"https:\/\/wpe-encheres.com\/site\/","name":"wpe-encheres","description":"","publisher":{"@id":"https:\/\/wpe-encheres.com\/site\/#organization"},"potentialAction":[{"@type":"SearchAction","target":{"@type":"EntryPoint","urlTemplate":"https:\/\/wpe-encheres.com\/site\/?s={search_term_string}"},"query-input":{"@type":"PropertyValueSpecification","valueRequired":true,"valueName":"search_term_string"}}],"inLanguage":"fr-FR"},{"@type":"Organization","@id":"https:\/\/wpe-encheres.com\/site\/#organization","name":"wpe encheres","url":"https:\/\/wpe-encheres.com\/site\/","logo":{"@type":"ImageObject","inLanguage":"fr-FR","@id":"https:\/\/wpe-encheres.com\/site\/#\/schema\/logo\/image\/","url":"https:\/\/wpe-encheres.com\/site\/wp-content\/uploads\/2025\/08\/wpe-encheres-logo.png","contentUrl":"https:\/\/wpe-encheres.com\/site\/wp-content\/uploads\/2025\/08\/wpe-encheres-logo.png","width":300,"height":110,"caption":"wpe encheres"},"image":{"@id":"https:\/\/wpe-encheres.com\/site\/#\/schema\/logo\/image\/"}}]}},"_links":{"self":[{"href":"https:\/\/wpe-encheres.com\/site\/wp-json\/wp\/v2\/product\/24952","targetHints":{"allow":["GET"]}}],"collection":[{"href":"https:\/\/wpe-encheres.com\/site\/wp-json\/wp\/v2\/product"}],"about":[{"href":"https:\/\/wpe-encheres.com\/site\/wp-json\/wp\/v2\/types\/product"}],"wp:featuredmedia":[{"embeddable":true,"href":"https:\/\/wpe-encheres.com\/site\/wp-json\/wp\/v2\/media\/24953"}],"wp:attachment":[{"href":"https:\/\/wpe-encheres.com\/site\/wp-json\/wp\/v2\/media?parent=24952"}],"wp:term":[{"taxonomy":"product_brand","embeddable":true,"href":"https:\/\/wpe-encheres.com\/site\/wp-json\/wp\/v2\/product_brand?post=24952"},{"taxonomy":"product_cat","embeddable":true,"href":"https:\/\/wpe-encheres.com\/site\/wp-json\/wp\/v2\/product_cat?post=24952"},{"taxonomy":"product_tag","embeddable":true,"href":"https:\/\/wpe-encheres.com\/site\/wp-json\/wp\/v2\/product_tag?post=24952"}],"curies":[{"name":"wp","href":"https:\/\/api.w.org\/{rel}","templated":true}]}}