{"id":24768,"date":"2025-08-31T17:19:46","date_gmt":"2025-08-31T15:19:46","guid":{"rendered":"https:\/\/wpe-encheres.com\/site\/produit\/mini-bar-de-marque-kleo-modele-kmb45-de-couleur-noire-capacite-45-litres-56-x-42-x-35-cm-localisation-5-avenue-kleber-75116-paris\/"},"modified":"2025-12-01T19:11:43","modified_gmt":"2025-12-01T18:11:43","slug":"mini-bar-de-marque-kleo-modele-kmb45-de-couleur-noire-capacite-45-litres-56-x-42-x-35-cm-localisation-5-avenue-kleber-75116-paris","status":"publish","type":"product","link":"https:\/\/wpe-encheres.com\/site\/produit\/mini-bar-de-marque-kleo-modele-kmb45-de-couleur-noire-capacite-45-litres-56-x-42-x-35-cm-localisation-5-avenue-kleber-75116-paris\/","title":{"rendered":"Mini bar de marque Kl\u00e9o mod\u00e8le KMB45 de couleur noire. capacit\u00e9 45 litres. 56 x 42 x 35 cm. Localisation : 5 avenue Kleber &#8211; 75116 Paris"},"content":{"rendered":"<p>Mini bar de marque Kl\u00e9o mod\u00e8le KMB45 de couleur noire. capacit\u00e9 45 litres. 56 x 42 x 35 cm. Localisation : 5 avenue Kleber &#8211; 75116 Paris<\/p>\n","protected":false},"excerpt":{"rendered":"<p>Mini bar de marque Kl\u00e9o mod\u00e8le KMB45 de couleur noire. capacit\u00e9 45 litres. 56 x 42 x 35 cm. Localisation : 5 avenue Kleber &#8211; 75116 Paris<\/p>\n","protected":false},"featured_media":24769,"template":"","meta":{"_acf_changed":false},"product_brand":[],"product_cat":[27],"product_tag":[32],"class_list":{"0":"post-24768","1":"product","2":"type-product","3":"status-publish","4":"has-post-thumbnail","6":"product_cat-electromenager","7":"product_tag-vente-du-18-juin-2025","9":"first","10":"outofstock","11":"product-type-simple"},"acf":[],"yoast_head":"<!-- This site is optimized with the Yoast SEO plugin v27.3 - https:\/\/yoast.com\/product\/yoast-seo-wordpress\/ -->\n<title>Mini bar de marque Kl\u00e9o mod\u00e8le KMB45 de couleur noire. capacit\u00e9 45 litres. 56 x 42 x 35 cm. Localisation : 5 avenue Kleber - 75116 Paris - wpe-encheres<\/title>\n<meta name=\"robots\" content=\"index, follow, max-snippet:-1, max-image-preview:large, max-video-preview:-1\" \/>\n<link rel=\"canonical\" href=\"https:\/\/wpe-encheres.com\/site\/produit\/mini-bar-de-marque-kleo-modele-kmb45-de-couleur-noire-capacite-45-litres-56-x-42-x-35-cm-localisation-5-avenue-kleber-75116-paris\/\" \/>\n<meta property=\"og:locale\" content=\"fr_FR\" \/>\n<meta property=\"og:type\" content=\"article\" \/>\n<meta property=\"og:title\" content=\"Mini bar de marque Kl\u00e9o mod\u00e8le KMB45 de couleur noire. capacit\u00e9 45 litres. 56 x 42 x 35 cm. Localisation : 5 avenue Kleber - 75116 Paris - wpe-encheres\" \/>\n<meta property=\"og:description\" content=\"Mini bar de marque Kl\u00e9o mod\u00e8le KMB45 de couleur noire. capacit\u00e9 45 litres. 56 x 42 x 35 cm. Localisation : 5 avenue Kleber - 75116 Paris\" \/>\n<meta property=\"og:url\" content=\"https:\/\/wpe-encheres.com\/site\/produit\/mini-bar-de-marque-kleo-modele-kmb45-de-couleur-noire-capacite-45-litres-56-x-42-x-35-cm-localisation-5-avenue-kleber-75116-paris\/\" \/>\n<meta property=\"og:site_name\" content=\"wpe-encheres\" \/>\n<meta property=\"article:modified_time\" content=\"2025-12-01T18:11:43+00:00\" \/>\n<meta property=\"og:image\" content=\"https:\/\/wpe-encheres.com\/site\/wp-content\/uploads\/2025\/08\/68402ba0c57eb.jpg\" \/>\n\t<meta property=\"og:image:width\" content=\"633\" \/>\n\t<meta property=\"og:image:height\" content=\"715\" \/>\n\t<meta property=\"og:image:type\" content=\"image\/jpeg\" \/>\n<meta name=\"twitter:card\" content=\"summary_large_image\" \/>\n<script type=\"application\/ld+json\" class=\"yoast-schema-graph\">{\"@context\":\"https:\\\/\\\/schema.org\",\"@graph\":[{\"@type\":\"WebPage\",\"@id\":\"https:\\\/\\\/wpe-encheres.com\\\/site\\\/produit\\\/mini-bar-de-marque-kleo-modele-kmb45-de-couleur-noire-capacite-45-litres-56-x-42-x-35-cm-localisation-5-avenue-kleber-75116-paris\\\/\",\"url\":\"https:\\\/\\\/wpe-encheres.com\\\/site\\\/produit\\\/mini-bar-de-marque-kleo-modele-kmb45-de-couleur-noire-capacite-45-litres-56-x-42-x-35-cm-localisation-5-avenue-kleber-75116-paris\\\/\",\"name\":\"Mini bar de marque Kl\u00e9o mod\u00e8le KMB45 de couleur noire. capacit\u00e9 45 litres. 56 x 42 x 35 cm. Localisation : 5 avenue Kleber - 75116 Paris - wpe-encheres\",\"isPartOf\":{\"@id\":\"https:\\\/\\\/wpe-encheres.com\\\/site\\\/#website\"},\"primaryImageOfPage\":{\"@id\":\"https:\\\/\\\/wpe-encheres.com\\\/site\\\/produit\\\/mini-bar-de-marque-kleo-modele-kmb45-de-couleur-noire-capacite-45-litres-56-x-42-x-35-cm-localisation-5-avenue-kleber-75116-paris\\\/#primaryimage\"},\"image\":{\"@id\":\"https:\\\/\\\/wpe-encheres.com\\\/site\\\/produit\\\/mini-bar-de-marque-kleo-modele-kmb45-de-couleur-noire-capacite-45-litres-56-x-42-x-35-cm-localisation-5-avenue-kleber-75116-paris\\\/#primaryimage\"},\"thumbnailUrl\":\"https:\\\/\\\/wpe-encheres.com\\\/site\\\/wp-content\\\/uploads\\\/2025\\\/08\\\/68402ba0c57eb.jpg\",\"datePublished\":\"2025-08-31T15:19:46+00:00\",\"dateModified\":\"2025-12-01T18:11:43+00:00\",\"breadcrumb\":{\"@id\":\"https:\\\/\\\/wpe-encheres.com\\\/site\\\/produit\\\/mini-bar-de-marque-kleo-modele-kmb45-de-couleur-noire-capacite-45-litres-56-x-42-x-35-cm-localisation-5-avenue-kleber-75116-paris\\\/#breadcrumb\"},\"inLanguage\":\"fr-FR\",\"potentialAction\":[{\"@type\":\"ReadAction\",\"target\":[\"https:\\\/\\\/wpe-encheres.com\\\/site\\\/produit\\\/mini-bar-de-marque-kleo-modele-kmb45-de-couleur-noire-capacite-45-litres-56-x-42-x-35-cm-localisation-5-avenue-kleber-75116-paris\\\/\"]}]},{\"@type\":\"ImageObject\",\"inLanguage\":\"fr-FR\",\"@id\":\"https:\\\/\\\/wpe-encheres.com\\\/site\\\/produit\\\/mini-bar-de-marque-kleo-modele-kmb45-de-couleur-noire-capacite-45-litres-56-x-42-x-35-cm-localisation-5-avenue-kleber-75116-paris\\\/#primaryimage\",\"url\":\"https:\\\/\\\/wpe-encheres.com\\\/site\\\/wp-content\\\/uploads\\\/2025\\\/08\\\/68402ba0c57eb.jpg\",\"contentUrl\":\"https:\\\/\\\/wpe-encheres.com\\\/site\\\/wp-content\\\/uploads\\\/2025\\\/08\\\/68402ba0c57eb.jpg\",\"width\":633,\"height\":715},{\"@type\":\"BreadcrumbList\",\"@id\":\"https:\\\/\\\/wpe-encheres.com\\\/site\\\/produit\\\/mini-bar-de-marque-kleo-modele-kmb45-de-couleur-noire-capacite-45-litres-56-x-42-x-35-cm-localisation-5-avenue-kleber-75116-paris\\\/#breadcrumb\",\"itemListElement\":[{\"@type\":\"ListItem\",\"position\":1,\"name\":\"Accueil\",\"item\":\"https:\\\/\\\/wpe-encheres.com\\\/site\\\/\"},{\"@type\":\"ListItem\",\"position\":2,\"name\":\"Boutique\",\"item\":\"https:\\\/\\\/wpe-encheres.com\\\/site\\\/?page_id=22765\"},{\"@type\":\"ListItem\",\"position\":3,\"name\":\"Mini bar de marque Kl\u00e9o mod\u00e8le KMB45 de couleur noire. capacit\u00e9 45 litres. 56 x 42 x 35 cm. Localisation : 5 avenue Kleber &#8211; 75116 Paris\"}]},{\"@type\":\"WebSite\",\"@id\":\"https:\\\/\\\/wpe-encheres.com\\\/site\\\/#website\",\"url\":\"https:\\\/\\\/wpe-encheres.com\\\/site\\\/\",\"name\":\"wpe-encheres\",\"description\":\"\",\"publisher\":{\"@id\":\"https:\\\/\\\/wpe-encheres.com\\\/site\\\/#organization\"},\"potentialAction\":[{\"@type\":\"SearchAction\",\"target\":{\"@type\":\"EntryPoint\",\"urlTemplate\":\"https:\\\/\\\/wpe-encheres.com\\\/site\\\/?s={search_term_string}\"},\"query-input\":{\"@type\":\"PropertyValueSpecification\",\"valueRequired\":true,\"valueName\":\"search_term_string\"}}],\"inLanguage\":\"fr-FR\"},{\"@type\":\"Organization\",\"@id\":\"https:\\\/\\\/wpe-encheres.com\\\/site\\\/#organization\",\"name\":\"wpe encheres\",\"url\":\"https:\\\/\\\/wpe-encheres.com\\\/site\\\/\",\"logo\":{\"@type\":\"ImageObject\",\"inLanguage\":\"fr-FR\",\"@id\":\"https:\\\/\\\/wpe-encheres.com\\\/site\\\/#\\\/schema\\\/logo\\\/image\\\/\",\"url\":\"https:\\\/\\\/wpe-encheres.com\\\/site\\\/wp-content\\\/uploads\\\/2025\\\/08\\\/wpe-encheres-logo.png\",\"contentUrl\":\"https:\\\/\\\/wpe-encheres.com\\\/site\\\/wp-content\\\/uploads\\\/2025\\\/08\\\/wpe-encheres-logo.png\",\"width\":300,\"height\":110,\"caption\":\"wpe encheres\"},\"image\":{\"@id\":\"https:\\\/\\\/wpe-encheres.com\\\/site\\\/#\\\/schema\\\/logo\\\/image\\\/\"}}]}<\/script>\n<!-- \/ Yoast SEO plugin. -->","yoast_head_json":{"title":"Mini bar de marque Kl\u00e9o mod\u00e8le KMB45 de couleur noire. capacit\u00e9 45 litres. 56 x 42 x 35 cm. Localisation : 5 avenue Kleber - 75116 Paris - wpe-encheres","robots":{"index":"index","follow":"follow","max-snippet":"max-snippet:-1","max-image-preview":"max-image-preview:large","max-video-preview":"max-video-preview:-1"},"canonical":"https:\/\/wpe-encheres.com\/site\/produit\/mini-bar-de-marque-kleo-modele-kmb45-de-couleur-noire-capacite-45-litres-56-x-42-x-35-cm-localisation-5-avenue-kleber-75116-paris\/","og_locale":"fr_FR","og_type":"article","og_title":"Mini bar de marque Kl\u00e9o mod\u00e8le KMB45 de couleur noire. capacit\u00e9 45 litres. 56 x 42 x 35 cm. Localisation : 5 avenue Kleber - 75116 Paris - wpe-encheres","og_description":"Mini bar de marque Kl\u00e9o mod\u00e8le KMB45 de couleur noire. capacit\u00e9 45 litres. 56 x 42 x 35 cm. Localisation : 5 avenue Kleber - 75116 Paris","og_url":"https:\/\/wpe-encheres.com\/site\/produit\/mini-bar-de-marque-kleo-modele-kmb45-de-couleur-noire-capacite-45-litres-56-x-42-x-35-cm-localisation-5-avenue-kleber-75116-paris\/","og_site_name":"wpe-encheres","article_modified_time":"2025-12-01T18:11:43+00:00","og_image":[{"width":633,"height":715,"url":"https:\/\/wpe-encheres.com\/site\/wp-content\/uploads\/2025\/08\/68402ba0c57eb.jpg","type":"image\/jpeg"}],"twitter_card":"summary_large_image","schema":{"@context":"https:\/\/schema.org","@graph":[{"@type":"WebPage","@id":"https:\/\/wpe-encheres.com\/site\/produit\/mini-bar-de-marque-kleo-modele-kmb45-de-couleur-noire-capacite-45-litres-56-x-42-x-35-cm-localisation-5-avenue-kleber-75116-paris\/","url":"https:\/\/wpe-encheres.com\/site\/produit\/mini-bar-de-marque-kleo-modele-kmb45-de-couleur-noire-capacite-45-litres-56-x-42-x-35-cm-localisation-5-avenue-kleber-75116-paris\/","name":"Mini bar de marque Kl\u00e9o mod\u00e8le KMB45 de couleur noire. capacit\u00e9 45 litres. 56 x 42 x 35 cm. Localisation : 5 avenue Kleber - 75116 Paris - wpe-encheres","isPartOf":{"@id":"https:\/\/wpe-encheres.com\/site\/#website"},"primaryImageOfPage":{"@id":"https:\/\/wpe-encheres.com\/site\/produit\/mini-bar-de-marque-kleo-modele-kmb45-de-couleur-noire-capacite-45-litres-56-x-42-x-35-cm-localisation-5-avenue-kleber-75116-paris\/#primaryimage"},"image":{"@id":"https:\/\/wpe-encheres.com\/site\/produit\/mini-bar-de-marque-kleo-modele-kmb45-de-couleur-noire-capacite-45-litres-56-x-42-x-35-cm-localisation-5-avenue-kleber-75116-paris\/#primaryimage"},"thumbnailUrl":"https:\/\/wpe-encheres.com\/site\/wp-content\/uploads\/2025\/08\/68402ba0c57eb.jpg","datePublished":"2025-08-31T15:19:46+00:00","dateModified":"2025-12-01T18:11:43+00:00","breadcrumb":{"@id":"https:\/\/wpe-encheres.com\/site\/produit\/mini-bar-de-marque-kleo-modele-kmb45-de-couleur-noire-capacite-45-litres-56-x-42-x-35-cm-localisation-5-avenue-kleber-75116-paris\/#breadcrumb"},"inLanguage":"fr-FR","potentialAction":[{"@type":"ReadAction","target":["https:\/\/wpe-encheres.com\/site\/produit\/mini-bar-de-marque-kleo-modele-kmb45-de-couleur-noire-capacite-45-litres-56-x-42-x-35-cm-localisation-5-avenue-kleber-75116-paris\/"]}]},{"@type":"ImageObject","inLanguage":"fr-FR","@id":"https:\/\/wpe-encheres.com\/site\/produit\/mini-bar-de-marque-kleo-modele-kmb45-de-couleur-noire-capacite-45-litres-56-x-42-x-35-cm-localisation-5-avenue-kleber-75116-paris\/#primaryimage","url":"https:\/\/wpe-encheres.com\/site\/wp-content\/uploads\/2025\/08\/68402ba0c57eb.jpg","contentUrl":"https:\/\/wpe-encheres.com\/site\/wp-content\/uploads\/2025\/08\/68402ba0c57eb.jpg","width":633,"height":715},{"@type":"BreadcrumbList","@id":"https:\/\/wpe-encheres.com\/site\/produit\/mini-bar-de-marque-kleo-modele-kmb45-de-couleur-noire-capacite-45-litres-56-x-42-x-35-cm-localisation-5-avenue-kleber-75116-paris\/#breadcrumb","itemListElement":[{"@type":"ListItem","position":1,"name":"Accueil","item":"https:\/\/wpe-encheres.com\/site\/"},{"@type":"ListItem","position":2,"name":"Boutique","item":"https:\/\/wpe-encheres.com\/site\/?page_id=22765"},{"@type":"ListItem","position":3,"name":"Mini bar de marque Kl\u00e9o mod\u00e8le KMB45 de couleur noire. capacit\u00e9 45 litres. 56 x 42 x 35 cm. Localisation : 5 avenue Kleber &#8211; 75116 Paris"}]},{"@type":"WebSite","@id":"https:\/\/wpe-encheres.com\/site\/#website","url":"https:\/\/wpe-encheres.com\/site\/","name":"wpe-encheres","description":"","publisher":{"@id":"https:\/\/wpe-encheres.com\/site\/#organization"},"potentialAction":[{"@type":"SearchAction","target":{"@type":"EntryPoint","urlTemplate":"https:\/\/wpe-encheres.com\/site\/?s={search_term_string}"},"query-input":{"@type":"PropertyValueSpecification","valueRequired":true,"valueName":"search_term_string"}}],"inLanguage":"fr-FR"},{"@type":"Organization","@id":"https:\/\/wpe-encheres.com\/site\/#organization","name":"wpe encheres","url":"https:\/\/wpe-encheres.com\/site\/","logo":{"@type":"ImageObject","inLanguage":"fr-FR","@id":"https:\/\/wpe-encheres.com\/site\/#\/schema\/logo\/image\/","url":"https:\/\/wpe-encheres.com\/site\/wp-content\/uploads\/2025\/08\/wpe-encheres-logo.png","contentUrl":"https:\/\/wpe-encheres.com\/site\/wp-content\/uploads\/2025\/08\/wpe-encheres-logo.png","width":300,"height":110,"caption":"wpe encheres"},"image":{"@id":"https:\/\/wpe-encheres.com\/site\/#\/schema\/logo\/image\/"}}]}},"_links":{"self":[{"href":"https:\/\/wpe-encheres.com\/site\/wp-json\/wp\/v2\/product\/24768","targetHints":{"allow":["GET"]}}],"collection":[{"href":"https:\/\/wpe-encheres.com\/site\/wp-json\/wp\/v2\/product"}],"about":[{"href":"https:\/\/wpe-encheres.com\/site\/wp-json\/wp\/v2\/types\/product"}],"wp:featuredmedia":[{"embeddable":true,"href":"https:\/\/wpe-encheres.com\/site\/wp-json\/wp\/v2\/media\/24769"}],"wp:attachment":[{"href":"https:\/\/wpe-encheres.com\/site\/wp-json\/wp\/v2\/media?parent=24768"}],"wp:term":[{"taxonomy":"product_brand","embeddable":true,"href":"https:\/\/wpe-encheres.com\/site\/wp-json\/wp\/v2\/product_brand?post=24768"},{"taxonomy":"product_cat","embeddable":true,"href":"https:\/\/wpe-encheres.com\/site\/wp-json\/wp\/v2\/product_cat?post=24768"},{"taxonomy":"product_tag","embeddable":true,"href":"https:\/\/wpe-encheres.com\/site\/wp-json\/wp\/v2\/product_tag?post=24768"}],"curies":[{"name":"wp","href":"https:\/\/api.w.org\/{rel}","templated":true}]}}