{"id":24474,"date":"2025-08-31T17:17:42","date_gmt":"2025-08-31T15:17:42","guid":{"rendered":"https:\/\/wpe-encheres.com\/site\/produit\/fauteuil-de-direction-pivotant-ajustable-sur-roulettes-de-marque-seriway-en-cuir-noir-120-x-70-x-55-cm-12-unites-vendu-a-lunite-avec-faculte-de-reunion-localisation-6-rue-duret-75116-paris\/"},"modified":"2025-12-01T19:12:36","modified_gmt":"2025-12-01T18:12:36","slug":"fauteuil-de-direction-pivotant-ajustable-sur-roulettes-de-marque-seriway-en-cuir-noir-120-x-70-x-55-cm-12-unites-vendu-a-lunite-avec-faculte-de-reunion-localisation-6-rue-duret-75116-paris","status":"publish","type":"product","link":"https:\/\/wpe-encheres.com\/site\/produit\/fauteuil-de-direction-pivotant-ajustable-sur-roulettes-de-marque-seriway-en-cuir-noir-120-x-70-x-55-cm-12-unites-vendu-a-lunite-avec-faculte-de-reunion-localisation-6-rue-duret-75116-paris\/","title":{"rendered":"Fauteuil de direction pivotant ajustable sur roulettes de marque Seriway en cuir noir. 120 x 70 x 55 cm. 12 unit\u00e9s. Vendu \u00e0 l&rsquo;unit\u00e9 avec facult\u00e9 de r\u00e9union. Localisation : 6 rue Duret &#8211; 75116 Paris : Es5, es3, es10, es80, 1-40, 1-34, 2-55, 2-50, 2-59, 2-60, 2-64, 3-80, 3-77, 3-83, 518, 520"},"content":{"rendered":"<p>Fauteuil de direction pivotant ajustable sur roulettes de marque Seriway en cuir noir. 120 x 70 x 55 cm. 12 unit\u00e9s. Vendu \u00e0 l&rsquo;unit\u00e9 avec facult\u00e9 de r\u00e9union. Localisation : 6 rue Duret &#8211; 75116 Paris : Es5, es3, es10, es80, 1-40, 1-34, 2-55, 2-50, 2-59, 2-60, 2-64, 3-80, 3-77, 3-83, 518, 520<\/p>\n","protected":false},"excerpt":{"rendered":"<p>Fauteuil de direction pivotant ajustable sur roulettes de marque Seriway en cuir noir. 120 x 70 x 55 cm. 12 unit\u00e9s. Vendu \u00e0 l&rsquo;unit\u00e9 avec facult\u00e9 de r\u00e9union. Localisation : 6 rue Duret &#8211; 75116 Paris : Es5, es3, es10, es80, 1-40, 1-34, 2-55, 2-50, 2-59, 2-60, 2-64, 3-80, 3-77, 3-83, 518, 520<\/p>\n","protected":false},"featured_media":24475,"template":"","meta":{"_acf_changed":false},"product_brand":[],"product_cat":[24],"product_tag":[32],"class_list":{"0":"post-24474","1":"product","2":"type-product","3":"status-publish","4":"has-post-thumbnail","6":"product_cat-mobilier-de-bureau-equipement-du-bureau","7":"product_tag-vente-du-18-juin-2025","9":"first","10":"outofstock","11":"product-type-simple"},"acf":[],"yoast_head":"<!-- This site is optimized with the Yoast SEO plugin v27.3 - https:\/\/yoast.com\/product\/yoast-seo-wordpress\/ -->\n<title>Fauteuil de direction pivotant ajustable sur roulettes de marque Seriway en cuir noir. 120 x 70 x 55 cm. 12 unit\u00e9s. Vendu \u00e0 l&#039;unit\u00e9 avec facult\u00e9 de r\u00e9union. Localisation : 6 rue Duret - 75116 Paris : Es5, es3, es10, es80, 1-40, 1-34, 2-55, 2-50, 2-59, 2-60, 2-64, 3-80, 3-77, 3-83, 518, 520 - wpe-encheres<\/title>\n<meta name=\"robots\" content=\"index, follow, max-snippet:-1, max-image-preview:large, max-video-preview:-1\" \/>\n<link rel=\"canonical\" href=\"https:\/\/wpe-encheres.com\/site\/produit\/fauteuil-de-direction-pivotant-ajustable-sur-roulettes-de-marque-seriway-en-cuir-noir-120-x-70-x-55-cm-12-unites-vendu-a-lunite-avec-faculte-de-reunion-localisation-6-rue-duret-75116-paris\/\" \/>\n<meta property=\"og:locale\" content=\"fr_FR\" \/>\n<meta property=\"og:type\" content=\"article\" \/>\n<meta property=\"og:title\" content=\"Fauteuil de direction pivotant ajustable sur roulettes de marque Seriway en cuir noir. 120 x 70 x 55 cm. 12 unit\u00e9s. Vendu \u00e0 l&#039;unit\u00e9 avec facult\u00e9 de r\u00e9union. Localisation : 6 rue Duret - 75116 Paris : Es5, es3, es10, es80, 1-40, 1-34, 2-55, 2-50, 2-59, 2-60, 2-64, 3-80, 3-77, 3-83, 518, 520 - wpe-encheres\" \/>\n<meta property=\"og:description\" content=\"Fauteuil de direction pivotant ajustable sur roulettes de marque Seriway en cuir noir. 120 x 70 x 55 cm. 12 unit\u00e9s. Vendu \u00e0 l&#039;unit\u00e9 avec facult\u00e9 de r\u00e9union. Localisation : 6 rue Duret - 75116 Paris : Es5, es3, es10, es80, 1-40, 1-34, 2-55, 2-50, 2-59, 2-60, 2-64, 3-80, 3-77, 3-83, 518, 520\" \/>\n<meta property=\"og:url\" content=\"https:\/\/wpe-encheres.com\/site\/produit\/fauteuil-de-direction-pivotant-ajustable-sur-roulettes-de-marque-seriway-en-cuir-noir-120-x-70-x-55-cm-12-unites-vendu-a-lunite-avec-faculte-de-reunion-localisation-6-rue-duret-75116-paris\/\" \/>\n<meta property=\"og:site_name\" content=\"wpe-encheres\" \/>\n<meta property=\"article:modified_time\" content=\"2025-12-01T18:12:36+00:00\" \/>\n<meta property=\"og:image\" content=\"https:\/\/wpe-encheres.com\/site\/wp-content\/uploads\/2025\/08\/682e1cd5aa145.jpg\" \/>\n\t<meta property=\"og:image:width\" content=\"643\" \/>\n\t<meta property=\"og:image:height\" content=\"935\" \/>\n\t<meta property=\"og:image:type\" content=\"image\/jpeg\" \/>\n<meta name=\"twitter:card\" content=\"summary_large_image\" \/>\n<script type=\"application\/ld+json\" class=\"yoast-schema-graph\">{\"@context\":\"https:\\\/\\\/schema.org\",\"@graph\":[{\"@type\":\"WebPage\",\"@id\":\"https:\\\/\\\/wpe-encheres.com\\\/site\\\/produit\\\/fauteuil-de-direction-pivotant-ajustable-sur-roulettes-de-marque-seriway-en-cuir-noir-120-x-70-x-55-cm-12-unites-vendu-a-lunite-avec-faculte-de-reunion-localisation-6-rue-duret-75116-paris\\\/\",\"url\":\"https:\\\/\\\/wpe-encheres.com\\\/site\\\/produit\\\/fauteuil-de-direction-pivotant-ajustable-sur-roulettes-de-marque-seriway-en-cuir-noir-120-x-70-x-55-cm-12-unites-vendu-a-lunite-avec-faculte-de-reunion-localisation-6-rue-duret-75116-paris\\\/\",\"name\":\"Fauteuil de direction pivotant ajustable sur roulettes de marque Seriway en cuir noir. 120 x 70 x 55 cm. 12 unit\u00e9s. Vendu \u00e0 l'unit\u00e9 avec facult\u00e9 de r\u00e9union. Localisation : 6 rue Duret - 75116 Paris : Es5, es3, es10, es80, 1-40, 1-34, 2-55, 2-50, 2-59, 2-60, 2-64, 3-80, 3-77, 3-83, 518, 520 - wpe-encheres\",\"isPartOf\":{\"@id\":\"https:\\\/\\\/wpe-encheres.com\\\/site\\\/#website\"},\"primaryImageOfPage\":{\"@id\":\"https:\\\/\\\/wpe-encheres.com\\\/site\\\/produit\\\/fauteuil-de-direction-pivotant-ajustable-sur-roulettes-de-marque-seriway-en-cuir-noir-120-x-70-x-55-cm-12-unites-vendu-a-lunite-avec-faculte-de-reunion-localisation-6-rue-duret-75116-paris\\\/#primaryimage\"},\"image\":{\"@id\":\"https:\\\/\\\/wpe-encheres.com\\\/site\\\/produit\\\/fauteuil-de-direction-pivotant-ajustable-sur-roulettes-de-marque-seriway-en-cuir-noir-120-x-70-x-55-cm-12-unites-vendu-a-lunite-avec-faculte-de-reunion-localisation-6-rue-duret-75116-paris\\\/#primaryimage\"},\"thumbnailUrl\":\"https:\\\/\\\/wpe-encheres.com\\\/site\\\/wp-content\\\/uploads\\\/2025\\\/08\\\/682e1cd5aa145.jpg\",\"datePublished\":\"2025-08-31T15:17:42+00:00\",\"dateModified\":\"2025-12-01T18:12:36+00:00\",\"breadcrumb\":{\"@id\":\"https:\\\/\\\/wpe-encheres.com\\\/site\\\/produit\\\/fauteuil-de-direction-pivotant-ajustable-sur-roulettes-de-marque-seriway-en-cuir-noir-120-x-70-x-55-cm-12-unites-vendu-a-lunite-avec-faculte-de-reunion-localisation-6-rue-duret-75116-paris\\\/#breadcrumb\"},\"inLanguage\":\"fr-FR\",\"potentialAction\":[{\"@type\":\"ReadAction\",\"target\":[\"https:\\\/\\\/wpe-encheres.com\\\/site\\\/produit\\\/fauteuil-de-direction-pivotant-ajustable-sur-roulettes-de-marque-seriway-en-cuir-noir-120-x-70-x-55-cm-12-unites-vendu-a-lunite-avec-faculte-de-reunion-localisation-6-rue-duret-75116-paris\\\/\"]}]},{\"@type\":\"ImageObject\",\"inLanguage\":\"fr-FR\",\"@id\":\"https:\\\/\\\/wpe-encheres.com\\\/site\\\/produit\\\/fauteuil-de-direction-pivotant-ajustable-sur-roulettes-de-marque-seriway-en-cuir-noir-120-x-70-x-55-cm-12-unites-vendu-a-lunite-avec-faculte-de-reunion-localisation-6-rue-duret-75116-paris\\\/#primaryimage\",\"url\":\"https:\\\/\\\/wpe-encheres.com\\\/site\\\/wp-content\\\/uploads\\\/2025\\\/08\\\/682e1cd5aa145.jpg\",\"contentUrl\":\"https:\\\/\\\/wpe-encheres.com\\\/site\\\/wp-content\\\/uploads\\\/2025\\\/08\\\/682e1cd5aa145.jpg\",\"width\":643,\"height\":935},{\"@type\":\"BreadcrumbList\",\"@id\":\"https:\\\/\\\/wpe-encheres.com\\\/site\\\/produit\\\/fauteuil-de-direction-pivotant-ajustable-sur-roulettes-de-marque-seriway-en-cuir-noir-120-x-70-x-55-cm-12-unites-vendu-a-lunite-avec-faculte-de-reunion-localisation-6-rue-duret-75116-paris\\\/#breadcrumb\",\"itemListElement\":[{\"@type\":\"ListItem\",\"position\":1,\"name\":\"Accueil\",\"item\":\"https:\\\/\\\/wpe-encheres.com\\\/site\\\/\"},{\"@type\":\"ListItem\",\"position\":2,\"name\":\"Boutique\",\"item\":\"https:\\\/\\\/wpe-encheres.com\\\/site\\\/?page_id=22765\"},{\"@type\":\"ListItem\",\"position\":3,\"name\":\"Fauteuil de direction pivotant ajustable sur roulettes de marque Seriway en cuir noir. 120 x 70 x 55 cm. 12 unit\u00e9s. Vendu \u00e0 l&rsquo;unit\u00e9 avec facult\u00e9 de r\u00e9union. Localisation : 6 rue Duret &#8211; 75116 Paris : Es5, es3, es10, es80, 1-40, 1-34, 2-55, 2-50, 2-59, 2-60, 2-64, 3-80, 3-77, 3-83, 518, 520\"}]},{\"@type\":\"WebSite\",\"@id\":\"https:\\\/\\\/wpe-encheres.com\\\/site\\\/#website\",\"url\":\"https:\\\/\\\/wpe-encheres.com\\\/site\\\/\",\"name\":\"wpe-encheres\",\"description\":\"\",\"publisher\":{\"@id\":\"https:\\\/\\\/wpe-encheres.com\\\/site\\\/#organization\"},\"potentialAction\":[{\"@type\":\"SearchAction\",\"target\":{\"@type\":\"EntryPoint\",\"urlTemplate\":\"https:\\\/\\\/wpe-encheres.com\\\/site\\\/?s={search_term_string}\"},\"query-input\":{\"@type\":\"PropertyValueSpecification\",\"valueRequired\":true,\"valueName\":\"search_term_string\"}}],\"inLanguage\":\"fr-FR\"},{\"@type\":\"Organization\",\"@id\":\"https:\\\/\\\/wpe-encheres.com\\\/site\\\/#organization\",\"name\":\"wpe encheres\",\"url\":\"https:\\\/\\\/wpe-encheres.com\\\/site\\\/\",\"logo\":{\"@type\":\"ImageObject\",\"inLanguage\":\"fr-FR\",\"@id\":\"https:\\\/\\\/wpe-encheres.com\\\/site\\\/#\\\/schema\\\/logo\\\/image\\\/\",\"url\":\"https:\\\/\\\/wpe-encheres.com\\\/site\\\/wp-content\\\/uploads\\\/2025\\\/08\\\/wpe-encheres-logo.png\",\"contentUrl\":\"https:\\\/\\\/wpe-encheres.com\\\/site\\\/wp-content\\\/uploads\\\/2025\\\/08\\\/wpe-encheres-logo.png\",\"width\":300,\"height\":110,\"caption\":\"wpe encheres\"},\"image\":{\"@id\":\"https:\\\/\\\/wpe-encheres.com\\\/site\\\/#\\\/schema\\\/logo\\\/image\\\/\"}}]}<\/script>\n<!-- \/ Yoast SEO plugin. -->","yoast_head_json":{"title":"Fauteuil de direction pivotant ajustable sur roulettes de marque Seriway en cuir noir. 120 x 70 x 55 cm. 12 unit\u00e9s. Vendu \u00e0 l'unit\u00e9 avec facult\u00e9 de r\u00e9union. Localisation : 6 rue Duret - 75116 Paris : Es5, es3, es10, es80, 1-40, 1-34, 2-55, 2-50, 2-59, 2-60, 2-64, 3-80, 3-77, 3-83, 518, 520 - wpe-encheres","robots":{"index":"index","follow":"follow","max-snippet":"max-snippet:-1","max-image-preview":"max-image-preview:large","max-video-preview":"max-video-preview:-1"},"canonical":"https:\/\/wpe-encheres.com\/site\/produit\/fauteuil-de-direction-pivotant-ajustable-sur-roulettes-de-marque-seriway-en-cuir-noir-120-x-70-x-55-cm-12-unites-vendu-a-lunite-avec-faculte-de-reunion-localisation-6-rue-duret-75116-paris\/","og_locale":"fr_FR","og_type":"article","og_title":"Fauteuil de direction pivotant ajustable sur roulettes de marque Seriway en cuir noir. 120 x 70 x 55 cm. 12 unit\u00e9s. Vendu \u00e0 l'unit\u00e9 avec facult\u00e9 de r\u00e9union. Localisation : 6 rue Duret - 75116 Paris : Es5, es3, es10, es80, 1-40, 1-34, 2-55, 2-50, 2-59, 2-60, 2-64, 3-80, 3-77, 3-83, 518, 520 - wpe-encheres","og_description":"Fauteuil de direction pivotant ajustable sur roulettes de marque Seriway en cuir noir. 120 x 70 x 55 cm. 12 unit\u00e9s. Vendu \u00e0 l'unit\u00e9 avec facult\u00e9 de r\u00e9union. Localisation : 6 rue Duret - 75116 Paris : Es5, es3, es10, es80, 1-40, 1-34, 2-55, 2-50, 2-59, 2-60, 2-64, 3-80, 3-77, 3-83, 518, 520","og_url":"https:\/\/wpe-encheres.com\/site\/produit\/fauteuil-de-direction-pivotant-ajustable-sur-roulettes-de-marque-seriway-en-cuir-noir-120-x-70-x-55-cm-12-unites-vendu-a-lunite-avec-faculte-de-reunion-localisation-6-rue-duret-75116-paris\/","og_site_name":"wpe-encheres","article_modified_time":"2025-12-01T18:12:36+00:00","og_image":[{"width":643,"height":935,"url":"https:\/\/wpe-encheres.com\/site\/wp-content\/uploads\/2025\/08\/682e1cd5aa145.jpg","type":"image\/jpeg"}],"twitter_card":"summary_large_image","schema":{"@context":"https:\/\/schema.org","@graph":[{"@type":"WebPage","@id":"https:\/\/wpe-encheres.com\/site\/produit\/fauteuil-de-direction-pivotant-ajustable-sur-roulettes-de-marque-seriway-en-cuir-noir-120-x-70-x-55-cm-12-unites-vendu-a-lunite-avec-faculte-de-reunion-localisation-6-rue-duret-75116-paris\/","url":"https:\/\/wpe-encheres.com\/site\/produit\/fauteuil-de-direction-pivotant-ajustable-sur-roulettes-de-marque-seriway-en-cuir-noir-120-x-70-x-55-cm-12-unites-vendu-a-lunite-avec-faculte-de-reunion-localisation-6-rue-duret-75116-paris\/","name":"Fauteuil de direction pivotant ajustable sur roulettes de marque Seriway en cuir noir. 120 x 70 x 55 cm. 12 unit\u00e9s. Vendu \u00e0 l'unit\u00e9 avec facult\u00e9 de r\u00e9union. Localisation : 6 rue Duret - 75116 Paris : Es5, es3, es10, es80, 1-40, 1-34, 2-55, 2-50, 2-59, 2-60, 2-64, 3-80, 3-77, 3-83, 518, 520 - wpe-encheres","isPartOf":{"@id":"https:\/\/wpe-encheres.com\/site\/#website"},"primaryImageOfPage":{"@id":"https:\/\/wpe-encheres.com\/site\/produit\/fauteuil-de-direction-pivotant-ajustable-sur-roulettes-de-marque-seriway-en-cuir-noir-120-x-70-x-55-cm-12-unites-vendu-a-lunite-avec-faculte-de-reunion-localisation-6-rue-duret-75116-paris\/#primaryimage"},"image":{"@id":"https:\/\/wpe-encheres.com\/site\/produit\/fauteuil-de-direction-pivotant-ajustable-sur-roulettes-de-marque-seriway-en-cuir-noir-120-x-70-x-55-cm-12-unites-vendu-a-lunite-avec-faculte-de-reunion-localisation-6-rue-duret-75116-paris\/#primaryimage"},"thumbnailUrl":"https:\/\/wpe-encheres.com\/site\/wp-content\/uploads\/2025\/08\/682e1cd5aa145.jpg","datePublished":"2025-08-31T15:17:42+00:00","dateModified":"2025-12-01T18:12:36+00:00","breadcrumb":{"@id":"https:\/\/wpe-encheres.com\/site\/produit\/fauteuil-de-direction-pivotant-ajustable-sur-roulettes-de-marque-seriway-en-cuir-noir-120-x-70-x-55-cm-12-unites-vendu-a-lunite-avec-faculte-de-reunion-localisation-6-rue-duret-75116-paris\/#breadcrumb"},"inLanguage":"fr-FR","potentialAction":[{"@type":"ReadAction","target":["https:\/\/wpe-encheres.com\/site\/produit\/fauteuil-de-direction-pivotant-ajustable-sur-roulettes-de-marque-seriway-en-cuir-noir-120-x-70-x-55-cm-12-unites-vendu-a-lunite-avec-faculte-de-reunion-localisation-6-rue-duret-75116-paris\/"]}]},{"@type":"ImageObject","inLanguage":"fr-FR","@id":"https:\/\/wpe-encheres.com\/site\/produit\/fauteuil-de-direction-pivotant-ajustable-sur-roulettes-de-marque-seriway-en-cuir-noir-120-x-70-x-55-cm-12-unites-vendu-a-lunite-avec-faculte-de-reunion-localisation-6-rue-duret-75116-paris\/#primaryimage","url":"https:\/\/wpe-encheres.com\/site\/wp-content\/uploads\/2025\/08\/682e1cd5aa145.jpg","contentUrl":"https:\/\/wpe-encheres.com\/site\/wp-content\/uploads\/2025\/08\/682e1cd5aa145.jpg","width":643,"height":935},{"@type":"BreadcrumbList","@id":"https:\/\/wpe-encheres.com\/site\/produit\/fauteuil-de-direction-pivotant-ajustable-sur-roulettes-de-marque-seriway-en-cuir-noir-120-x-70-x-55-cm-12-unites-vendu-a-lunite-avec-faculte-de-reunion-localisation-6-rue-duret-75116-paris\/#breadcrumb","itemListElement":[{"@type":"ListItem","position":1,"name":"Accueil","item":"https:\/\/wpe-encheres.com\/site\/"},{"@type":"ListItem","position":2,"name":"Boutique","item":"https:\/\/wpe-encheres.com\/site\/?page_id=22765"},{"@type":"ListItem","position":3,"name":"Fauteuil de direction pivotant ajustable sur roulettes de marque Seriway en cuir noir. 120 x 70 x 55 cm. 12 unit\u00e9s. Vendu \u00e0 l&rsquo;unit\u00e9 avec facult\u00e9 de r\u00e9union. Localisation : 6 rue Duret &#8211; 75116 Paris : Es5, es3, es10, es80, 1-40, 1-34, 2-55, 2-50, 2-59, 2-60, 2-64, 3-80, 3-77, 3-83, 518, 520"}]},{"@type":"WebSite","@id":"https:\/\/wpe-encheres.com\/site\/#website","url":"https:\/\/wpe-encheres.com\/site\/","name":"wpe-encheres","description":"","publisher":{"@id":"https:\/\/wpe-encheres.com\/site\/#organization"},"potentialAction":[{"@type":"SearchAction","target":{"@type":"EntryPoint","urlTemplate":"https:\/\/wpe-encheres.com\/site\/?s={search_term_string}"},"query-input":{"@type":"PropertyValueSpecification","valueRequired":true,"valueName":"search_term_string"}}],"inLanguage":"fr-FR"},{"@type":"Organization","@id":"https:\/\/wpe-encheres.com\/site\/#organization","name":"wpe encheres","url":"https:\/\/wpe-encheres.com\/site\/","logo":{"@type":"ImageObject","inLanguage":"fr-FR","@id":"https:\/\/wpe-encheres.com\/site\/#\/schema\/logo\/image\/","url":"https:\/\/wpe-encheres.com\/site\/wp-content\/uploads\/2025\/08\/wpe-encheres-logo.png","contentUrl":"https:\/\/wpe-encheres.com\/site\/wp-content\/uploads\/2025\/08\/wpe-encheres-logo.png","width":300,"height":110,"caption":"wpe encheres"},"image":{"@id":"https:\/\/wpe-encheres.com\/site\/#\/schema\/logo\/image\/"}}]}},"_links":{"self":[{"href":"https:\/\/wpe-encheres.com\/site\/wp-json\/wp\/v2\/product\/24474","targetHints":{"allow":["GET"]}}],"collection":[{"href":"https:\/\/wpe-encheres.com\/site\/wp-json\/wp\/v2\/product"}],"about":[{"href":"https:\/\/wpe-encheres.com\/site\/wp-json\/wp\/v2\/types\/product"}],"wp:featuredmedia":[{"embeddable":true,"href":"https:\/\/wpe-encheres.com\/site\/wp-json\/wp\/v2\/media\/24475"}],"wp:attachment":[{"href":"https:\/\/wpe-encheres.com\/site\/wp-json\/wp\/v2\/media?parent=24474"}],"wp:term":[{"taxonomy":"product_brand","embeddable":true,"href":"https:\/\/wpe-encheres.com\/site\/wp-json\/wp\/v2\/product_brand?post=24474"},{"taxonomy":"product_cat","embeddable":true,"href":"https:\/\/wpe-encheres.com\/site\/wp-json\/wp\/v2\/product_cat?post=24474"},{"taxonomy":"product_tag","embeddable":true,"href":"https:\/\/wpe-encheres.com\/site\/wp-json\/wp\/v2\/product_tag?post=24474"}],"curies":[{"name":"wp","href":"https:\/\/api.w.org\/{rel}","templated":true}]}}