{"id":24380,"date":"2025-08-31T17:16:29","date_gmt":"2025-08-31T15:16:29","guid":{"rendered":"https:\/\/wpe-encheres.com\/site\/produit\/canape-de-marque-hay-modele-bjorn-recouvert-de-tissu-chine-gris-clair-pietement-en-acier-laque-gris-70-x-220-x-85-cm-3-unites-vendu-a-lunite-avec-faculte-de-reunion-localisation-6-rue-duret\/"},"modified":"2025-12-01T19:12:56","modified_gmt":"2025-12-01T18:12:56","slug":"canape-de-marque-hay-modele-bjorn-recouvert-de-tissu-chine-gris-clair-pietement-en-acier-laque-gris-70-x-220-x-85-cm-3-unites-vendu-a-lunite-avec-faculte-de-reunion-localisation-6-rue-duret","status":"publish","type":"product","link":"https:\/\/wpe-encheres.com\/site\/produit\/canape-de-marque-hay-modele-bjorn-recouvert-de-tissu-chine-gris-clair-pietement-en-acier-laque-gris-70-x-220-x-85-cm-3-unites-vendu-a-lunite-avec-faculte-de-reunion-localisation-6-rue-duret\/","title":{"rendered":"Canap\u00e9 de marque Hay mod\u00e8le Bjorn recouvert de tissu chin\u00e9 gris clair, pi\u00e8tement en acier laqu\u00e9 gris. 70 x 220 x 85 cm. 3 unit\u00e9s. Vendu \u00e0 l&rsquo;unit\u00e9 avec facult\u00e9 de r\u00e9union. Localisation : 6 rue Duret &#8211; 75116 Paris. rdc, 2eme bas"},"content":{"rendered":"<p>Canap\u00e9 de marque Hay mod\u00e8le Bjorn recouvert de tissu chin\u00e9 gris clair, pi\u00e8tement en acier laqu\u00e9 gris. 70 x 220 x 85 cm. 3 unit\u00e9s. Vendu \u00e0 l&rsquo;unit\u00e9 avec facult\u00e9 de r\u00e9union. Localisation : 6 rue Duret &#8211; 75116 Paris. rdc, 2eme bas<\/p>\n","protected":false},"excerpt":{"rendered":"<p>Canap\u00e9 de marque Hay mod\u00e8le Bjorn recouvert de tissu chin\u00e9 gris clair, pi\u00e8tement en acier laqu\u00e9 gris. 70 x 220 x 85 cm. 3 unit\u00e9s. Vendu \u00e0 l&rsquo;unit\u00e9 avec facult\u00e9 de r\u00e9union. Localisation : 6 rue Duret &#8211; 75116 Paris. rdc, 2eme bas<\/p>\n","protected":false},"featured_media":24381,"template":"","meta":{"_acf_changed":false},"product_brand":[],"product_cat":[22],"product_tag":[32],"class_list":{"0":"post-24380","1":"product","2":"type-product","3":"status-publish","4":"has-post-thumbnail","6":"product_cat-mobilier-design-haut-de-gamme","7":"product_tag-vente-du-18-juin-2025","9":"first","10":"outofstock","11":"product-type-simple"},"acf":[],"yoast_head":"<!-- This site is optimized with the Yoast SEO plugin v27.3 - https:\/\/yoast.com\/product\/yoast-seo-wordpress\/ -->\n<title>Canap\u00e9 de marque Hay mod\u00e8le Bjorn recouvert de tissu chin\u00e9 gris clair, pi\u00e8tement en acier laqu\u00e9 gris. 70 x 220 x 85 cm. 3 unit\u00e9s. Vendu \u00e0 l&#039;unit\u00e9 avec facult\u00e9 de r\u00e9union. Localisation : 6 rue Duret - 75116 Paris. rdc, 2eme bas - wpe-encheres<\/title>\n<meta name=\"robots\" content=\"index, follow, max-snippet:-1, max-image-preview:large, max-video-preview:-1\" \/>\n<link rel=\"canonical\" href=\"https:\/\/wpe-encheres.com\/site\/produit\/canape-de-marque-hay-modele-bjorn-recouvert-de-tissu-chine-gris-clair-pietement-en-acier-laque-gris-70-x-220-x-85-cm-3-unites-vendu-a-lunite-avec-faculte-de-reunion-localisation-6-rue-duret\/\" \/>\n<meta property=\"og:locale\" content=\"fr_FR\" \/>\n<meta property=\"og:type\" content=\"article\" \/>\n<meta property=\"og:title\" content=\"Canap\u00e9 de marque Hay mod\u00e8le Bjorn recouvert de tissu chin\u00e9 gris clair, pi\u00e8tement en acier laqu\u00e9 gris. 70 x 220 x 85 cm. 3 unit\u00e9s. Vendu \u00e0 l&#039;unit\u00e9 avec facult\u00e9 de r\u00e9union. Localisation : 6 rue Duret - 75116 Paris. rdc, 2eme bas - wpe-encheres\" \/>\n<meta property=\"og:description\" content=\"Canap\u00e9 de marque Hay mod\u00e8le Bjorn recouvert de tissu chin\u00e9 gris clair, pi\u00e8tement en acier laqu\u00e9 gris. 70 x 220 x 85 cm. 3 unit\u00e9s. Vendu \u00e0 l&#039;unit\u00e9 avec facult\u00e9 de r\u00e9union. Localisation : 6 rue Duret - 75116 Paris. rdc, 2eme bas\" \/>\n<meta property=\"og:url\" content=\"https:\/\/wpe-encheres.com\/site\/produit\/canape-de-marque-hay-modele-bjorn-recouvert-de-tissu-chine-gris-clair-pietement-en-acier-laque-gris-70-x-220-x-85-cm-3-unites-vendu-a-lunite-avec-faculte-de-reunion-localisation-6-rue-duret\/\" \/>\n<meta property=\"og:site_name\" content=\"wpe-encheres\" \/>\n<meta property=\"article:modified_time\" content=\"2025-12-01T18:12:56+00:00\" \/>\n<meta property=\"og:image\" content=\"https:\/\/wpe-encheres.com\/site\/wp-content\/uploads\/2025\/08\/682b5a60c132b.jpg\" \/>\n\t<meta property=\"og:image:width\" content=\"957\" \/>\n\t<meta property=\"og:image:height\" content=\"380\" \/>\n\t<meta property=\"og:image:type\" content=\"image\/jpeg\" \/>\n<meta name=\"twitter:card\" content=\"summary_large_image\" \/>\n<script type=\"application\/ld+json\" class=\"yoast-schema-graph\">{\"@context\":\"https:\\\/\\\/schema.org\",\"@graph\":[{\"@type\":\"WebPage\",\"@id\":\"https:\\\/\\\/wpe-encheres.com\\\/site\\\/produit\\\/canape-de-marque-hay-modele-bjorn-recouvert-de-tissu-chine-gris-clair-pietement-en-acier-laque-gris-70-x-220-x-85-cm-3-unites-vendu-a-lunite-avec-faculte-de-reunion-localisation-6-rue-duret\\\/\",\"url\":\"https:\\\/\\\/wpe-encheres.com\\\/site\\\/produit\\\/canape-de-marque-hay-modele-bjorn-recouvert-de-tissu-chine-gris-clair-pietement-en-acier-laque-gris-70-x-220-x-85-cm-3-unites-vendu-a-lunite-avec-faculte-de-reunion-localisation-6-rue-duret\\\/\",\"name\":\"Canap\u00e9 de marque Hay mod\u00e8le Bjorn recouvert de tissu chin\u00e9 gris clair, pi\u00e8tement en acier laqu\u00e9 gris. 70 x 220 x 85 cm. 3 unit\u00e9s. Vendu \u00e0 l'unit\u00e9 avec facult\u00e9 de r\u00e9union. Localisation : 6 rue Duret - 75116 Paris. rdc, 2eme bas - wpe-encheres\",\"isPartOf\":{\"@id\":\"https:\\\/\\\/wpe-encheres.com\\\/site\\\/#website\"},\"primaryImageOfPage\":{\"@id\":\"https:\\\/\\\/wpe-encheres.com\\\/site\\\/produit\\\/canape-de-marque-hay-modele-bjorn-recouvert-de-tissu-chine-gris-clair-pietement-en-acier-laque-gris-70-x-220-x-85-cm-3-unites-vendu-a-lunite-avec-faculte-de-reunion-localisation-6-rue-duret\\\/#primaryimage\"},\"image\":{\"@id\":\"https:\\\/\\\/wpe-encheres.com\\\/site\\\/produit\\\/canape-de-marque-hay-modele-bjorn-recouvert-de-tissu-chine-gris-clair-pietement-en-acier-laque-gris-70-x-220-x-85-cm-3-unites-vendu-a-lunite-avec-faculte-de-reunion-localisation-6-rue-duret\\\/#primaryimage\"},\"thumbnailUrl\":\"https:\\\/\\\/wpe-encheres.com\\\/site\\\/wp-content\\\/uploads\\\/2025\\\/08\\\/682b5a60c132b.jpg\",\"datePublished\":\"2025-08-31T15:16:29+00:00\",\"dateModified\":\"2025-12-01T18:12:56+00:00\",\"breadcrumb\":{\"@id\":\"https:\\\/\\\/wpe-encheres.com\\\/site\\\/produit\\\/canape-de-marque-hay-modele-bjorn-recouvert-de-tissu-chine-gris-clair-pietement-en-acier-laque-gris-70-x-220-x-85-cm-3-unites-vendu-a-lunite-avec-faculte-de-reunion-localisation-6-rue-duret\\\/#breadcrumb\"},\"inLanguage\":\"fr-FR\",\"potentialAction\":[{\"@type\":\"ReadAction\",\"target\":[\"https:\\\/\\\/wpe-encheres.com\\\/site\\\/produit\\\/canape-de-marque-hay-modele-bjorn-recouvert-de-tissu-chine-gris-clair-pietement-en-acier-laque-gris-70-x-220-x-85-cm-3-unites-vendu-a-lunite-avec-faculte-de-reunion-localisation-6-rue-duret\\\/\"]}]},{\"@type\":\"ImageObject\",\"inLanguage\":\"fr-FR\",\"@id\":\"https:\\\/\\\/wpe-encheres.com\\\/site\\\/produit\\\/canape-de-marque-hay-modele-bjorn-recouvert-de-tissu-chine-gris-clair-pietement-en-acier-laque-gris-70-x-220-x-85-cm-3-unites-vendu-a-lunite-avec-faculte-de-reunion-localisation-6-rue-duret\\\/#primaryimage\",\"url\":\"https:\\\/\\\/wpe-encheres.com\\\/site\\\/wp-content\\\/uploads\\\/2025\\\/08\\\/682b5a60c132b.jpg\",\"contentUrl\":\"https:\\\/\\\/wpe-encheres.com\\\/site\\\/wp-content\\\/uploads\\\/2025\\\/08\\\/682b5a60c132b.jpg\",\"width\":957,\"height\":380},{\"@type\":\"BreadcrumbList\",\"@id\":\"https:\\\/\\\/wpe-encheres.com\\\/site\\\/produit\\\/canape-de-marque-hay-modele-bjorn-recouvert-de-tissu-chine-gris-clair-pietement-en-acier-laque-gris-70-x-220-x-85-cm-3-unites-vendu-a-lunite-avec-faculte-de-reunion-localisation-6-rue-duret\\\/#breadcrumb\",\"itemListElement\":[{\"@type\":\"ListItem\",\"position\":1,\"name\":\"Accueil\",\"item\":\"https:\\\/\\\/wpe-encheres.com\\\/site\\\/\"},{\"@type\":\"ListItem\",\"position\":2,\"name\":\"Boutique\",\"item\":\"https:\\\/\\\/wpe-encheres.com\\\/site\\\/?page_id=22765\"},{\"@type\":\"ListItem\",\"position\":3,\"name\":\"Canap\u00e9 de marque Hay mod\u00e8le Bjorn recouvert de tissu chin\u00e9 gris clair, pi\u00e8tement en acier laqu\u00e9 gris. 70 x 220 x 85 cm. 3 unit\u00e9s. Vendu \u00e0 l&rsquo;unit\u00e9 avec facult\u00e9 de r\u00e9union. Localisation : 6 rue Duret &#8211; 75116 Paris. rdc, 2eme bas\"}]},{\"@type\":\"WebSite\",\"@id\":\"https:\\\/\\\/wpe-encheres.com\\\/site\\\/#website\",\"url\":\"https:\\\/\\\/wpe-encheres.com\\\/site\\\/\",\"name\":\"wpe-encheres\",\"description\":\"\",\"publisher\":{\"@id\":\"https:\\\/\\\/wpe-encheres.com\\\/site\\\/#organization\"},\"potentialAction\":[{\"@type\":\"SearchAction\",\"target\":{\"@type\":\"EntryPoint\",\"urlTemplate\":\"https:\\\/\\\/wpe-encheres.com\\\/site\\\/?s={search_term_string}\"},\"query-input\":{\"@type\":\"PropertyValueSpecification\",\"valueRequired\":true,\"valueName\":\"search_term_string\"}}],\"inLanguage\":\"fr-FR\"},{\"@type\":\"Organization\",\"@id\":\"https:\\\/\\\/wpe-encheres.com\\\/site\\\/#organization\",\"name\":\"wpe encheres\",\"url\":\"https:\\\/\\\/wpe-encheres.com\\\/site\\\/\",\"logo\":{\"@type\":\"ImageObject\",\"inLanguage\":\"fr-FR\",\"@id\":\"https:\\\/\\\/wpe-encheres.com\\\/site\\\/#\\\/schema\\\/logo\\\/image\\\/\",\"url\":\"https:\\\/\\\/wpe-encheres.com\\\/site\\\/wp-content\\\/uploads\\\/2025\\\/08\\\/wpe-encheres-logo.png\",\"contentUrl\":\"https:\\\/\\\/wpe-encheres.com\\\/site\\\/wp-content\\\/uploads\\\/2025\\\/08\\\/wpe-encheres-logo.png\",\"width\":300,\"height\":110,\"caption\":\"wpe encheres\"},\"image\":{\"@id\":\"https:\\\/\\\/wpe-encheres.com\\\/site\\\/#\\\/schema\\\/logo\\\/image\\\/\"}}]}<\/script>\n<!-- \/ Yoast SEO plugin. -->","yoast_head_json":{"title":"Canap\u00e9 de marque Hay mod\u00e8le Bjorn recouvert de tissu chin\u00e9 gris clair, pi\u00e8tement en acier laqu\u00e9 gris. 70 x 220 x 85 cm. 3 unit\u00e9s. Vendu \u00e0 l'unit\u00e9 avec facult\u00e9 de r\u00e9union. Localisation : 6 rue Duret - 75116 Paris. rdc, 2eme bas - wpe-encheres","robots":{"index":"index","follow":"follow","max-snippet":"max-snippet:-1","max-image-preview":"max-image-preview:large","max-video-preview":"max-video-preview:-1"},"canonical":"https:\/\/wpe-encheres.com\/site\/produit\/canape-de-marque-hay-modele-bjorn-recouvert-de-tissu-chine-gris-clair-pietement-en-acier-laque-gris-70-x-220-x-85-cm-3-unites-vendu-a-lunite-avec-faculte-de-reunion-localisation-6-rue-duret\/","og_locale":"fr_FR","og_type":"article","og_title":"Canap\u00e9 de marque Hay mod\u00e8le Bjorn recouvert de tissu chin\u00e9 gris clair, pi\u00e8tement en acier laqu\u00e9 gris. 70 x 220 x 85 cm. 3 unit\u00e9s. Vendu \u00e0 l'unit\u00e9 avec facult\u00e9 de r\u00e9union. Localisation : 6 rue Duret - 75116 Paris. rdc, 2eme bas - wpe-encheres","og_description":"Canap\u00e9 de marque Hay mod\u00e8le Bjorn recouvert de tissu chin\u00e9 gris clair, pi\u00e8tement en acier laqu\u00e9 gris. 70 x 220 x 85 cm. 3 unit\u00e9s. Vendu \u00e0 l'unit\u00e9 avec facult\u00e9 de r\u00e9union. Localisation : 6 rue Duret - 75116 Paris. rdc, 2eme bas","og_url":"https:\/\/wpe-encheres.com\/site\/produit\/canape-de-marque-hay-modele-bjorn-recouvert-de-tissu-chine-gris-clair-pietement-en-acier-laque-gris-70-x-220-x-85-cm-3-unites-vendu-a-lunite-avec-faculte-de-reunion-localisation-6-rue-duret\/","og_site_name":"wpe-encheres","article_modified_time":"2025-12-01T18:12:56+00:00","og_image":[{"width":957,"height":380,"url":"https:\/\/wpe-encheres.com\/site\/wp-content\/uploads\/2025\/08\/682b5a60c132b.jpg","type":"image\/jpeg"}],"twitter_card":"summary_large_image","schema":{"@context":"https:\/\/schema.org","@graph":[{"@type":"WebPage","@id":"https:\/\/wpe-encheres.com\/site\/produit\/canape-de-marque-hay-modele-bjorn-recouvert-de-tissu-chine-gris-clair-pietement-en-acier-laque-gris-70-x-220-x-85-cm-3-unites-vendu-a-lunite-avec-faculte-de-reunion-localisation-6-rue-duret\/","url":"https:\/\/wpe-encheres.com\/site\/produit\/canape-de-marque-hay-modele-bjorn-recouvert-de-tissu-chine-gris-clair-pietement-en-acier-laque-gris-70-x-220-x-85-cm-3-unites-vendu-a-lunite-avec-faculte-de-reunion-localisation-6-rue-duret\/","name":"Canap\u00e9 de marque Hay mod\u00e8le Bjorn recouvert de tissu chin\u00e9 gris clair, pi\u00e8tement en acier laqu\u00e9 gris. 70 x 220 x 85 cm. 3 unit\u00e9s. Vendu \u00e0 l'unit\u00e9 avec facult\u00e9 de r\u00e9union. Localisation : 6 rue Duret - 75116 Paris. rdc, 2eme bas - wpe-encheres","isPartOf":{"@id":"https:\/\/wpe-encheres.com\/site\/#website"},"primaryImageOfPage":{"@id":"https:\/\/wpe-encheres.com\/site\/produit\/canape-de-marque-hay-modele-bjorn-recouvert-de-tissu-chine-gris-clair-pietement-en-acier-laque-gris-70-x-220-x-85-cm-3-unites-vendu-a-lunite-avec-faculte-de-reunion-localisation-6-rue-duret\/#primaryimage"},"image":{"@id":"https:\/\/wpe-encheres.com\/site\/produit\/canape-de-marque-hay-modele-bjorn-recouvert-de-tissu-chine-gris-clair-pietement-en-acier-laque-gris-70-x-220-x-85-cm-3-unites-vendu-a-lunite-avec-faculte-de-reunion-localisation-6-rue-duret\/#primaryimage"},"thumbnailUrl":"https:\/\/wpe-encheres.com\/site\/wp-content\/uploads\/2025\/08\/682b5a60c132b.jpg","datePublished":"2025-08-31T15:16:29+00:00","dateModified":"2025-12-01T18:12:56+00:00","breadcrumb":{"@id":"https:\/\/wpe-encheres.com\/site\/produit\/canape-de-marque-hay-modele-bjorn-recouvert-de-tissu-chine-gris-clair-pietement-en-acier-laque-gris-70-x-220-x-85-cm-3-unites-vendu-a-lunite-avec-faculte-de-reunion-localisation-6-rue-duret\/#breadcrumb"},"inLanguage":"fr-FR","potentialAction":[{"@type":"ReadAction","target":["https:\/\/wpe-encheres.com\/site\/produit\/canape-de-marque-hay-modele-bjorn-recouvert-de-tissu-chine-gris-clair-pietement-en-acier-laque-gris-70-x-220-x-85-cm-3-unites-vendu-a-lunite-avec-faculte-de-reunion-localisation-6-rue-duret\/"]}]},{"@type":"ImageObject","inLanguage":"fr-FR","@id":"https:\/\/wpe-encheres.com\/site\/produit\/canape-de-marque-hay-modele-bjorn-recouvert-de-tissu-chine-gris-clair-pietement-en-acier-laque-gris-70-x-220-x-85-cm-3-unites-vendu-a-lunite-avec-faculte-de-reunion-localisation-6-rue-duret\/#primaryimage","url":"https:\/\/wpe-encheres.com\/site\/wp-content\/uploads\/2025\/08\/682b5a60c132b.jpg","contentUrl":"https:\/\/wpe-encheres.com\/site\/wp-content\/uploads\/2025\/08\/682b5a60c132b.jpg","width":957,"height":380},{"@type":"BreadcrumbList","@id":"https:\/\/wpe-encheres.com\/site\/produit\/canape-de-marque-hay-modele-bjorn-recouvert-de-tissu-chine-gris-clair-pietement-en-acier-laque-gris-70-x-220-x-85-cm-3-unites-vendu-a-lunite-avec-faculte-de-reunion-localisation-6-rue-duret\/#breadcrumb","itemListElement":[{"@type":"ListItem","position":1,"name":"Accueil","item":"https:\/\/wpe-encheres.com\/site\/"},{"@type":"ListItem","position":2,"name":"Boutique","item":"https:\/\/wpe-encheres.com\/site\/?page_id=22765"},{"@type":"ListItem","position":3,"name":"Canap\u00e9 de marque Hay mod\u00e8le Bjorn recouvert de tissu chin\u00e9 gris clair, pi\u00e8tement en acier laqu\u00e9 gris. 70 x 220 x 85 cm. 3 unit\u00e9s. Vendu \u00e0 l&rsquo;unit\u00e9 avec facult\u00e9 de r\u00e9union. Localisation : 6 rue Duret &#8211; 75116 Paris. rdc, 2eme bas"}]},{"@type":"WebSite","@id":"https:\/\/wpe-encheres.com\/site\/#website","url":"https:\/\/wpe-encheres.com\/site\/","name":"wpe-encheres","description":"","publisher":{"@id":"https:\/\/wpe-encheres.com\/site\/#organization"},"potentialAction":[{"@type":"SearchAction","target":{"@type":"EntryPoint","urlTemplate":"https:\/\/wpe-encheres.com\/site\/?s={search_term_string}"},"query-input":{"@type":"PropertyValueSpecification","valueRequired":true,"valueName":"search_term_string"}}],"inLanguage":"fr-FR"},{"@type":"Organization","@id":"https:\/\/wpe-encheres.com\/site\/#organization","name":"wpe encheres","url":"https:\/\/wpe-encheres.com\/site\/","logo":{"@type":"ImageObject","inLanguage":"fr-FR","@id":"https:\/\/wpe-encheres.com\/site\/#\/schema\/logo\/image\/","url":"https:\/\/wpe-encheres.com\/site\/wp-content\/uploads\/2025\/08\/wpe-encheres-logo.png","contentUrl":"https:\/\/wpe-encheres.com\/site\/wp-content\/uploads\/2025\/08\/wpe-encheres-logo.png","width":300,"height":110,"caption":"wpe encheres"},"image":{"@id":"https:\/\/wpe-encheres.com\/site\/#\/schema\/logo\/image\/"}}]}},"_links":{"self":[{"href":"https:\/\/wpe-encheres.com\/site\/wp-json\/wp\/v2\/product\/24380","targetHints":{"allow":["GET"]}}],"collection":[{"href":"https:\/\/wpe-encheres.com\/site\/wp-json\/wp\/v2\/product"}],"about":[{"href":"https:\/\/wpe-encheres.com\/site\/wp-json\/wp\/v2\/types\/product"}],"wp:featuredmedia":[{"embeddable":true,"href":"https:\/\/wpe-encheres.com\/site\/wp-json\/wp\/v2\/media\/24381"}],"wp:attachment":[{"href":"https:\/\/wpe-encheres.com\/site\/wp-json\/wp\/v2\/media?parent=24380"}],"wp:term":[{"taxonomy":"product_brand","embeddable":true,"href":"https:\/\/wpe-encheres.com\/site\/wp-json\/wp\/v2\/product_brand?post=24380"},{"taxonomy":"product_cat","embeddable":true,"href":"https:\/\/wpe-encheres.com\/site\/wp-json\/wp\/v2\/product_cat?post=24380"},{"taxonomy":"product_tag","embeddable":true,"href":"https:\/\/wpe-encheres.com\/site\/wp-json\/wp\/v2\/product_tag?post=24380"}],"curies":[{"name":"wp","href":"https:\/\/api.w.org\/{rel}","templated":true}]}}