{"id":6930,"date":"2024-09-06T15:59:35","date_gmt":"2024-09-06T13:59:35","guid":{"rendered":"https:\/\/www.wpe-encheres.com\/?page_id=6930"},"modified":"2025-08-31T11:10:01","modified_gmt":"2025-08-31T09:10:01","slug":"politique-de-gestion-des-cookies","status":"publish","type":"page","link":"https:\/\/wpe-encheres.com\/site\/politique-de-gestion-des-cookies\/","title":{"rendered":"Politique de gestion des cookies"},"content":{"rendered":"<div class=\"wpb-content-wrapper\"><p>[vc_row css_animation=\u00a0\u00bb\u00a0\u00bb row_type=\u00a0\u00bbrow\u00a0\u00bb use_row_as_full_screen_section=\u00a0\u00bbno\u00a0\u00bb type=\u00a0\u00bbfull_width\u00a0\u00bb angled_section=\u00a0\u00bbno\u00a0\u00bb text_align=\u00a0\u00bbleft\u00a0\u00bb background_image_as_pattern=\u00a0\u00bbwithout_pattern\u00a0\u00bb][vc_column][vc_column_text css=\u00a0\u00bb\u00a0\u00bb]<\/p>\n<h1>Politique de gestion des cookies<\/h1>\n<p>[\/vc_column_text][vc_empty_space][vc_column_text]Lorsque vous visitez notre site web accessible \u00e0 l\u2019adresse [\u00e0 compl\u00e9ter] (ci-apr\u00e8s le \u00ab\u00a0<strong>Site<\/strong>\u00a0\u00bb), vous pouvez laisser une empreinte num\u00e9rique derri\u00e8re vous.<\/p>\n<p>En effet, nous utilisons des cookies, y compris des cookies tiers, \u00e0 des fins de\u00a0:<\/p>\n<ul>\n<li>fonctionnement de notre Site,<\/li>\n<li>d\u2019analyses statistique de vos trafics,<\/li>\n<li>de personnalisation de votre exp\u00e9rience afin de vous proposer des contenus et des annonces cibl\u00e9s adapt\u00e9s \u00e0 vos centres d\u2019int\u00e9r\u00eats<\/li>\n<li>et d\u2019analyse de la performance de nos campagnes publicitaires.<\/li>\n<\/ul>\n<p><strong>\u00a0<\/strong><strong>Qu\u2019est-ce qu\u2019un cookie\u00a0?<\/strong><\/p>\n<p>Les cookies sont de petits fichiers texte qui facilitent la reconnaissance de votre navigateur Web et stockent des informations sur la fa\u00e7on dont vous utilisez un site Web. Les cookies restent sur votre t\u00e9l\u00e9phone mobile, votre tablette ou votre ordinateur jusqu\u2019\u00e0 ce qu\u2019ils expirent ou que vous les supprimiez.<\/p>\n<p>Les cookies permettent \u00e0 son \u00e9metteur, pendant sa dur\u00e9e de validit\u00e9 ou d\u2019enregistrement, d\u2019identifier votre terminal lors de vos prochaines visites sur le site.<\/p>\n<p><strong>Qui sont les \u00e9metteurs de cookie sur notre site\u00a0? <\/strong><\/p>\n<p>WPE ENCHERES elle-m\u00eame, mais aussi des tiers (partenaires), sont susceptibles d\u2019\u00e9mettre des cookies sur notre Site.<\/p>\n<p>En effet, nous partageons des informations sur l&rsquo;utilisation de notre Site avec nos partenaires de m\u00e9dias sociaux, de publicit\u00e9 et d&rsquo;analyse, qui peuvent les combiner avec d&rsquo;autres informations que vous leur avez fournies ou qu&rsquo;ils ont collect\u00e9es lors de votre utilisation de leurs services.<\/p>\n<p>Seul l\u2019\u00e9metteur du cookie dispose de la facult\u00e9 de lire ou modifier les informations contenues dans celui-ci.<\/p>\n<p><strong>Quels types de cookies sont-ils \u00e9mis sur le site\u00a0?<\/strong><\/p>\n<p>Sous r\u00e9serve de vos choix, les diff\u00e9rents cookies suivants peuvent \u00eatre install\u00e9s sur votre terminal.<\/p>\n<p>\u00c0 tout moment, vous pouvez modifier ou retirer votre consentement sur le type de cookies que vous acceptez ou refusez de voir d\u00e9poser.<\/p>\n<ul>\n<li><strong>\u00a0<\/strong><strong>Les cookies essentiels\u00a0:<\/strong><\/li>\n<\/ul>\n<p>Les cookies n\u00e9cessaires ou essentiels au fonctionnement du site permettent d\u2019utiliser ses principales fonctionnalit\u00e9s. Ils contribuent \u00e0 rendre un site web utilisable en activant des fonctions de base comme la navigation de page ou l&rsquo;acc\u00e8s aux zones s\u00e9curis\u00e9es du site web.<\/p>\n<p>Ces cookies sont notamment destin\u00e9s \u00e0\u00a0:<\/p>\n<ul>\n<li>conserver votre choix sur le d\u00e9p\u00f4t de cookies ou sur votre volont\u00e9 de ne pas exprimer de choix\u00a0;<\/li>\n<li>faciliter et maintenir la connexion des utilisateurs sur notre Site.<\/li>\n<\/ul>\n<p>Le site web ne peut pas fonctionner correctement sans ces cookies. Leur suppression peut entrainer des difficult\u00e9s de navigation notamment.<\/p>\n<p>Ces cookies ne sont pas soumis \u00e0 l\u2019autorisation pr\u00e9alable de l\u2019utilisateur.<strong>\u00a0<\/strong><\/p>\n<ul>\n<li><strong>Les cookies de personnalisation :<\/strong><\/li>\n<\/ul>\n<p>Ces cookies permettent de personnaliser et d\u2019am\u00e9liorer votre exp\u00e9rience utilisateur. Ils permettent \u00e0 un site web de retenir des informations qui modifient la mani\u00e8re dont le site se comporte ou s\u2019affiche (adapter la pr\u00e9sentation du site aux pr\u00e9f\u00e9rences d\u2019affichage).<\/p>\n<p>Le d\u00e9p\u00f4t ou la lecture de ces cookies n\u00e9cessite l\u2019obtention du consentement pr\u00e9alable de l\u2019utilisateur.<\/p>\n<p>Le refus, par l\u2019utilisateur, de ces cookies l\u2019emp\u00eache de b\u00e9n\u00e9ficier des fonctionnalit\u00e9s associ\u00e9es \u00e0 ces cookies.<\/p>\n<ul>\n<li><strong>Les cookies statistiques :<\/strong><\/li>\n<\/ul>\n<p>Les cookies statistiques ou de mesure d\u2019audience nous permettent, par la collecte et la communication d&rsquo;informations de mani\u00e8re anonyme, d\u2019\u00e9tablir des statistiques de fr\u00e9quentation de notre site aux fins d\u2019\u00e9valuation et d\u2019am\u00e9lioration de l\u2019ergonomie de nos services.<\/p>\n<p>Le d\u00e9p\u00f4t ou la lecture de ces cookies n\u00e9cessite l\u2019obtention du consentement pr\u00e9alable de l\u2019utilisateur.<\/p>\n<p>Les refuser ou les supprimer n\u2019a pas d\u2019incidence sur votre navigation sur le site mais nous emp\u00eache d\u2019assurer la qualit\u00e9 de services que nous souhaitons proposer.<\/p>\n<ul>\n<li><strong>Les cookies publicitaires :<\/strong><\/li>\n<\/ul>\n<p>Ces cookies permettent de d\u00e9finir vos centres d\u2019int\u00e9r\u00eats pour vous proposer des publicit\u00e9s plus pertinentes sur le Site, mais aussi sur d\u2019autres sites sur lesquels vous pourriez naviguer.<\/p>\n<p>Vous pouvez voir des publicit\u00e9s de notre part sur d\u2019autres sites Web, en fonction du contenu et des pages que vous avez visit\u00e9es sur le Site. \u00c0 cet effet, nous utilisons des cookies \u00e9mis par des tiers qui disposent de la technologie pour vous atteindre via plusieurs de vos appareils digitaux.<\/p>\n<p>Le d\u00e9p\u00f4t ou la lecture de ces cookies n\u00e9cessite l\u2019obtention du consentement pr\u00e9alable de l\u2019utilisateur.<\/p>\n<p>Les refuser ou les supprimer n\u2019a pas d\u2019impact sur l\u2019utilisation du Site, ni entrainera l\u2019arr\u00eat de la publicit\u00e9 sur le Site. Nous ne pourrons n\u00e9anmoins pas \u00eatre en mesure de vous proposer des publicit\u00e9s qui tiennent compte de vos centres d\u2019int\u00e9r\u00eats.<\/p>\n<p>Le d\u00e9p\u00f4t ou la lecture de ces cookies n\u00e9cessite l\u2019obtention du consentement pr\u00e9alable de l\u2019utilisateur.<\/p>\n<p><strong>Combien de temps sont conserv\u00e9s les cookies\u00a0?<\/strong><\/p>\n<p>Les cookies sont stock\u00e9s sur votre terminal pour une dur\u00e9e de treize (13) mois maximum et ce, sous r\u00e9serve de vos choix.<\/p>\n<p><strong>Comment \u00e9viter le d\u00e9p\u00f4t de cookies\u00a0?<\/strong><\/p>\n<p>Vous pouvez vous opposer \u00e0 tout moment au d\u00e9p\u00f4t de cookies sur votre terminal via la rubrique de gestion des param\u00e8tres cookies sur notre Site ou en param\u00e9trant votre navigateur \u00e0 cet effet.<\/p>\n<p>Veuillez noter que la d\u00e9sactivation de cette fonctionnalit\u00e9 peut entra\u00eener la perte de certaines fonctionnalit\u00e9s du Site, comme sur d\u2019autres sites Web.<\/p>\n<p>Vous pouvez supprimer les cookies en suivant les instructions de suppression des cookies sur le site Web de votre navigateur.<\/p>\n<p>&nbsp;<\/p>\n<p>Nous attirons votre attention sur le faite que le stockage des cookies est limit\u00e9 \u00e0 13 mois maximum.[\/vc_column_text][vc_empty_space][\/vc_column][\/vc_row]<\/p>\n<\/div>","protected":false},"excerpt":{"rendered":"<p>[vc_row css_animation=\u00a0\u00bb\u00a0\u00bb row_type=\u00a0\u00bbrow\u00a0\u00bb use_row_as_full_screen_section=\u00a0\u00bbno\u00a0\u00bb type=\u00a0\u00bbfull_width\u00a0\u00bb angled_section=\u00a0\u00bbno\u00a0\u00bb text_align=\u00a0\u00bbleft\u00a0\u00bb background_image_as_pattern=\u00a0\u00bbwithout_pattern\u00a0\u00bb][vc_column][vc_column_text css=\u00a0\u00bb\u00a0\u00bb] Politique de gestion des cookies [\/vc_column_text][vc_empty_space][vc_column_text]Lorsque vous visitez notre site web accessible \u00e0 l\u2019adresse [\u00e0 compl\u00e9ter] (ci-apr\u00e8s le \u00ab\u00a0Site\u00a0\u00bb), vous pouvez laisser une empreinte num\u00e9rique derri\u00e8re vous. En effet, nous utilisons des cookies, y compris des&#8230;<\/p>\n","protected":false},"author":1,"featured_media":0,"parent":0,"menu_order":0,"comment_status":"closed","ping_status":"closed","template":"","meta":{"_acf_changed":false,"footnotes":""},"class_list":["post-6930","page","type-page","status-publish","hentry"],"acf":[],"yoast_head":"<!-- This site is optimized with the Yoast SEO plugin v27.3 - https:\/\/yoast.com\/product\/yoast-seo-wordpress\/ -->\n<title>Politique de gestion des cookies - wpe-encheres<\/title>\n<meta name=\"robots\" content=\"index, follow, max-snippet:-1, max-image-preview:large, max-video-preview:-1\" \/>\n<link rel=\"canonical\" href=\"https:\/\/wpe-encheres.com\/site\/politique-de-gestion-des-cookies\/\" \/>\n<meta property=\"og:locale\" content=\"fr_FR\" \/>\n<meta property=\"og:type\" content=\"article\" \/>\n<meta property=\"og:title\" content=\"Politique de gestion des cookies - wpe-encheres\" \/>\n<meta property=\"og:description\" content=\"[vc_row css_animation=\u00a0\u00bb\u00a0\u00bb row_type=\u00a0\u00bbrow\u00a0\u00bb use_row_as_full_screen_section=\u00a0\u00bbno\u00a0\u00bb type=\u00a0\u00bbfull_width\u00a0\u00bb angled_section=\u00a0\u00bbno\u00a0\u00bb text_align=\u00a0\u00bbleft\u00a0\u00bb background_image_as_pattern=\u00a0\u00bbwithout_pattern\u00a0\u00bb][vc_column][vc_column_text css=\u00a0\u00bb\u00a0\u00bb] Politique de gestion des cookies [\/vc_column_text][vc_empty_space][vc_column_text]Lorsque vous visitez notre site web accessible \u00e0 l\u2019adresse [\u00e0 compl\u00e9ter] (ci-apr\u00e8s le \u00ab\u00a0Site\u00a0\u00bb), vous pouvez laisser une empreinte num\u00e9rique derri\u00e8re vous. En effet, nous utilisons des cookies, y compris des...\" \/>\n<meta property=\"og:url\" content=\"https:\/\/wpe-encheres.com\/site\/politique-de-gestion-des-cookies\/\" \/>\n<meta property=\"og:site_name\" content=\"wpe-encheres\" \/>\n<meta property=\"article:modified_time\" content=\"2025-08-31T09:10:01+00:00\" \/>\n<meta property=\"og:image\" content=\"https:\/\/wpe-encheres.com\/site\/wp-content\/uploads\/2025\/08\/wpe-encheres-logo.png\" \/>\n\t<meta property=\"og:image:width\" content=\"300\" \/>\n\t<meta property=\"og:image:height\" content=\"110\" \/>\n\t<meta property=\"og:image:type\" content=\"image\/png\" \/>\n<meta name=\"twitter:card\" content=\"summary_large_image\" \/>\n<meta name=\"twitter:label1\" content=\"Dur\u00e9e de lecture estim\u00e9e\" \/>\n\t<meta name=\"twitter:data1\" content=\"5 minutes\" \/>\n<script type=\"application\/ld+json\" class=\"yoast-schema-graph\">{\"@context\":\"https:\\\/\\\/schema.org\",\"@graph\":[{\"@type\":\"WebPage\",\"@id\":\"https:\\\/\\\/wpe-encheres.com\\\/site\\\/politique-de-gestion-des-cookies\\\/\",\"url\":\"https:\\\/\\\/wpe-encheres.com\\\/site\\\/politique-de-gestion-des-cookies\\\/\",\"name\":\"Politique de gestion des cookies - wpe-encheres\",\"isPartOf\":{\"@id\":\"https:\\\/\\\/wpe-encheres.com\\\/site\\\/#website\"},\"datePublished\":\"2024-09-06T13:59:35+00:00\",\"dateModified\":\"2025-08-31T09:10:01+00:00\",\"breadcrumb\":{\"@id\":\"https:\\\/\\\/wpe-encheres.com\\\/site\\\/politique-de-gestion-des-cookies\\\/#breadcrumb\"},\"inLanguage\":\"fr-FR\",\"potentialAction\":[{\"@type\":\"ReadAction\",\"target\":[\"https:\\\/\\\/wpe-encheres.com\\\/site\\\/politique-de-gestion-des-cookies\\\/\"]}]},{\"@type\":\"BreadcrumbList\",\"@id\":\"https:\\\/\\\/wpe-encheres.com\\\/site\\\/politique-de-gestion-des-cookies\\\/#breadcrumb\",\"itemListElement\":[{\"@type\":\"ListItem\",\"position\":1,\"name\":\"Accueil\",\"item\":\"https:\\\/\\\/wpe-encheres.com\\\/site\\\/\"},{\"@type\":\"ListItem\",\"position\":2,\"name\":\"Politique de gestion des cookies\"}]},{\"@type\":\"WebSite\",\"@id\":\"https:\\\/\\\/wpe-encheres.com\\\/site\\\/#website\",\"url\":\"https:\\\/\\\/wpe-encheres.com\\\/site\\\/\",\"name\":\"wpe-encheres\",\"description\":\"\",\"publisher\":{\"@id\":\"https:\\\/\\\/wpe-encheres.com\\\/site\\\/#organization\"},\"potentialAction\":[{\"@type\":\"SearchAction\",\"target\":{\"@type\":\"EntryPoint\",\"urlTemplate\":\"https:\\\/\\\/wpe-encheres.com\\\/site\\\/?s={search_term_string}\"},\"query-input\":{\"@type\":\"PropertyValueSpecification\",\"valueRequired\":true,\"valueName\":\"search_term_string\"}}],\"inLanguage\":\"fr-FR\"},{\"@type\":\"Organization\",\"@id\":\"https:\\\/\\\/wpe-encheres.com\\\/site\\\/#organization\",\"name\":\"wpe encheres\",\"url\":\"https:\\\/\\\/wpe-encheres.com\\\/site\\\/\",\"logo\":{\"@type\":\"ImageObject\",\"inLanguage\":\"fr-FR\",\"@id\":\"https:\\\/\\\/wpe-encheres.com\\\/site\\\/#\\\/schema\\\/logo\\\/image\\\/\",\"url\":\"https:\\\/\\\/wpe-encheres.com\\\/site\\\/wp-content\\\/uploads\\\/2025\\\/08\\\/wpe-encheres-logo.png\",\"contentUrl\":\"https:\\\/\\\/wpe-encheres.com\\\/site\\\/wp-content\\\/uploads\\\/2025\\\/08\\\/wpe-encheres-logo.png\",\"width\":300,\"height\":110,\"caption\":\"wpe encheres\"},\"image\":{\"@id\":\"https:\\\/\\\/wpe-encheres.com\\\/site\\\/#\\\/schema\\\/logo\\\/image\\\/\"}}]}<\/script>\n<!-- \/ Yoast SEO plugin. -->","yoast_head_json":{"title":"Politique de gestion des cookies - wpe-encheres","robots":{"index":"index","follow":"follow","max-snippet":"max-snippet:-1","max-image-preview":"max-image-preview:large","max-video-preview":"max-video-preview:-1"},"canonical":"https:\/\/wpe-encheres.com\/site\/politique-de-gestion-des-cookies\/","og_locale":"fr_FR","og_type":"article","og_title":"Politique de gestion des cookies - wpe-encheres","og_description":"[vc_row css_animation=\u00a0\u00bb\u00a0\u00bb row_type=\u00a0\u00bbrow\u00a0\u00bb use_row_as_full_screen_section=\u00a0\u00bbno\u00a0\u00bb type=\u00a0\u00bbfull_width\u00a0\u00bb angled_section=\u00a0\u00bbno\u00a0\u00bb text_align=\u00a0\u00bbleft\u00a0\u00bb background_image_as_pattern=\u00a0\u00bbwithout_pattern\u00a0\u00bb][vc_column][vc_column_text css=\u00a0\u00bb\u00a0\u00bb] Politique de gestion des cookies [\/vc_column_text][vc_empty_space][vc_column_text]Lorsque vous visitez notre site web accessible \u00e0 l\u2019adresse [\u00e0 compl\u00e9ter] (ci-apr\u00e8s le \u00ab\u00a0Site\u00a0\u00bb), vous pouvez laisser une empreinte num\u00e9rique derri\u00e8re vous. En effet, nous utilisons des cookies, y compris des...","og_url":"https:\/\/wpe-encheres.com\/site\/politique-de-gestion-des-cookies\/","og_site_name":"wpe-encheres","article_modified_time":"2025-08-31T09:10:01+00:00","og_image":[{"width":300,"height":110,"url":"https:\/\/wpe-encheres.com\/site\/wp-content\/uploads\/2025\/08\/wpe-encheres-logo.png","type":"image\/png"}],"twitter_card":"summary_large_image","twitter_misc":{"Dur\u00e9e de lecture estim\u00e9e":"5 minutes"},"schema":{"@context":"https:\/\/schema.org","@graph":[{"@type":"WebPage","@id":"https:\/\/wpe-encheres.com\/site\/politique-de-gestion-des-cookies\/","url":"https:\/\/wpe-encheres.com\/site\/politique-de-gestion-des-cookies\/","name":"Politique de gestion des cookies - wpe-encheres","isPartOf":{"@id":"https:\/\/wpe-encheres.com\/site\/#website"},"datePublished":"2024-09-06T13:59:35+00:00","dateModified":"2025-08-31T09:10:01+00:00","breadcrumb":{"@id":"https:\/\/wpe-encheres.com\/site\/politique-de-gestion-des-cookies\/#breadcrumb"},"inLanguage":"fr-FR","potentialAction":[{"@type":"ReadAction","target":["https:\/\/wpe-encheres.com\/site\/politique-de-gestion-des-cookies\/"]}]},{"@type":"BreadcrumbList","@id":"https:\/\/wpe-encheres.com\/site\/politique-de-gestion-des-cookies\/#breadcrumb","itemListElement":[{"@type":"ListItem","position":1,"name":"Accueil","item":"https:\/\/wpe-encheres.com\/site\/"},{"@type":"ListItem","position":2,"name":"Politique de gestion des cookies"}]},{"@type":"WebSite","@id":"https:\/\/wpe-encheres.com\/site\/#website","url":"https:\/\/wpe-encheres.com\/site\/","name":"wpe-encheres","description":"","publisher":{"@id":"https:\/\/wpe-encheres.com\/site\/#organization"},"potentialAction":[{"@type":"SearchAction","target":{"@type":"EntryPoint","urlTemplate":"https:\/\/wpe-encheres.com\/site\/?s={search_term_string}"},"query-input":{"@type":"PropertyValueSpecification","valueRequired":true,"valueName":"search_term_string"}}],"inLanguage":"fr-FR"},{"@type":"Organization","@id":"https:\/\/wpe-encheres.com\/site\/#organization","name":"wpe encheres","url":"https:\/\/wpe-encheres.com\/site\/","logo":{"@type":"ImageObject","inLanguage":"fr-FR","@id":"https:\/\/wpe-encheres.com\/site\/#\/schema\/logo\/image\/","url":"https:\/\/wpe-encheres.com\/site\/wp-content\/uploads\/2025\/08\/wpe-encheres-logo.png","contentUrl":"https:\/\/wpe-encheres.com\/site\/wp-content\/uploads\/2025\/08\/wpe-encheres-logo.png","width":300,"height":110,"caption":"wpe encheres"},"image":{"@id":"https:\/\/wpe-encheres.com\/site\/#\/schema\/logo\/image\/"}}]}},"_links":{"self":[{"href":"https:\/\/wpe-encheres.com\/site\/wp-json\/wp\/v2\/pages\/6930","targetHints":{"allow":["GET"]}}],"collection":[{"href":"https:\/\/wpe-encheres.com\/site\/wp-json\/wp\/v2\/pages"}],"about":[{"href":"https:\/\/wpe-encheres.com\/site\/wp-json\/wp\/v2\/types\/page"}],"author":[{"embeddable":true,"href":"https:\/\/wpe-encheres.com\/site\/wp-json\/wp\/v2\/users\/1"}],"replies":[{"embeddable":true,"href":"https:\/\/wpe-encheres.com\/site\/wp-json\/wp\/v2\/comments?post=6930"}],"version-history":[{"count":1,"href":"https:\/\/wpe-encheres.com\/site\/wp-json\/wp\/v2\/pages\/6930\/revisions"}],"predecessor-version":[{"id":23981,"href":"https:\/\/wpe-encheres.com\/site\/wp-json\/wp\/v2\/pages\/6930\/revisions\/23981"}],"wp:attachment":[{"href":"https:\/\/wpe-encheres.com\/site\/wp-json\/wp\/v2\/media?parent=6930"}],"curies":[{"name":"wp","href":"https:\/\/api.w.org\/{rel}","templated":true}]}}